INSERT INTO `cities` (`id`, `name`, `state_id`, `created_at`, `updated_at`) VALUES
(5638, 'Diamond Harbour - Ii', '41', '2023-08-05 02:49:51', '2023-08-05 02:49:51'),
(5639, 'Bakrahat', '41', '2023-08-05 02:49:51', '2023-08-05 02:49:51'),
(5640, 'Bishnupur - Ii', '41', '2023-08-05 02:49:51', '2023-08-05 02:49:51'),
(5641, 'Baduria', '41', '2023-08-05 02:49:51', '2023-08-05 02:49:51'),
(5642, 'Bena', '41', '2023-08-05 02:49:51', '2023-08-05 02:49:51'),
(5643, 'Buruj', '41', '2023-08-05 02:49:51', '2023-08-05 02:49:51'),
(5644, 'Jasaikati', '41', '2023-08-05 02:49:51', '2023-08-05 02:49:51'),
(5645, 'Naya Basti', '41', '2023-08-05 02:49:51', '2023-08-05 02:49:51'),
(5646, 'Simulia Durgapur', '41', '2023-08-05 02:49:51', '2023-08-05 02:49:51'),
(5647, 'Taragunia', '41', '2023-08-05 02:49:51', '2023-08-05 02:49:51'),
(5648, 'Chaigharia', '41', '2023-08-05 02:49:51', '2023-08-05 02:49:51'),
(5649, 'Khalitpur', '41', '2023-08-05 02:49:51', '2023-08-05 02:49:51'),
(5650, 'Petrapole', '41', '2023-08-05 02:49:51', '2023-08-05 02:49:51'),
(5651, 'Minakhan', '41', '2023-08-05 02:49:51', '2023-08-05 02:49:51'),
(5652, 'Dandirhat', '41', '2023-08-05 02:49:51', '2023-08-05 02:49:51'),
(5653, 'Dhaltita', '41', '2023-08-05 02:49:51', '2023-08-05 02:49:51'),
(5654, 'Karnolkora', '41', '2023-08-05 02:49:51', '2023-08-05 02:49:51'),
(5655, 'Biramnagar', '41', '2023-08-05 02:49:51', '2023-08-05 02:49:51'),
(5656, 'Gotra', '41', '2023-08-05 02:49:51', '2023-08-05 02:49:51'),
(5657, 'Kathur', '41', '2023-08-05 02:49:51', '2023-08-05 02:49:51'),
(5658, 'Makhalgacha', '41', '2023-08-05 02:49:51', '2023-08-05 02:49:51'),
(5659, 'Paikparahat', '41', '2023-08-05 02:49:51', '2023-08-05 02:49:51'),
(5660, 'Pifa', '41', '2023-08-05 02:49:51', '2023-08-05 02:49:51'),
(5661, 'Sangrampur', '41', '2023-08-05 02:49:51', '2023-08-05 02:49:51'),
(5662, 'Zirakpur', '41', '2023-08-05 02:49:51', '2023-08-05 02:49:51'),
(5663, 'Baidyapur', '41', '2023-08-05 02:49:51', '2023-08-05 02:49:51'),
(5664, 'Belpur', '41', '2023-08-05 02:49:51', '2023-08-05 02:49:51'),
(5665, 'Bhasila', '41', '2023-08-05 02:49:51', '2023-08-05 02:49:51'),
(5666, 'Deganga', '41', '2023-08-05 02:49:51', '2023-08-05 02:49:51'),
(5667, 'Gobardhanpur', '41', '2023-08-05 02:49:51', '2023-08-05 02:49:51'),
(5668, 'Kaliani', '41', '2023-08-05 02:49:51', '2023-08-05 02:49:51'),
(5669, 'Maslishpur', '41', '2023-08-05 02:49:51', '2023-08-05 02:49:51'),
(5670, 'Phazilpur', '41', '2023-08-05 02:49:51', '2023-08-05 02:49:51'),
(5671, 'Ramnathpur', '41', '2023-08-05 02:49:51', '2023-08-05 02:49:51'),
(5672, 'Sashan', '41', '2023-08-05 02:49:51', '2023-08-05 02:49:51'),
(5673, 'Sohaikumarpur', '41', '2023-08-05 02:49:51', '2023-08-05 02:49:51'),
(5674, 'Chjandpur', '41', '2023-08-05 02:49:51', '2023-08-05 02:49:51'),
(5675, 'Chorashi', '41', '2023-08-05 02:49:51', '2023-08-05 02:49:51'),
(5676, 'Debalaya', '41', '2023-08-05 02:49:51', '2023-08-05 02:49:51'),
(5677, 'Gobila', '41', '2023-08-05 02:49:51', '2023-08-05 02:49:51'),
(5678, 'Kachua', '41', '2023-08-05 02:49:51', '2023-08-05 02:49:51'),
(5679, 'Secondranagar', '41', '2023-08-05 02:49:51', '2023-08-05 02:49:51'),
(5680, 'Adampur', '41', '2023-08-05 02:49:51', '2023-08-05 02:49:51'),
(5681, 'Ajijnagar', '41', '2023-08-05 02:49:51', '2023-08-05 02:49:51'),
(5682, 'Atpukur', '41', '2023-08-05 02:49:51', '2023-08-05 02:49:51'),
(5683, 'Bamanpukur', '41', '2023-08-05 02:49:51', '2023-08-05 02:49:51'),
(5684, 'Chowhata', '41', '2023-08-05 02:49:51', '2023-08-05 02:49:51'),
(5685, 'Dhutradaha', '41', '2023-08-05 02:49:51', '2023-08-05 02:49:51'),
(5686, 'Haroa', '41', '2023-08-05 02:49:51', '2023-08-05 02:49:51'),
(5687, 'Joygram', '41', '2023-08-05 02:49:51', '2023-08-05 02:49:51'),
(5688, 'Khalisadi', '41', '2023-08-05 02:49:51', '2023-08-05 02:49:51'),
(5689, 'Kharupala', '41', '2023-08-05 02:49:51', '2023-08-05 02:49:51'),
(5690, 'Khasbalanda', '41', '2023-08-05 02:49:51', '2023-08-05 02:49:51'),
(5691, 'Kumarzole', '41', '2023-08-05 02:49:51', '2023-08-05 02:49:51'),
(5692, 'Malancha', '41', '2023-08-05 02:49:51', '2023-08-05 02:49:51'),
(5693, 'Raikhan', '41', '2023-08-05 02:49:51', '2023-08-05 02:49:51'),
(5694, 'Uchildah', '41', '2023-08-05 02:49:51', '2023-08-05 02:49:51'),
(5695, 'Barunhat', '41', '2023-08-05 02:49:51', '2023-08-05 02:49:51'),
(5696, 'Bhurkunda', '41', '2023-08-05 02:49:51', '2023-08-05 02:49:51'),
(5697, 'Chakpatli', '41', '2023-08-05 02:49:51', '2023-08-05 02:49:51'),
(5698, 'Ghoni', '41', '2023-08-05 02:49:51', '2023-08-05 02:49:51'),
(5699, 'Ghosalbati', '41', '2023-08-05 02:49:51', '2023-08-05 02:49:51'),
(5700, 'Hasnabad', '41', '2023-08-05 02:49:51', '2023-08-05 02:49:51'),
(5701, 'Ichapurabad', '41', '2023-08-05 02:49:51', '2023-08-05 02:49:51'),
(5702, 'Rameswarpur', '41', '2023-08-05 02:49:51', '2023-08-05 02:49:51'),
(5703, 'Simulia Kalibari', '41', '2023-08-05 02:49:51', '2023-08-05 02:49:51'),
(5704, 'Sulkaniabad', '41', '2023-08-05 02:49:51', '2023-08-05 02:49:51'),
(5705, 'Aturia', '41', '2023-08-05 02:49:51', '2023-08-05 02:49:51'),
(5706, 'Bajitpur', '41', '2023-08-05 02:49:51', '2023-08-05 02:49:51'),
(5707, 'Barabankra', '41', '2023-08-05 02:49:51', '2023-08-05 02:49:51'),
(5708, 'Bhaduria', '41', '2023-08-05 02:49:51', '2023-08-05 02:49:51'),
(5709, 'Gandharbapur', '41', '2023-08-05 02:49:51', '2023-08-05 02:49:51'),
(5710, 'Goaldaha', '41', '2023-08-05 02:49:51', '2023-08-05 02:49:51'),
(5711, 'Kaijuri', '41', '2023-08-05 02:49:51', '2023-08-05 02:49:51'),
(5712, 'Katiahat', '41', '2023-08-05 02:49:51', '2023-08-05 02:49:51'),
(5713, 'Paschim Palta', '41', '2023-08-05 02:49:51', '2023-08-05 02:49:51'),
(5714, 'Punra', '41', '2023-08-05 02:49:51', '2023-08-05 02:49:51'),
(5715, 'Safirabad', '41', '2023-08-05 02:49:51', '2023-08-05 02:49:51'),
(5716, 'Sayestanagar', '41', '2023-08-05 02:49:51', '2023-08-05 02:49:51'),
(5717, 'Basirhat - Ii', '41', '2023-08-05 02:49:51', '2023-08-05 02:49:51'),
(5718, 'Kholapota', '41', '2023-08-05 02:49:51', '2023-08-05 02:49:51'),
(5719, 'Srinagar', '41', '2023-08-05 02:49:51', '2023-08-05 02:49:51'),
(5720, 'Zafarpur', '41', '2023-08-05 02:49:51', '2023-08-05 02:49:51'),
(5721, 'Bagundi', '41', '2023-08-05 02:49:51', '2023-08-05 02:49:51'),
(5722, 'Paschim Madhyampur', '41', '2023-08-05 02:49:51', '2023-08-05 02:49:51'),
(5723, 'Soladanga', '41', '2023-08-05 02:49:51', '2023-08-05 02:49:51'),
(5724, 'Takipur', '41', '2023-08-05 02:49:51', '2023-08-05 02:49:51'),
(5725, 'Akimamudpur', '41', '2023-08-05 02:49:51', '2023-08-05 02:49:51'),
(5726, 'Amberia', '41', '2023-08-05 02:49:51', '2023-08-05 02:49:51'),
(5727, 'Bakra Dabar', '41', '2023-08-05 02:49:51', '2023-08-05 02:49:51'),
(5728, 'Bankra', '41', '2023-08-05 02:49:51', '2023-08-05 02:49:51'),
(5729, 'Banshtala', '41', '2023-08-05 02:49:51', '2023-08-05 02:49:51'),
(5730, 'Bishpur', '41', '2023-08-05 02:49:51', '2023-08-05 02:49:51'),
(5731, 'Dharamberia', '41', '2023-08-05 02:49:51', '2023-08-05 02:49:51'),
(5732, 'Hingalganj', '41', '2023-08-05 02:49:51', '2023-08-05 02:49:51'),
(5733, 'Kothabari', '41', '2023-08-05 02:49:51', '2023-08-05 02:49:51'),
(5734, 'Purba Khejurberia', '41', '2023-08-05 02:49:51', '2023-08-05 02:49:51'),
(5735, 'Rupmari', '41', '2023-08-05 02:49:51', '2023-08-05 02:49:51'),
(5736, 'Sandelerbill', '41', '2023-08-05 02:49:51', '2023-08-05 02:49:51'),
(5737, 'Begumpur', '41', '2023-08-05 02:49:51', '2023-08-05 02:49:51'),
(5738, 'Dhanyakuria', '41', '2023-08-05 02:49:51', '2023-08-05 02:49:51'),
(5739, 'Matia', '41', '2023-08-05 02:49:51', '2023-08-05 02:49:51'),
(5740, 'Nehalpur', '41', '2023-08-05 02:49:51', '2023-08-05 02:49:51'),
(5741, 'Atghara', '41', '2023-08-05 02:49:51', '2023-08-05 02:49:51'),
(5742, 'Jangalpur', '41', '2023-08-05 02:49:51', '2023-08-05 02:49:51'),
(5743, 'Kamdevkati', '41', '2023-08-05 02:49:51', '2023-08-05 02:49:51'),
(5744, 'Mandra', '41', '2023-08-05 02:49:51', '2023-08-05 02:49:51'),
(5745, 'Parpatna', '41', '2023-08-05 02:49:51', '2023-08-05 02:49:51'),
(5746, 'Bhanderkhali', '41', '2023-08-05 02:49:51', '2023-08-05 02:49:51'),
(5747, 'Charalkhali', '41', '2023-08-05 02:49:51', '2023-08-05 02:49:51'),
(5748, 'Choto Sahebkhali', '41', '2023-08-05 02:49:51', '2023-08-05 02:49:51'),
(5749, 'Dulduli Mathbari', '41', '2023-08-05 02:49:51', '2023-08-05 02:49:51'),
(5750, 'Hatgachha', '41', '2023-08-05 02:49:51', '2023-08-05 02:49:51'),
(5751, 'Hemnagar', '41', '2023-08-05 02:49:51', '2023-08-05 02:49:51'),
(5752, 'Jogeshganj', '41', '2023-08-05 02:49:51', '2023-08-05 02:49:51'),
(5753, 'Kalitala', '41', '2023-08-05 02:49:51', '2023-08-05 02:49:51'),
(5754, 'Labukhali', '41', '2023-08-05 02:49:51', '2023-08-05 02:49:51'),
(5755, 'Madhavkathi', '41', '2023-08-05 02:49:51', '2023-08-05 02:49:51'),
(5756, 'Malekangumti', '41', '2023-08-05 02:49:51', '2023-08-05 02:49:51'),
(5757, 'Manikkathi', '41', '2023-08-05 02:49:51', '2023-08-05 02:49:51'),
(5758, 'Parghumti', '41', '2023-08-05 02:49:51', '2023-08-05 02:49:51'),
(5759, 'Pathghoria', '41', '2023-08-05 02:49:51', '2023-08-05 02:49:51'),
(5760, 'Rampur', '41', '2023-08-05 02:49:51', '2023-08-05 02:49:51'),
(5761, 'Sahebkhali', '41', '2023-08-05 02:49:51', '2023-08-05 02:49:51'),
(5762, 'Samsernagar', '41', '2023-08-05 02:49:51', '2023-08-05 02:49:51'),
(5763, 'Sandeshkhali - I', '41', '2023-08-05 02:49:51', '2023-08-05 02:49:51'),
(5764, 'Sridharkati', '41', '2023-08-05 02:49:51', '2023-08-05 02:49:51'),
(5765, '24 Parganas', '41', '2023-08-05 02:49:51', '2023-08-05 02:49:51'),
(5766, 'Akratola', '41', '2023-08-05 02:49:51', '2023-08-05 02:49:51'),
(5767, 'Bamanibad', '41', '2023-08-05 02:49:51', '2023-08-05 02:49:51'),
(5768, 'Bermajur', '41', '2023-08-05 02:49:51', '2023-08-05 02:49:51'),
(5769, 'Boyermari', '41', '2023-08-05 02:49:51', '2023-08-05 02:49:51'),
(5770, 'Choto Sehara', '41', '2023-08-05 02:49:51', '2023-08-05 02:49:51'),
(5771, 'Dheknamari', '41', '2023-08-05 02:49:51', '2023-08-05 02:49:51'),
(5772, 'Ghatihara', '41', '2023-08-05 02:49:51', '2023-08-05 02:49:51'),
(5773, 'Ghoshpara', '41', '2023-08-05 02:49:51', '2023-08-05 02:49:51'),
(5774, 'Jhopkhali', '41', '2023-08-05 02:49:51', '2023-08-05 02:49:51'),
(5775, 'Kalinagar', '41', '2023-08-05 02:49:51', '2023-08-05 02:49:51'),
(5776, 'Kanmari', '41', '2023-08-05 02:49:51', '2023-08-05 02:49:51'),
(5777, 'Kharihatabad', '41', '2023-08-05 02:49:51', '2023-08-05 02:49:51'),
(5778, 'Mathbariabad', '41', '2023-08-05 02:49:51', '2023-08-05 02:49:51'),
(5779, 'Nalkora', '41', '2023-08-05 02:49:51', '2023-08-05 02:49:51'),
(5780, 'Nazat', '41', '2023-08-05 02:49:51', '2023-08-05 02:49:51'),
(5781, 'Nityaberia', '41', '2023-08-05 02:49:51', '2023-08-05 02:49:51'),
(5782, 'Purba Sankardaha', '41', '2023-08-05 02:49:51', '2023-08-05 02:49:51'),
(5783, 'Amta', '41', '2023-08-05 02:49:51', '2023-08-05 02:49:51'),
(5784, 'Bhabanipur', '41', '2023-08-05 02:49:51', '2023-08-05 02:49:51'),
(5785, 'Chaita', '41', '2023-08-05 02:49:51', '2023-08-05 02:49:51'),
(5786, 'Ghona', '41', '2023-08-05 02:49:51', '2023-08-05 02:49:51'),
(5787, 'Gopalpur', '41', '2023-08-05 02:49:51', '2023-08-05 02:49:51'),
(5788, 'Sodarpur-Behala', '41', '2023-08-05 02:49:51', '2023-08-05 02:49:51'),
(5789, 'Atapur', '41', '2023-08-05 02:49:51', '2023-08-05 02:49:51'),
(5790, 'Bhangatushkhali', '41', '2023-08-05 02:49:51', '2023-08-05 02:49:51'),
(5791, 'Bowthakurani', '41', '2023-08-05 02:49:51', '2023-08-05 02:49:51'),
(5792, 'Dhuchnikhali', '41', '2023-08-05 02:49:51', '2023-08-05 02:49:51'),
(5793, 'Durgamandop', '41', '2023-08-05 02:49:51', '2023-08-05 02:49:51'),
(5794, 'Dwarikjungle', '41', '2023-08-05 02:49:51', '2023-08-05 02:49:51'),
(5795, 'Joygopalpur', '41', '2023-08-05 02:49:51', '2023-08-05 02:49:51'),
(5796, 'Khulna', '41', '2023-08-05 02:49:51', '2023-08-05 02:49:51'),
(5797, 'Korakati', '41', '2023-08-05 02:49:51', '2023-08-05 02:49:51'),
(5798, 'Sandeshkhali', '41', '2023-08-05 02:49:51', '2023-08-05 02:49:51'),
(5799, 'Sitalia', '41', '2023-08-05 02:49:51', '2023-08-05 02:49:51'),
(5800, 'Sukdwani', '41', '2023-08-05 02:49:51', '2023-08-05 02:49:51'),
(5801, 'Tushkhali', '41', '2023-08-05 02:49:51', '2023-08-05 02:49:51'),
(5802, 'Amodpur', '41', '2023-08-05 02:49:51', '2023-08-05 02:49:51'),
(5803, 'Bhebia', '41', '2023-08-05 02:49:51', '2023-08-05 02:49:51'),
(5804, 'Chaital', '41', '2023-08-05 02:49:51', '2023-08-05 02:49:51'),
(5805, 'Chimta Kachari', '41', '2023-08-05 02:49:51', '2023-08-05 02:49:51'),
(5806, 'Garakupi', '41', '2023-08-05 02:49:51', '2023-08-05 02:49:51'),
(5807, 'Kharampur', '41', '2023-08-05 02:49:51', '2023-08-05 02:49:51'),
(5808, 'Kuliadanga', '41', '2023-08-05 02:49:51', '2023-08-05 02:49:51'),
(5809, 'Malikagherai', '41', '2023-08-05 02:49:51', '2023-08-05 02:49:51'),
(5810, 'Murarisah', '41', '2023-08-05 02:49:51', '2023-08-05 02:49:51'),
(5811, 'Nimichi', '41', '2023-08-05 02:49:51', '2023-08-05 02:49:51'),
(5812, 'Nurpur', '41', '2023-08-05 02:49:51', '2023-08-05 02:49:51'),
(5813, 'Bhangar - I', '41', '2023-08-05 02:49:51', '2023-08-05 02:49:51'),
(5814, 'Falta', '41', '2023-08-05 02:49:51', '2023-08-05 02:49:51'),
(5815, 'Santoshpur', '41', '2023-08-05 02:49:51', '2023-08-05 02:49:51'),
(5816, 'Belta', '41', '2023-08-05 02:49:51', '2023-08-05 02:49:51'),
(5817, 'Durgapur', '41', '2023-08-05 02:49:51', '2023-08-05 02:49:51'),
(5818, 'Palla', '41', '2023-08-05 02:49:51', '2023-08-05 02:49:51'),
(5819, 'Sonekpur', '41', '2023-08-05 02:49:51', '2023-08-05 02:49:51'),
(5820, 'Rajibpur', '41', '2023-08-05 02:49:51', '2023-08-05 02:49:51'),
(5821, 'Guma', '41', '2023-08-05 02:49:51', '2023-08-05 02:49:51'),
(5822, 'Prithiba', '41', '2023-08-05 02:49:51', '2023-08-05 02:49:51'),
(5823, 'Akaipur', '41', '2023-08-05 02:49:51', '2023-08-05 02:49:51'),
(5824, 'Gadpukuria', '41', '2023-08-05 02:49:51', '2023-08-05 02:49:51'),
(5825, 'Goribpur', '41', '2023-08-05 02:49:51', '2023-08-05 02:49:51'),
(5826, 'Panchberia', '41', '2023-08-05 02:49:51', '2023-08-05 02:49:51'),
(5827, 'Beraberi', '41', '2023-08-05 02:49:51', '2023-08-05 02:49:51'),
(5828, 'Masunda', '41', '2023-08-05 02:49:51', '2023-08-05 02:49:51'),
(5829, 'Srikrishnapur', '41', '2023-08-05 02:49:52', '2023-08-05 02:49:52'),
(5830, 'Suria', '41', '2023-08-05 02:49:52', '2023-08-05 02:49:52'),
(5831, 'Bhubaneswar', '29', '2023-08-05 02:49:52', '2023-08-05 02:49:52'),
(5832, 'Lingaraj', '29', '2023-08-05 02:49:52', '2023-08-05 02:49:52'),
(5833, 'Saheednagar', '29', '2023-08-05 02:49:52', '2023-08-05 02:49:52'),
(5834, 'Balianta', '29', '2023-08-05 02:49:52', '2023-08-05 02:49:52'),
(5835, 'Puri', '29', '2023-08-05 02:49:52', '2023-08-05 02:49:52'),
(5836, 'Brahmagiri', '29', '2023-08-05 02:49:52', '2023-08-05 02:49:52'),
(5837, 'Krushnaprasad', '29', '2023-08-05 02:49:52', '2023-08-05 02:49:52'),
(5838, 'Satyabadi', '29', '2023-08-05 02:49:52', '2023-08-05 02:49:52'),
(5839, 'Satyabai', '29', '2023-08-05 02:49:52', '2023-08-05 02:49:52'),
(5840, 'Khurda', '29', '2023-08-05 02:49:52', '2023-08-05 02:49:52'),
(5841, 'Banpur', '29', '2023-08-05 02:49:52', '2023-08-05 02:49:52'),
(5842, 'Pipli', '29', '2023-08-05 02:49:52', '2023-08-05 02:49:52'),
(5843, 'Tangi', '29', '2023-08-05 02:49:52', '2023-08-05 02:49:52'),
(5844, 'Ranpur', '29', '2023-08-05 02:49:52', '2023-08-05 02:49:52'),
(5845, 'Kordha', '29', '2023-08-05 02:49:52', '2023-08-05 02:49:52'),
(5846, 'Chilika', '29', '2023-08-05 02:49:52', '2023-08-05 02:49:52'),
(5847, 'Krishnaprasad', '29', '2023-08-05 02:49:52', '2023-08-05 02:49:52'),
(5848, 'Krushnaprsad', '29', '2023-08-05 02:49:52', '2023-08-05 02:49:52'),
(5849, 'Begunia', '29', '2023-08-05 02:49:52', '2023-08-05 02:49:52'),
(5850, 'Panikoii', '29', '2023-08-05 02:49:52', '2023-08-05 02:49:52'),
(5851, 'Sakhigopal', '29', '2023-08-05 02:49:52', '2023-08-05 02:49:52'),
(5852, 'Jatni', '29', '2023-08-05 02:49:52', '2023-08-05 02:49:52'),
(5853, 'Pipili', '29', '2023-08-05 02:49:52', '2023-08-05 02:49:52'),
(5854, 'Kanas', '29', '2023-08-05 02:49:52', '2023-08-05 02:49:52'),
(5855, 'Nayagarh', '29', '2023-08-05 02:49:52', '2023-08-05 02:49:52'),
(5856, 'Bhapur', '29', '2023-08-05 02:49:52', '2023-08-05 02:49:52'),
(5857, 'Bolagarh', '29', '2023-08-05 02:49:52', '2023-08-05 02:49:52'),
(5858, 'Odagaon', '29', '2023-08-05 02:49:52', '2023-08-05 02:49:52'),
(5859, 'Khandapara', '29', '2023-08-05 02:49:52', '2023-08-05 02:49:52'),
(5860, 'Khandaparagarh', '29', '2023-08-05 02:49:52', '2023-08-05 02:49:52'),
(5861, 'Daspalla', '29', '2023-08-05 02:49:52', '2023-08-05 02:49:52'),
(5862, 'Ranapur', '29', '2023-08-05 02:49:52', '2023-08-05 02:49:52'),
(5863, 'Khandapra', '29', '2023-08-05 02:49:52', '2023-08-05 02:49:52'),
(5864, 'Balugaon', '29', '2023-08-05 02:49:52', '2023-08-05 02:49:52'),
(5865, 'Nimapada', '29', '2023-08-05 02:49:52', '2023-08-05 02:49:52'),
(5866, 'Nimapara', '29', '2023-08-05 02:49:52', '2023-08-05 02:49:52'),
(5867, 'Gop', '29', '2023-08-05 02:49:52', '2023-08-05 02:49:52'),
(5868, 'Kakatpur', '29', '2023-08-05 02:49:52', '2023-08-05 02:49:52'),
(5869, 'Kakatpur]', '29', '2023-08-05 02:49:52', '2023-08-05 02:49:52'),
(5870, 'Konark', '29', '2023-08-05 02:49:52', '2023-08-05 02:49:52'),
(5871, 'Niampara', '29', '2023-08-05 02:49:52', '2023-08-05 02:49:52'),
(5872, 'Niali', '29', '2023-08-05 02:49:52', '2023-08-05 02:49:52'),
(5873, 'Cuttack Sadar', '29', '2023-08-05 02:49:52', '2023-08-05 02:49:52'),
(5874, 'Cuttack', '29', '2023-08-05 02:49:52', '2023-08-05 02:49:52'),
(5875, 'Gobindpur', '29', '2023-08-05 02:49:52', '2023-08-05 02:49:52'),
(5876, 'Balipatna', '29', '2023-08-05 02:49:52', '2023-08-05 02:49:52'),
(5877, 'Barang', '29', '2023-08-05 02:49:52', '2023-08-05 02:49:52'),
(5878, 'Banki', '29', '2023-08-05 02:49:52', '2023-08-05 02:49:52'),
(5879, 'Chandaka', '29', '2023-08-05 02:49:52', '2023-08-05 02:49:52'),
(5880, 'Choudwar', '29', '2023-08-05 02:49:52', '2023-08-05 02:49:52'),
(5881, 'Jagatpur', '29', '2023-08-05 02:49:52', '2023-08-05 02:49:52'),
(5882, 'Tangi Choudwar', '29', '2023-08-05 02:49:52', '2023-08-05 02:49:52'),
(5883, 'Darpan', '29', '2023-08-05 02:49:52', '2023-08-05 02:49:52'),
(5884, 'Badachana', '29', '2023-08-05 02:49:52', '2023-08-05 02:49:52'),
(5885, 'Athagarh', '29', '2023-08-05 02:49:52', '2023-08-05 02:49:52'),
(5886, 'Athagad', '29', '2023-08-05 02:49:52', '2023-08-05 02:49:52'),
(5887, 'Tigiria', '29', '2023-08-05 02:49:52', '2023-08-05 02:49:52'),
(5888, 'Badamba', '29', '2023-08-05 02:49:52', '2023-08-05 02:49:52'),
(5889, 'Baramba', '29', '2023-08-05 02:49:52', '2023-08-05 02:49:52'),
(5890, 'Narasinghpur', '29', '2023-08-05 02:49:52', '2023-08-05 02:49:52'),
(5891, 'Anugul', '29', '2023-08-05 02:49:52', '2023-08-05 02:49:52'),
(5892, 'Narsinghpur', '29', '2023-08-05 02:49:52', '2023-08-05 02:49:52'),
(5893, 'Biridi', '29', '2023-08-05 02:49:52', '2023-08-05 02:49:52'),
(5894, 'Jagatsinghapur', '29', '2023-08-05 02:49:52', '2023-08-05 02:49:52'),
(5895, 'Jagatsinghpur', '29', '2023-08-05 02:49:52', '2023-08-05 02:49:52'),
(5896, 'Kujang', '29', '2023-08-05 02:49:52', '2023-08-05 02:49:52'),
(5897, 'Raghunathpur', '29', '2023-08-05 02:49:52', '2023-08-05 02:49:52'),
(5898, 'Tirtol', '29', '2023-08-05 02:49:52', '2023-08-05 02:49:52'),
(5899, 'Balikuda', '29', '2023-08-05 02:49:52', '2023-08-05 02:49:52'),
(5900, 'Naugaon', '29', '2023-08-05 02:49:52', '2023-08-05 02:49:52'),
(5901, 'Naugaonhat', '29', '2023-08-05 02:49:52', '2023-08-05 02:49:52'),
(5902, 'Ersama', '29', '2023-08-05 02:49:52', '2023-08-05 02:49:52'),
(5903, 'Paradip', '29', '2023-08-05 02:49:52', '2023-08-05 02:49:52'),
(5904, 'Kishannagar', '29', '2023-08-05 02:49:52', '2023-08-05 02:49:52'),
(5905, 'Kishorenagar', '29', '2023-08-05 02:49:52', '2023-08-05 02:49:52'),
(5906, 'Salipur', '29', '2023-08-05 02:49:52', '2023-08-05 02:49:52'),
(5907, 'Marsaghai', '29', '2023-08-05 02:49:52', '2023-08-05 02:49:52'),
(5908, 'Patkura', '29', '2023-08-05 02:49:52', '2023-08-05 02:49:52'),
(5909, 'Tirol', '29', '2023-08-05 02:49:52', '2023-08-05 02:49:52'),
(5910, 'Kujanga', '29', '2023-08-05 02:49:52', '2023-08-05 02:49:52'),
(5911, 'Salepur', '29', '2023-08-05 02:49:52', '2023-08-05 02:49:52'),
(5912, 'Kendrapara', '29', '2023-08-05 02:49:52', '2023-08-05 02:49:52'),
(5913, 'Darpanigarh', '29', '2023-08-05 02:49:52', '2023-08-05 02:49:52'),
(5914, 'Marasaghai', '29', '2023-08-05 02:49:52', '2023-08-05 02:49:52'),
(5915, 'Jajpur', '29', '2023-08-05 02:49:52', '2023-08-05 02:49:52'),
(5916, 'Pattamundai', '29', '2023-08-05 02:49:52', '2023-08-05 02:49:52'),
(5917, 'Aul', '29', '2023-08-05 02:49:52', '2023-08-05 02:49:52'),
(5918, 'Rajkanika', '29', '2023-08-05 02:49:52', '2023-08-05 02:49:52'),
(5919, 'Rajnagar', '29', '2023-08-05 02:49:52', '2023-08-05 02:49:52'),
(5920, 'Padmapur', '29', '2023-08-05 02:49:52', '2023-08-05 02:49:52'),
(5921, 'Mahanga', '29', '2023-08-05 02:49:52', '2023-08-05 02:49:52'),
(5922, 'Dharmasala', '29', '2023-08-05 02:49:52', '2023-08-05 02:49:52'),
(5923, 'Binjharpur', '29', '2023-08-05 02:49:52', '2023-08-05 02:49:52'),
(5924, 'Jajapur', '29', '2023-08-05 02:49:52', '2023-08-05 02:49:52'),
(5925, 'Jajpur Road', '29', '2023-08-05 02:49:52', '2023-08-05 02:49:52'),
(5926, 'Jajpur Raod', '29', '2023-08-05 02:49:52', '2023-08-05 02:49:52'),
(5927, 'Keonjhar', '29', '2023-08-05 02:49:52', '2023-08-05 02:49:52'),
(5928, 'Jajpur Road.', '29', '2023-08-05 02:49:52', '2023-08-05 02:49:52'),
(5929, 'Bimjharpur', '29', '2023-08-05 02:49:52', '2023-08-05 02:49:52'),
(5930, 'Balasore', '29', '2023-08-05 02:49:52', '2023-08-05 02:49:52'),
(5931, 'Baleshwar Sadar', '29', '2023-08-05 02:49:52', '2023-08-05 02:49:52'),
(5932, 'Baleshwar', '29', '2023-08-05 02:49:52', '2023-08-05 02:49:52'),
(5933, 'Nilgiri', '29', '2023-08-05 02:49:52', '2023-08-05 02:49:52'),
(5934, 'Remuna', '29', '2023-08-05 02:49:52', '2023-08-05 02:49:52'),
(5935, 'Nilagiri', '29', '2023-08-05 02:49:52', '2023-08-05 02:49:52'),
(5936, 'Niligiri', '29', '2023-08-05 02:49:52', '2023-08-05 02:49:52'),
(5937, 'Basta', '29', '2023-08-05 02:49:52', '2023-08-05 02:49:52'),
(5938, 'Baliapal', '29', '2023-08-05 02:49:52', '2023-08-05 02:49:52'),
(5939, 'Singla', '29', '2023-08-05 02:49:52', '2023-08-05 02:49:52'),
(5940, 'Rupsa', '29', '2023-08-05 02:49:52', '2023-08-05 02:49:52'),
(5941, 'Jaleswar', '29', '2023-08-05 02:49:52', '2023-08-05 02:49:52'),
(5942, 'Raibania', '29', '2023-08-05 02:49:52', '2023-08-05 02:49:52'),
(5943, 'Bhograi', '29', '2023-08-05 02:49:52', '2023-08-05 02:49:52'),
(5944, 'Soro', '29', '2023-08-05 02:49:52', '2023-08-05 02:49:52'),
(5945, 'Similia', '29', '2023-08-05 02:49:52', '2023-08-05 02:49:52'),
(5946, 'Khaira', '29', '2023-08-05 02:49:52', '2023-08-05 02:49:52'),
(5947, 'Simulia', '29', '2023-08-05 02:49:52', '2023-08-05 02:49:52'),
(5948, 'Bhadrak Rural', '29', '2023-08-05 02:49:52', '2023-08-05 02:49:52'),
(5949, 'Bhadrak', '29', '2023-08-05 02:49:52', '2023-08-05 02:49:52'),
(5950, 'Bant', '29', '2023-08-05 02:49:52', '2023-08-05 02:49:52'),
(5951, 'Bhandari Pokhari', '29', '2023-08-05 02:49:52', '2023-08-05 02:49:52'),
(5952, 'Dhamnagar', '29', '2023-08-05 02:49:52', '2023-08-05 02:49:52'),
(5953, 'Agarpada', '29', '2023-08-05 02:49:52', '2023-08-05 02:49:52'),
(5954, 'Dhusuri', '29', '2023-08-05 02:49:52', '2023-08-05 02:49:52'),
(5955, 'Dhamanagar', '29', '2023-08-05 02:49:52', '2023-08-05 02:49:52'),
(5956, 'Hatadihi', '29', '2023-08-05 02:49:52', '2023-08-05 02:49:52'),
(5957, 'Basudevpur', '29', '2023-08-05 02:49:52', '2023-08-05 02:49:52'),
(5958, 'Basudebpur', '29', '2023-08-05 02:49:52', '2023-08-05 02:49:52'),
(5959, 'Tihidi', '29', '2023-08-05 02:49:52', '2023-08-05 02:49:52'),
(5960, 'Chandabali', '29', '2023-08-05 02:49:52', '2023-08-05 02:49:52'),
(5961, 'Chandbali', '29', '2023-08-05 02:49:52', '2023-08-05 02:49:52'),
(5962, 'Basduevpur', '29', '2023-08-05 02:49:52', '2023-08-05 02:49:52'),
(5963, 'Baripada', '29', '2023-08-05 02:49:52', '2023-08-05 02:49:52'),
(5964, 'Baripara', '29', '2023-08-05 02:49:52', '2023-08-05 02:49:52'),
(5965, 'R.G. Pur', '29', '2023-08-05 02:49:52', '2023-08-05 02:49:52'),
(5966, 'R.G.Pur', '29', '2023-08-05 02:49:52', '2023-08-05 02:49:52'),
(5967, 'Rasgovindpur', '29', '2023-08-05 02:49:52', '2023-08-05 02:49:52'),
(5968, 'Barsahi', '29', '2023-08-05 02:49:52', '2023-08-05 02:49:52'),
(5969, 'Barsashi', '29', '2023-08-05 02:49:52', '2023-08-05 02:49:52'),
(5970, 'Betnoti', '29', '2023-08-05 02:49:52', '2023-08-05 02:49:52'),
(5971, 'Udala', '29', '2023-08-05 02:49:52', '2023-08-05 02:49:52'),
(5972, 'Rg Pur', '29', '2023-08-05 02:49:52', '2023-08-05 02:49:52'),
(5973, 'Barasahi', '29', '2023-08-05 02:49:52', '2023-08-05 02:49:52'),
(5974, 'Rairangpur', '29', '2023-08-05 02:49:52', '2023-08-05 02:49:52'),
(5975, 'Karanjia', '29', '2023-08-05 02:49:52', '2023-08-05 02:49:52'),
(5976, 'Bahalda', '29', '2023-08-05 02:49:52', '2023-08-05 02:49:52'),
(5977, 'Mayurbhanj', '29', '2023-08-05 02:49:52', '2023-08-05 02:49:52'),
(5978, 'Khunta', '29', '2023-08-05 02:49:52', '2023-08-05 02:49:52'),
(5979, 'Kendujhar Town', '29', '2023-08-05 02:49:52', '2023-08-05 02:49:52'),
(5980, 'Anandapur', '29', '2023-08-05 02:49:52', '2023-08-05 02:49:52'),
(5981, 'Ghatagaon', '29', '2023-08-05 02:49:52', '2023-08-05 02:49:52'),
(5982, 'Patna', '29', '2023-08-05 02:49:52', '2023-08-05 02:49:52'),
(5983, 'Telkoi', '29', '2023-08-05 02:49:52', '2023-08-05 02:49:52'),
(5984, 'Jajapur Road', '29', '2023-08-05 02:49:52', '2023-08-05 02:49:52'),
(5985, 'Anadapur', '29', '2023-08-05 02:49:52', '2023-08-05 02:49:52'),
(5986, 'Gahtagaon', '29', '2023-08-05 02:49:52', '2023-08-05 02:49:52'),
(5987, 'Champua', '29', '2023-08-05 02:49:52', '2023-08-05 02:49:52'),
(5988, 'Barbil', '29', '2023-08-05 02:49:52', '2023-08-05 02:49:52'),
(5989, 'Baril', '29', '2023-08-05 02:49:52', '2023-08-05 02:49:52'),
(5990, 'Andnapur', '29', '2023-08-05 02:49:52', '2023-08-05 02:49:52'),
(5991, 'Banspal', '29', '2023-08-05 02:49:52', '2023-08-05 02:49:52'),
(5992, 'Dhenkanal', '29', '2023-08-05 02:49:52', '2023-08-05 02:49:52'),
(5993, 'Dhenkanal Sadar', '29', '2023-08-05 02:49:52', '2023-08-05 02:49:52'),
(5994, 'Gandia', '29', '2023-08-05 02:49:52', '2023-08-05 02:49:52'),
(5995, 'Bhuban', '29', '2023-08-05 02:49:52', '2023-08-05 02:49:52'),
(5996, 'Kamakhyanagar', '29', '2023-08-05 02:49:52', '2023-08-05 02:49:52'),
(5997, 'Kamakshyanagar', '29', '2023-08-05 02:49:52', '2023-08-05 02:49:52'),
(5998, 'Hindol', '29', '2023-08-05 02:49:52', '2023-08-05 02:49:52'),
(5999, 'Motunga', '29', '2023-08-05 02:49:52', '2023-08-05 02:49:52'),
(6000, 'Parajang', '29', '2023-08-05 02:49:52', '2023-08-05 02:49:52'),
(6001, 'Rasol', '29', '2023-08-05 02:49:52', '2023-08-05 02:49:52'),
(6002, 'Tumusingha', '29', '2023-08-05 02:49:52', '2023-08-05 02:49:52'),
(6003, 'Talcher', '29', '2023-08-05 02:49:52', '2023-08-05 02:49:52'),
(6004, 'Banarpal', '29', '2023-08-05 02:49:52', '2023-08-05 02:49:52'),
(6005, 'Khamar', '29', '2023-08-05 02:49:52', '2023-08-05 02:49:52'),
(6006, 'Rengali Damsite', '29', '2023-08-05 02:49:52', '2023-08-05 02:49:52'),
(6007, 'Samal Barrage', '29', '2023-08-05 02:49:52', '2023-08-05 02:49:52'),
(6008, 'Talcher Sadar', '29', '2023-08-05 02:49:52', '2023-08-05 02:49:52'),
(6009, 'Kaniha', '29', '2023-08-05 02:49:52', '2023-08-05 02:49:52'),
(6010, 'Colliery', '29', '2023-08-05 02:49:52', '2023-08-05 02:49:52'),
(6011, 'Chhendipada', '29', '2023-08-05 02:49:52', '2023-08-05 02:49:52'),
(6012, 'Pallahara', '29', '2023-08-05 02:49:52', '2023-08-05 02:49:52'),
(6013, 'Balimi', '29', '2023-08-05 02:49:52', '2023-08-05 02:49:52'),
(6014, 'Angul', '29', '2023-08-05 02:49:52', '2023-08-05 02:49:52'),
(6015, 'Athamallik', '29', '2023-08-05 02:49:52', '2023-08-05 02:49:52'),
(6016, 'Athmallik', '29', '2023-08-05 02:49:52', '2023-08-05 02:49:52'),
(6017, 'Thakurgarh', '29', '2023-08-05 02:49:52', '2023-08-05 02:49:52'),
(6018, 'Berhampur', '29', '2023-08-05 02:49:52', '2023-08-05 02:49:52'),
(6019, 'Brahmapur Sadar', '29', '2023-08-05 02:49:52', '2023-08-05 02:49:52'),
(6020, 'Chhatrapur', '29', '2023-08-05 02:49:52', '2023-08-05 02:49:52'),
(6021, 'Gopalpur', '29', '2023-08-05 02:49:52', '2023-08-05 02:49:52'),
(6022, 'Purushottampur', '29', '2023-08-05 02:49:52', '2023-08-05 02:49:52'),
(6023, 'Purusottampur', '29', '2023-08-05 02:49:52', '2023-08-05 02:49:52'),
(6024, 'Chikiti', '29', '2023-08-05 02:49:52', '2023-08-05 02:49:52'),
(6025, 'Jarada', '29', '2023-08-05 02:49:52', '2023-08-05 02:49:52'),
(6026, 'Digapahandi', '29', '2023-08-05 02:49:52', '2023-08-05 02:49:52'),
(6027, 'Berhampurf', '29', '2023-08-05 02:49:52', '2023-08-05 02:49:52'),
(6028, 'Girisola', '29', '2023-08-05 02:49:52', '2023-08-05 02:49:52'),
(6029, 'Golanthara', '29', '2023-08-05 02:49:52', '2023-08-05 02:49:52'),
(6030, 'Aska', '29', '2023-08-05 02:49:52', '2023-08-05 02:49:52'),
(6031, 'Garabandha', '29', '2023-08-05 02:49:52', '2023-08-05 02:49:52'),
(6032, 'Parlakhemundi', '29', '2023-08-05 02:49:52', '2023-08-05 02:49:52'),
(6033, 'Mohana', '29', '2023-08-05 02:49:52', '2023-08-05 02:49:52'),
(6034, 'R.Udayagiri', '29', '2023-08-05 02:49:52', '2023-08-05 02:49:52'),
(6035, 'R.Udaygiri', '29', '2023-08-05 02:49:52', '2023-08-05 02:49:52'),
(6036, 'Kashinagara', '29', '2023-08-05 02:49:52', '2023-08-05 02:49:52'),
(6037, 'Chatrapur', '29', '2023-08-05 02:49:52', '2023-08-05 02:49:52'),
(6038, 'Rambha', '29', '2023-08-05 02:49:52', '2023-08-05 02:49:52'),
(6039, 'Khalikote', '29', '2023-08-05 02:49:52', '2023-08-05 02:49:52'),
(6040, 'Khallikote', '29', '2023-08-05 02:49:52', '2023-08-05 02:49:52'),
(6041, 'Kkhallikote', '29', '2023-08-05 02:49:52', '2023-08-05 02:49:52'),
(6042, 'Kodala', '29', '2023-08-05 02:49:52', '2023-08-05 02:49:52'),
(6043, 'Bomakei', '29', '2023-08-05 02:49:52', '2023-08-05 02:49:52'),
(6044, 'Bissmagiri', '29', '2023-08-05 02:49:52', '2023-08-05 02:49:52'),
(6045, 'Hinjili', '29', '2023-08-05 02:49:52', '2023-08-05 02:49:52'),
(6046, 'Hinjli', '29', '2023-08-05 02:49:52', '2023-08-05 02:49:52'),
(6047, 'Kabisuryanagar', '29', '2023-08-05 02:49:52', '2023-08-05 02:49:52'),
(6048, 'Asika', '29', '2023-08-05 02:49:52', '2023-08-05 02:49:52'),
(6049, 'Surada', '29', '2023-08-05 02:49:52', '2023-08-05 02:49:52'),
(6050, 'Bhanjanagar', '29', '2023-08-05 02:49:52', '2023-08-05 02:49:52'),
(6051, 'Buguda', '29', '2023-08-05 02:49:52', '2023-08-05 02:49:52'),
(6052, 'Paralakhemundi', '29', '2023-08-05 02:49:52', '2023-08-05 02:49:52'),
(6053, 'Paralkhemundi', '29', '2023-08-05 02:49:52', '2023-08-05 02:49:52'),
(6054, 'Serango', '29', '2023-08-05 02:49:52', '2023-08-05 02:49:52'),
(6055, 'Rayagada', '29', '2023-08-05 02:49:52', '2023-08-05 02:49:52'),
(6056, 'Adva', '29', '2023-08-05 02:49:52', '2023-08-05 02:49:52'),
(6057, 'Phulbani', '29', '2023-08-05 02:49:52', '2023-08-05 02:49:52'),
(6058, 'Tikabali', '29', '2023-08-05 02:49:52', '2023-08-05 02:49:52'),
(6059, 'Phirigia', '29', '2023-08-05 02:49:52', '2023-08-05 02:49:52'),
(6060, 'Phiringia', '29', '2023-08-05 02:49:52', '2023-08-05 02:49:52'),
(6061, 'Phirngia', '29', '2023-08-05 02:49:52', '2023-08-05 02:49:52'),
(6062, 'Khajuripada', '29', '2023-08-05 02:49:52', '2023-08-05 02:49:52'),
(6063, 'Khajuriapada', '29', '2023-08-05 02:49:52', '2023-08-05 02:49:52'),
(6064, 'Khajuripda', '29', '2023-08-05 02:49:52', '2023-08-05 02:49:52'),
(6065, 'Purunakatak', '29', '2023-08-05 02:49:52', '2023-08-05 02:49:52'),
(6066, 'Boudh', '29', '2023-08-05 02:49:52', '2023-08-05 02:49:52'),
(6067, 'Boudhraj', '29', '2023-08-05 02:49:52', '2023-08-05 02:49:52'),
(6068, 'Bounsuni', '29', '2023-08-05 02:49:52', '2023-08-05 02:49:52'),
(6069, 'Bousuni', '29', '2023-08-05 02:49:52', '2023-08-05 02:49:52'),
(6070, 'Manamunda', '29', '2023-08-05 02:49:52', '2023-08-05 02:49:52'),
(6071, 'Kantamal', '29', '2023-08-05 02:49:52', '2023-08-05 02:49:52'),
(6072, 'Ghantapada', '29', '2023-08-05 02:49:52', '2023-08-05 02:49:52'),
(6073, 'Sankarakhole', '29', '2023-08-05 02:49:52', '2023-08-05 02:49:52'),
(6074, 'Harabhanga', '29', '2023-08-05 02:49:52', '2023-08-05 02:49:52'),
(6075, 'Harabhnaga', '29', '2023-08-05 02:49:52', '2023-08-05 02:49:52'),
(6076, 'Harabhuin', '29', '2023-08-05 02:49:52', '2023-08-05 02:49:52'),
(6077, 'Bamunigaon', '29', '2023-08-05 02:49:52', '2023-08-05 02:49:52'),
(6078, 'Kalinga', '29', '2023-08-05 02:49:52', '2023-08-05 02:49:52'),
(6079, 'Jhadrajing', '29', '2023-08-05 02:49:52', '2023-08-05 02:49:52'),
(6080, 'Biranarasinghpur', '29', '2023-08-05 02:49:52', '2023-08-05 02:49:52'),
(6081, 'Birasinghpur', '29', '2023-08-05 02:49:52', '2023-08-05 02:49:52'),
(6082, 'Sarsara', '29', '2023-08-05 02:49:52', '2023-08-05 02:49:52'),
(6083, 'Linepada', '29', '2023-08-05 02:49:52', '2023-08-05 02:49:52'),
(6084, 'Chakapad', '29', '2023-08-05 02:49:52', '2023-08-05 02:49:52'),
(6085, 'Gumagarh', '29', '2023-08-05 02:49:52', '2023-08-05 02:49:52'),
(6086, 'Baghiabahal', '29', '2023-08-05 02:49:52', '2023-08-05 02:49:52'),
(6087, 'G Udayagiri', '29', '2023-08-05 02:49:52', '2023-08-05 02:49:52'),
(6088, 'G.Udayagiri', '29', '2023-08-05 02:49:52', '2023-08-05 02:49:52'),
(6089, 'Raikai', '29', '2023-08-05 02:49:52', '2023-08-05 02:49:52'),
(6090, 'Raikia', '29', '2023-08-05 02:49:52', '2023-08-05 02:49:52'),
(6091, 'Nuagaon', '29', '2023-08-05 02:49:52', '2023-08-05 02:49:52'),
(6092, 'Baliguda', '29', '2023-08-05 02:49:52', '2023-08-05 02:49:52'),
(6093, 'Balliguda', '29', '2023-08-05 02:49:52', '2023-08-05 02:49:52'),
(6094, 'Daringbadi', '29', '2023-08-05 02:49:52', '2023-08-05 02:49:52'),
(6095, 'Kothagarh', '29', '2023-08-05 02:49:52', '2023-08-05 02:49:52'),
(6096, 'Sarangada', '29', '2023-08-05 02:49:52', '2023-08-05 02:49:52'),
(6097, 'Tumudibandha', '29', '2023-08-05 02:49:52', '2023-08-05 02:49:52'),
(6098, 'Kurtamgarh', '29', '2023-08-05 02:49:52', '2023-08-05 02:49:52'),
(6099, 'Barakhama', '29', '2023-08-05 02:49:52', '2023-08-05 02:49:52'),
(6100, 'Paburia', '29', '2023-08-05 02:49:52', '2023-08-05 02:49:52'),
(6101, 'Sunabeda', '29', '2023-08-05 02:49:52', '2023-08-05 02:49:52'),
(6102, 'Damanjodi', '29', '2023-08-05 02:49:52', '2023-08-05 02:49:52'),
(6103, 'Koraput', '29', '2023-08-05 02:49:52', '2023-08-05 02:49:52'),
(6104, 'Jeypore(K)', '29', '2023-08-05 02:49:52', '2023-08-05 02:49:52'),
(6105, 'Jeypur', '29', '2023-08-05 02:49:52', '2023-08-05 02:49:52'),
(6106, 'Kundura', '29', '2023-08-05 02:49:52', '2023-08-05 02:49:52'),
(6107, 'Boipariguda', '29', '2023-08-05 02:49:52', '2023-08-05 02:49:52'),
(6108, 'Narayanpatna', '29', '2023-08-05 02:49:52', '2023-08-05 02:49:52'),
(6109, 'Nandapur', '29', '2023-08-05 02:49:52', '2023-08-05 02:49:52'),
(6110, 'Narayanpatana', '29', '2023-08-05 02:49:52', '2023-08-05 02:49:52'),
(6111, 'Dasamantapur', '29', '2023-08-05 02:49:52', '2023-08-05 02:49:52'),
(6112, 'Similiguda', '29', '2023-08-05 02:49:52', '2023-08-05 02:49:52'),
(6113, 'Pottangi', '29', '2023-08-05 02:49:52', '2023-08-05 02:49:52'),
(6114, 'Padua', '29', '2023-08-05 02:49:52', '2023-08-05 02:49:52'),
(6115, 'Machhkund', '29', '2023-08-05 02:49:52', '2023-08-05 02:49:52'),
(6116, 'Machkund', '29', '2023-08-05 02:49:52', '2023-08-05 02:49:52'),
(6117, 'Machh Kund', '29', '2023-08-05 02:49:52', '2023-08-05 02:49:52'),
(6118, 'Orkel', '29', '2023-08-05 02:49:52', '2023-08-05 02:49:52'),
(6119, 'Malkangiri', '29', '2023-08-05 02:49:52', '2023-08-05 02:49:52'),
(6120, 'Mathili', '29', '2023-08-05 02:49:52', '2023-08-05 02:49:52'),
(6121, 'Kalimela', '29', '2023-08-05 02:49:52', '2023-08-05 02:49:52'),
(6122, 'Motu', '29', '2023-08-05 02:49:52', '2023-08-05 02:49:52'),
(6123, 'Nabarangpur', '29', '2023-08-05 02:49:52', '2023-08-05 02:49:52'),
(6124, 'Paparahandi', '29', '2023-08-05 02:49:52', '2023-08-05 02:49:52'),
(6125, 'Chitrakonda', '29', '2023-08-05 02:49:52', '2023-08-05 02:49:52'),
(6126, 'Boriguma', '29', '2023-08-05 02:49:52', '2023-08-05 02:49:52'),
(6127, 'Jeypore', '29', '2023-08-05 02:49:52', '2023-08-05 02:49:52'),
(6128, 'Nabarangapur', '29', '2023-08-05 02:49:52', '2023-08-05 02:49:52'),
(6129, 'Borigumma', '29', '2023-08-05 02:49:52', '2023-08-05 02:49:52'),
(6130, 'Kotpad', '29', '2023-08-05 02:49:52', '2023-08-05 02:49:52'),
(6131, 'Bhairabsingipur', '29', '2023-08-05 02:49:52', '2023-08-05 02:49:52'),
(6132, 'Birigumma', '29', '2023-08-05 02:49:52', '2023-08-05 02:49:52'),
(6133, 'Dabugan', '29', '2023-08-05 02:49:52', '2023-08-05 02:49:52'),
(6134, 'Nabarangour', '29', '2023-08-05 02:49:52', '2023-08-05 02:49:52'),
(6135, 'Kalyanasingpur', '29', '2023-08-05 02:49:52', '2023-08-05 02:49:52'),
(6136, 'Kodinga', '29', '2023-08-05 02:49:52', '2023-08-05 02:49:52'),
(6137, 'Gunupur', '29', '2023-08-05 02:49:52', '2023-08-05 02:49:52'),
(6138, 'Nabarngpur', '29', '2023-08-05 02:49:52', '2023-08-05 02:49:52'),
(6139, 'Tentulikhunti', '29', '2023-08-05 02:49:52', '2023-08-05 02:49:52'),
(6140, 'Umarkote', '29', '2023-08-05 02:49:52', '2023-08-05 02:49:52'),
(6141, 'Nabarangpu', '29', '2023-08-05 02:49:52', '2023-08-05 02:49:52'),
(6142, 'Umerkote', '29', '2023-08-05 02:49:52', '2023-08-05 02:49:52'),
(6143, 'Raighar', '29', '2023-08-05 02:49:52', '2023-08-05 02:49:52'),
(6144, 'Kodinda', '29', '2023-08-05 02:49:52', '2023-08-05 02:49:52'),
(6145, 'Jharigan', '29', '2023-08-05 02:49:52', '2023-08-05 02:49:52'),
(6146, 'Khatiguda', '29', '2023-08-05 02:49:52', '2023-08-05 02:49:52'),
(6147, 'Rayagada(K)', '29', '2023-08-05 02:49:52', '2023-08-05 02:49:52'),
(6148, 'Lakshmipur', '29', '2023-08-05 02:49:52', '2023-08-05 02:49:52'),
(6149, 'Laxmipur', '29', '2023-08-05 02:49:52', '2023-08-05 02:49:52'),
(6150, 'Kashipur', '29', '2023-08-05 02:49:52', '2023-08-05 02:49:52'),
(6151, 'K.Singhpur', '29', '2023-08-05 02:49:52', '2023-08-05 02:49:52'),
(6152, 'Bishamakatak', '29', '2023-08-05 02:49:52', '2023-08-05 02:49:52'),
(6153, 'Bissamcuttack', '29', '2023-08-05 02:49:52', '2023-08-05 02:49:52'),
(6154, 'Ambadala', '29', '2023-08-05 02:49:52', '2023-08-05 02:49:52'),
(6155, 'Muniguda', '29', '2023-08-05 02:49:52', '2023-08-05 02:49:52'),
(6156, 'Gudari', '29', '2023-08-05 02:49:52', '2023-08-05 02:49:52'),
(6157, 'Dharamgarh', '29', '2023-08-05 02:49:52', '2023-08-05 02:49:52'),
(6158, 'Kesinga', '29', '2023-08-05 02:49:52', '2023-08-05 02:49:52'),
(6159, 'Sadar', '29', '2023-08-05 02:49:52', '2023-08-05 02:49:52'),
(6160, 'Bhawanipatana', '29', '2023-08-05 02:49:52', '2023-08-05 02:49:52'),
(6161, 'Bhawanipatna', '29', '2023-08-05 02:49:52', '2023-08-05 02:49:52'),
(6162, 'Junagarh', '29', '2023-08-05 02:49:52', '2023-08-05 02:49:52'),
(6163, 'Narla', '29', '2023-08-05 02:49:52', '2023-08-05 02:49:52'),
(6164, 'Golamunda', '29', '2023-08-05 02:49:52', '2023-08-05 02:49:52'),
(6165, 'Jaipatna', '29', '2023-08-05 02:49:52', '2023-08-05 02:49:52'),
(6166, 'Kalampur', '29', '2023-08-05 02:49:52', '2023-08-05 02:49:52'),
(6167, 'Junagrh', '29', '2023-08-05 02:49:52', '2023-08-05 02:49:52'),
(6168, 'Dhramgarh', '29', '2023-08-05 02:49:52', '2023-08-05 02:49:52'),
(6169, 'Klampur', '29', '2023-08-05 02:49:52', '2023-08-05 02:49:52'),
(6170, 'Jaipatana', '29', '2023-08-05 02:49:52', '2023-08-05 02:49:52'),
(6171, 'Lanjigarh', '29', '2023-08-05 02:49:52', '2023-08-05 02:49:52'),
(6172, 'Jaipatn A', '29', '2023-08-05 02:49:52', '2023-08-05 02:49:52'),
(6173, 'Thuamulrampur', '29', '2023-08-05 02:49:52', '2023-08-05 02:49:52'),
(6174, 'Dharmagarh', '29', '2023-08-05 02:49:52', '2023-08-05 02:49:52'),
(6175, 'Karlamunda', '29', '2023-08-05 02:49:52', '2023-08-05 02:49:52'),
(6176, 'Madanpur Rampur', '29', '2023-08-05 02:49:52', '2023-08-05 02:49:52'),
(6177, 'Bhawaniaptna', '29', '2023-08-05 02:49:52', '2023-08-05 02:49:52'),
(6178, 'Th. Rampur', '29', '2023-08-05 02:49:52', '2023-08-05 02:49:52'),
(6179, 'Th.Rampur', '29', '2023-08-05 02:49:52', '2023-08-05 02:49:52'),
(6180, 'M.Rampur', '29', '2023-08-05 02:49:52', '2023-08-05 02:49:52'),
(6181, 'M.Ramour', '29', '2023-08-05 02:49:52', '2023-08-05 02:49:52'),
(6182, 'Madanpurrampur', '29', '2023-08-05 02:49:52', '2023-08-05 02:49:52'),
(6183, 'Jonk', '29', '2023-08-05 02:49:52', '2023-08-05 02:49:52'),
(6184, 'Khariar Road', '29', '2023-08-05 02:49:52', '2023-08-05 02:49:52'),
(6185, 'Nuapada', '29', '2023-08-05 02:49:52', '2023-08-05 02:49:52'),
(6186, 'Nuapara', '29', '2023-08-05 02:49:52', '2023-08-05 02:49:52'),
(6187, 'Komna', '29', '2023-08-05 02:49:52', '2023-08-05 02:49:52'),
(6188, 'Khariar', '29', '2023-08-05 02:49:52', '2023-08-05 02:49:52'),
(6189, 'Sinapali', '29', '2023-08-05 02:49:52', '2023-08-05 02:49:52'),
(6190, 'Sinapalli', '29', '2023-08-05 02:49:52', '2023-08-05 02:49:52'),
(6191, 'Sinhapalli', '29', '2023-08-05 02:49:52', '2023-08-05 02:49:52'),
(6192, 'Bodeb', '29', '2023-08-05 02:49:52', '2023-08-05 02:49:52'),
(6193, 'Boden', '29', '2023-08-05 02:49:52', '2023-08-05 02:49:52'),
(6194, 'Duajhar', '29', '2023-08-05 02:49:52', '2023-08-05 02:49:52'),
(6195, 'Khatriar', '29', '2023-08-05 02:49:52', '2023-08-05 02:49:52'),
(6196, 'Balangir', '29', '2023-08-05 02:49:52', '2023-08-05 02:49:52'),
(6197, 'Tusra', '29', '2023-08-05 02:49:52', '2023-08-05 02:49:52'),
(6198, 'Tarbha', '29', '2023-08-05 02:49:52', '2023-08-05 02:49:52'),
(6199, 'Tarha', '29', '2023-08-05 02:49:52', '2023-08-05 02:49:52'),
(6200, 'Sonepur', '29', '2023-08-05 02:49:52', '2023-08-05 02:49:52'),
(6201, 'Birmaharajpur', '29', '2023-08-05 02:49:52', '2023-08-05 02:49:52'),
(6202, 'Brmaharajpur', '29', '2023-08-05 02:49:52', '2023-08-05 02:49:52'),
(6203, 'Ullunda', '29', '2023-08-05 02:49:52', '2023-08-05 02:49:52'),
(6204, 'Binka', '29', '2023-08-05 02:49:52', '2023-08-05 02:49:52'),
(6205, 'S.Rampur', '29', '2023-08-05 02:49:52', '2023-08-05 02:49:52'),
(6206, 'Loisingha', '29', '2023-08-05 02:49:52', '2023-08-05 02:49:52'),
(6207, 'Losingha', '29', '2023-08-05 02:49:52', '2023-08-05 02:49:52'),
(6208, 'S Rampur', '29', '2023-08-05 02:49:52', '2023-08-05 02:49:52'),
(6209, 'Patnagarh', '29', '2023-08-05 02:49:52', '2023-08-05 02:49:52'),
(6210, 'Titilagarh', '29', '2023-08-05 02:49:52', '2023-08-05 02:49:52'),
(6211, 'Patngarh', '29', '2023-08-05 02:49:52', '2023-08-05 02:49:52'),
(6212, 'Kantabanji', '29', '2023-08-05 02:49:52', '2023-08-05 02:49:52'),
(6213, 'Sindhekela', '29', '2023-08-05 02:49:52', '2023-08-05 02:49:52'),
(6214, 'Khaprakhol', '29', '2023-08-05 02:49:52', '2023-08-05 02:49:52'),
(6215, 'Tusura', '29', '2023-08-05 02:49:52', '2023-08-05 02:49:52'),
(6216, 'B.M.Pur', '29', '2023-08-05 02:49:52', '2023-08-05 02:49:52'),
(6217, 'Sonapur', '29', '2023-08-05 02:49:52', '2023-08-05 02:49:52'),
(6218, 'Sambalpur', '29', '2023-08-05 02:49:52', '2023-08-05 02:49:52'),
(6219, 'Dhanupali', '29', '2023-08-05 02:49:52', '2023-08-05 02:49:52'),
(6220, 'Maneswar', '29', '2023-08-05 02:49:52', '2023-08-05 02:49:52'),
(6221, 'Dhankauda', '29', '2023-08-05 02:49:52', '2023-08-05 02:49:52'),
(6222, 'Hirakud', '29', '2023-08-05 02:49:52', '2023-08-05 02:49:52'),
(6223, 'Burla', '29', '2023-08-05 02:49:52', '2023-08-05 02:49:52'),
(6224, 'Attabira', '29', '2023-08-05 02:49:52', '2023-08-05 02:49:52'),
(6225, 'Bargarh', '29', '2023-08-05 02:49:52', '2023-08-05 02:49:52'),
(6226, 'Barapali', '29', '2023-08-05 02:49:52', '2023-08-05 02:49:52'),
(6227, 'Bargarh Sadar', '29', '2023-08-05 02:49:52', '2023-08-05 02:49:52'),
(6228, 'Barpali', '29', '2023-08-05 02:49:52', '2023-08-05 02:49:52'),
(6229, 'Bhatli', '29', '2023-08-05 02:49:52', '2023-08-05 02:49:52'),
(6230, 'Ambabhana', '29', '2023-08-05 02:49:52', '2023-08-05 02:49:52'),
(6231, 'Bijepur', '29', '2023-08-05 02:49:52', '2023-08-05 02:49:52'),
(6232, 'Bheden', '29', '2023-08-05 02:49:52', '2023-08-05 02:49:52'),
(6233, 'Sohela', '29', '2023-08-05 02:49:52', '2023-08-05 02:49:52'),
(6234, 'Sohella', '29', '2023-08-05 02:49:52', '2023-08-05 02:49:52'),
(6235, 'Ambabhona', '29', '2023-08-05 02:49:52', '2023-08-05 02:49:52'),
(6236, 'Gaisilet', '29', '2023-08-05 02:49:52', '2023-08-05 02:49:52'),
(6237, 'Melchhamunda', '29', '2023-08-05 02:49:52', '2023-08-05 02:49:52'),
(6238, 'Rajborasambar', '29', '2023-08-05 02:49:52', '2023-08-05 02:49:52'),
(6239, 'Rajborasamber', '29', '2023-08-05 02:49:52', '2023-08-05 02:49:52'),
(6240, 'Paikmal', '29', '2023-08-05 02:49:52', '2023-08-05 02:49:52'),
(6241, 'Paikamal', '29', '2023-08-05 02:49:52', '2023-08-05 02:49:52'),
(6242, 'Jharbandh', '29', '2023-08-05 02:49:52', '2023-08-05 02:49:52'),
(6243, 'Jharsuguda', '29', '2023-08-05 02:49:52', '2023-08-05 02:49:52'),
(6244, 'Dhama', '29', '2023-08-05 02:49:52', '2023-08-05 02:49:52'),
(6245, 'Jujomura', '29', '2023-08-05 02:49:52', '2023-08-05 02:49:52'),
(6246, 'Jujumura', '29', '2023-08-05 02:49:52', '2023-08-05 02:49:52'),
(6247, 'Rairakhol', '29', '2023-08-05 02:49:52', '2023-08-05 02:49:52'),
(6248, 'Kisinda', '29', '2023-08-05 02:49:52', '2023-08-05 02:49:52'),
(6249, 'Naktideul', '29', '2023-08-05 02:49:52', '2023-08-05 02:49:52'),
(6250, 'Reamal', '29', '2023-08-05 02:49:52', '2023-08-05 02:49:52'),
(6251, 'Jamankira', '29', '2023-08-05 02:49:52', '2023-08-05 02:49:52'),
(6252, 'Kochinda', '29', '2023-08-05 02:49:52', '2023-08-05 02:49:52'),
(6253, 'Barkote', '29', '2023-08-05 02:49:52', '2023-08-05 02:49:52'),
(6254, 'Debagarh', '29', '2023-08-05 02:49:52', '2023-08-05 02:49:52'),
(6255, 'Deogarh', '29', '2023-08-05 02:49:52', '2023-08-05 02:49:52'),
(6256, 'Tileibani', '29', '2023-08-05 02:49:52', '2023-08-05 02:49:52'),
(6257, 'Kundheigola', '29', '2023-08-05 02:49:52', '2023-08-05 02:49:52'),
(6258, 'Barkot', '29', '2023-08-05 02:49:52', '2023-08-05 02:49:52'),
(6259, 'Rengali', '29', '2023-08-05 02:49:52', '2023-08-05 02:49:52'),
(6260, 'Sasan', '29', '2023-08-05 02:49:52', '2023-08-05 02:49:52'),
(6261, 'Jharsuguda Sadar', '29', '2023-08-05 02:49:52', '2023-08-05 02:49:52'),
(6262, 'Laikera', '29', '2023-08-05 02:49:52', '2023-08-05 02:49:52'),
(6263, 'Jhasuguda Sadar', '29', '2023-08-05 02:49:52', '2023-08-05 02:49:52'),
(6264, 'Jhrasuguda Sadar', '29', '2023-08-05 02:49:52', '2023-08-05 02:49:52'),
(6265, 'Brajarajnagar', '29', '2023-08-05 02:49:52', '2023-08-05 02:49:52'),
(6266, 'Lakhanpur', '29', '2023-08-05 02:49:52', '2023-08-05 02:49:52'),
(6267, 'Lakhanpur Ho', '29', '2023-08-05 02:49:52', '2023-08-05 02:49:52'),
(6268, 'Katarbaga', '29', '2023-08-05 02:49:52', '2023-08-05 02:49:52'),
(6269, 'Kolabira', '29', '2023-08-05 02:49:52', '2023-08-05 02:49:52'),
(6270, 'Belpahar', '29', '2023-08-05 02:49:52', '2023-08-05 02:49:52'),
(6271, 'Kirmira', '29', '2023-08-05 02:49:52', '2023-08-05 02:49:52'),
(6272, 'Bamra', '29', '2023-08-05 02:49:52', '2023-08-05 02:49:52'),
(6273, 'Govindpur', '29', '2023-08-05 02:49:52', '2023-08-05 02:49:52'),
(6274, 'Kuchinda', '29', '2023-08-05 02:49:52', '2023-08-05 02:49:52'),
(6275, 'Mahulpalli', '29', '2023-08-05 02:49:52', '2023-08-05 02:49:52'),
(6276, 'Banaharapali', '29', '2023-08-05 02:49:52', '2023-08-05 02:49:52'),
(6277, 'Lakhanpur Bo', '29', '2023-08-05 02:49:52', '2023-08-05 02:49:52'),
(6278, 'Raurkela (M)', '29', '2023-08-05 02:49:52', '2023-08-05 02:49:52'),
(6279, 'Rourkela Steel City', '29', '2023-08-05 02:49:52', '2023-08-05 02:49:52'),
(6280, 'Lathikata', '29', '2023-08-05 02:49:52', '2023-08-05 02:49:52'),
(6281, 'Raghunathapali', '29', '2023-08-05 02:49:52', '2023-08-05 02:49:52'),
(6282, 'Raurkela Industrial Township (', '29', '2023-08-05 02:49:52', '2023-08-05 02:49:52'),
(6283, 'Raurkela Industrial Township (', '29', '2023-08-05 02:49:52', '2023-08-05 02:49:52'),
(6284, 'Raurkela Industrial Township (', '29', '2023-08-05 02:49:52', '2023-08-05 02:49:52'),
(6285, 'Raurkela Industrial Township (', '29', '2023-08-05 02:49:52', '2023-08-05 02:49:52'),
(6286, 'Rourkela', '29', '2023-08-05 02:49:52', '2023-08-05 02:49:52'),
(6287, 'Raurkela Industrial Township (', '29', '2023-08-05 02:49:52', '2023-08-05 02:49:52'),
(6288, 'Raurkela Industrial Township (', '29', '2023-08-05 02:49:52', '2023-08-05 02:49:52'),
(6289, 'Bisra', '29', '2023-08-05 02:49:52', '2023-08-05 02:49:52'),
(6290, 'Koida', '29', '2023-08-05 02:49:52', '2023-08-05 02:49:52'),
(6291, 'Brahmani Tarang', '29', '2023-08-05 02:49:52', '2023-08-05 02:49:52'),
(6292, 'Tangarapali', '29', '2023-08-05 02:49:52', '2023-08-05 02:49:52'),
(6293, 'Sundargarh', '29', '2023-08-05 02:49:52', '2023-08-05 02:49:52'),
(6294, 'Sundargarh Town', '29', '2023-08-05 02:49:52', '2023-08-05 02:49:52'),
(6295, 'Subdega', '29', '2023-08-05 02:49:52', '2023-08-05 02:49:52'),
(6296, 'Tangarpali', '29', '2023-08-05 02:49:52', '2023-08-05 02:49:52'),
(6297, 'Lephripara', '29', '2023-08-05 02:49:52', '2023-08-05 02:49:52'),
(6298, 'Hemgir', '29', '2023-08-05 02:49:52', '2023-08-05 02:49:52'),
(6299, 'Hemgri', '29', '2023-08-05 02:49:52', '2023-08-05 02:49:52'),
(6300, 'Balisankara', '29', '2023-08-05 02:49:52', '2023-08-05 02:49:52'),
(6301, 'Talasara', '29', '2023-08-05 02:49:52', '2023-08-05 02:49:52'),
(6302, 'Balisanakara', '29', '2023-08-05 02:49:52', '2023-08-05 02:49:52'),
(6303, 'Baragaon', '29', '2023-08-05 02:49:52', '2023-08-05 02:49:52'),
(6304, 'Bargaon', '29', '2023-08-05 02:49:52', '2023-08-05 02:49:52'),
(6305, 'Rajagangapur', '29', '2023-08-05 02:49:52', '2023-08-05 02:49:52'),
(6306, 'Rajgangpur', '29', '2023-08-05 02:49:52', '2023-08-05 02:49:52'),
(6307, 'Kutra', '29', '2023-08-05 02:49:52', '2023-08-05 02:49:52'),
(6308, 'Bhasma', '29', '2023-08-05 02:49:52', '2023-08-05 02:49:52'),
(6309, 'Kinjirkela', '29', '2023-08-05 02:49:52', '2023-08-05 02:49:52'),
(6310, 'Tangarpai', '29', '2023-08-05 02:49:52', '2023-08-05 02:49:52'),
(6311, 'Tangarpur', '29', '2023-08-05 02:49:52', '2023-08-05 02:49:52'),
(6312, 'Kuta', '29', '2023-08-05 02:49:52', '2023-08-05 02:49:52'),
(6313, 'Bondamunda', '29', '2023-08-05 02:49:52', '2023-08-05 02:49:52'),
(6314, 'Biramitrapur', '29', '2023-08-05 02:49:52', '2023-08-05 02:49:52'),
(6315, 'Kuarmunda', '29', '2023-08-05 02:49:52', '2023-08-05 02:49:52'),
(6316, 'Hatibari', '29', '2023-08-05 02:49:52', '2023-08-05 02:49:52'),
(6317, 'Kamarposh Balang', '29', '2023-08-05 02:49:52', '2023-08-05 02:49:52'),
(6318, 'Bisra Block', '29', '2023-08-05 02:49:52', '2023-08-05 02:49:52'),
(6319, 'Nuagaon Block', '29', '2023-08-05 02:49:52', '2023-08-05 02:49:52'),
(6320, 'Gurundia', '29', '2023-08-05 02:49:52', '2023-08-05 02:49:52'),
(6321, 'Banei', '29', '2023-08-05 02:49:52', '2023-08-05 02:49:52'),
(6322, 'Bonaigarh', '29', '2023-08-05 02:49:52', '2023-08-05 02:49:52'),
(6323, 'Koira', '29', '2023-08-05 02:49:52', '2023-08-05 02:49:52'),
(6324, 'Lahunipara', '29', '2023-08-05 02:49:52', '2023-08-05 02:49:52'),
(6325, 'Mahulpada', '29', '2023-08-05 02:49:52', '2023-08-05 02:49:52'),
(6326, 'Phulwari', '5', '2023-08-05 02:49:52', '2023-08-05 02:49:52'),
(6327, 'Patna Sadar', '5', '2023-08-05 02:49:52', '2023-08-05 02:49:52'),
(6328, 'Sampatchak', '5', '2023-08-05 02:49:52', '2023-08-05 02:49:52'),
(6329, 'Dinapur-Cum-Khagaul', '5', '2023-08-05 02:49:52', '2023-08-05 02:49:52'),
(6330, 'Danapur', '5', '2023-08-05 02:49:52', '2023-08-05 02:49:52'),
(6331, 'Patna', '5', '2023-08-05 02:49:52', '2023-08-05 02:49:52'),
(6332, 'Paliganj', '5', '2023-08-05 02:49:52', '2023-08-05 02:49:52'),
(6333, 'Dulhin Bazar', '5', '2023-08-05 02:49:52', '2023-08-05 02:49:52'),
(6334, 'Bihta', '5', '2023-08-05 02:49:52', '2023-08-05 02:49:52'),
(6335, 'Bikram', '5', '2023-08-05 02:49:52', '2023-08-05 02:49:52'),
(6336, 'Maner', '5', '2023-08-05 02:49:52', '2023-08-05 02:49:52'),
(6337, 'Naubatpur', '5', '2023-08-05 02:49:52', '2023-08-05 02:49:52'),
(6338, 'Ekangersarai', '5', '2023-08-05 02:49:52', '2023-08-05 02:49:52'),
(6339, 'Parwalpur', '5', '2023-08-05 02:49:52', '2023-08-05 02:49:52'),
(6340, 'Nalanda', '5', '2023-08-05 02:49:52', '2023-08-05 02:49:52');
INSERT INTO `cities` (`id`, `name`, `state_id`, `created_at`, `updated_at`) VALUES
(6341, 'Ekangarsarai', '5', '2023-08-05 02:49:52', '2023-08-05 02:49:52'),
(6342, 'Hilsa', '5', '2023-08-05 02:49:52', '2023-08-05 02:49:52'),
(6343, 'Islampur', '5', '2023-08-05 02:49:52', '2023-08-05 02:49:52'),
(6344, 'Ishlampur', '5', '2023-08-05 02:49:52', '2023-08-05 02:49:52'),
(6345, 'Hulashganj', '5', '2023-08-05 02:49:52', '2023-08-05 02:49:52'),
(6346, 'Daniyawan', '5', '2023-08-05 02:49:52', '2023-08-05 02:49:52'),
(6347, 'Karaipersurai', '5', '2023-08-05 02:49:52', '2023-08-05 02:49:52'),
(6348, 'Nagarnausa', '5', '2023-08-05 02:49:52', '2023-08-05 02:49:52'),
(6349, 'Telhara', '5', '2023-08-05 02:49:52', '2023-08-05 02:49:52'),
(6350, 'Chandi', '5', '2023-08-05 02:49:52', '2023-08-05 02:49:52'),
(6351, 'Tharthari', '5', '2023-08-05 02:49:52', '2023-08-05 02:49:52'),
(6352, 'Khagual', '5', '2023-08-05 02:49:52', '2023-08-05 02:49:52'),
(6353, 'Buxar', '5', '2023-08-05 02:49:52', '2023-08-05 02:49:52'),
(6354, 'Duraon', '5', '2023-08-05 02:49:52', '2023-08-05 02:49:52'),
(6355, 'Chakki', '5', '2023-08-05 02:49:52', '2023-08-05 02:49:52'),
(6356, 'Barhampur', '5', '2023-08-05 02:49:52', '2023-08-05 02:49:52'),
(6357, 'Dumraon', '5', '2023-08-05 02:49:52', '2023-08-05 02:49:52'),
(6358, 'Rajpur', '5', '2023-08-05 02:49:52', '2023-08-05 02:49:52'),
(6359, 'Chausa', '5', '2023-08-05 02:49:52', '2023-08-05 02:49:52'),
(6360, 'Simri', '5', '2023-08-05 02:49:52', '2023-08-05 02:49:52'),
(6361, 'Itarhi', '5', '2023-08-05 02:49:52', '2023-08-05 02:49:52'),
(6362, 'Kesath', '5', '2023-08-05 02:49:52', '2023-08-05 02:49:52'),
(6363, 'Nawanagar', '5', '2023-08-05 02:49:52', '2023-08-05 02:49:52'),
(6364, 'Mohania', '5', '2023-08-05 02:49:52', '2023-08-05 02:49:52'),
(6365, 'Nuaon', '5', '2023-08-05 02:49:52', '2023-08-05 02:49:52'),
(6366, 'Ramgarh', '5', '2023-08-05 02:49:52', '2023-08-05 02:49:52'),
(6367, 'Behea', '5', '2023-08-05 02:49:52', '2023-08-05 02:49:52'),
(6368, 'Jagdishpur', '5', '2023-08-05 02:49:52', '2023-08-05 02:49:52'),
(6369, 'Bhojpur', '5', '2023-08-05 02:49:52', '2023-08-05 02:49:52'),
(6370, 'Arrah', '5', '2023-08-05 02:49:52', '2023-08-05 02:49:52'),
(6371, 'Jagdishpur Jagdishpur', '5', '2023-08-05 02:49:52', '2023-08-05 02:49:52'),
(6372, 'Piru', '5', '2023-08-05 02:49:52', '2023-08-05 02:49:52'),
(6373, 'Koilwar', '5', '2023-08-05 02:49:52', '2023-08-05 02:49:52'),
(6374, 'Sandesh', '5', '2023-08-05 02:49:52', '2023-08-05 02:49:52'),
(6375, 'Shahpur', '5', '2023-08-05 02:49:52', '2023-08-05 02:49:52'),
(6376, 'Agiaon', '5', '2023-08-05 02:49:52', '2023-08-05 02:49:52'),
(6377, 'Garhani', '5', '2023-08-05 02:49:52', '2023-08-05 02:49:52'),
(6378, 'Piro', '5', '2023-08-05 02:49:52', '2023-08-05 02:49:52'),
(6379, 'Tarari', '5', '2023-08-05 02:49:52', '2023-08-05 02:49:52'),
(6380, 'Udwant Nagar', '5', '2023-08-05 02:49:52', '2023-08-05 02:49:52'),
(6381, 'Dawath', '5', '2023-08-05 02:49:52', '2023-08-05 02:49:52'),
(6382, 'Bikramganj', '5', '2023-08-05 02:49:52', '2023-08-05 02:49:52'),
(6383, 'Sanjhauli', '5', '2023-08-05 02:49:52', '2023-08-05 02:49:52'),
(6384, 'Dinara', '5', '2023-08-05 02:49:52', '2023-08-05 02:49:52'),
(6385, 'Karakat', '5', '2023-08-05 02:49:52', '2023-08-05 02:49:52'),
(6386, 'Sasaram', '5', '2023-08-05 02:49:52', '2023-08-05 02:49:52'),
(6387, 'Nokha', '5', '2023-08-05 02:49:52', '2023-08-05 02:49:52'),
(6388, 'Garh Nokha', '5', '2023-08-05 02:49:52', '2023-08-05 02:49:52'),
(6389, 'Chainpur', '5', '2023-08-05 02:49:52', '2023-08-05 02:49:52'),
(6390, 'Dehri', '5', '2023-08-05 02:49:52', '2023-08-05 02:49:52'),
(6391, 'Dehri On Sone', '5', '2023-08-05 02:49:52', '2023-08-05 02:49:52'),
(6392, 'Surajpura', '5', '2023-08-05 02:49:52', '2023-08-05 02:49:52'),
(6393, 'Barhara', '5', '2023-08-05 02:49:52', '2023-08-05 02:49:52'),
(6394, 'Bihar', '5', '2023-08-05 02:49:52', '2023-08-05 02:49:52'),
(6395, 'Biharsharif', '5', '2023-08-05 02:49:52', '2023-08-05 02:49:52'),
(6396, 'Asthawan', '5', '2023-08-05 02:49:52', '2023-08-05 02:49:52'),
(6397, 'Asthama', '5', '2023-08-05 02:49:52', '2023-08-05 02:49:52'),
(6398, 'Belchi Sharif', '5', '2023-08-05 02:49:52', '2023-08-05 02:49:52'),
(6399, 'Bind', '5', '2023-08-05 02:49:52', '2023-08-05 02:49:52'),
(6400, 'Rahui', '5', '2023-08-05 02:49:52', '2023-08-05 02:49:52'),
(6401, 'Biharsarif', '5', '2023-08-05 02:49:52', '2023-08-05 02:49:52'),
(6402, 'Warisaliganj', '5', '2023-08-05 02:49:52', '2023-08-05 02:49:52'),
(6403, 'Nawada', '5', '2023-08-05 02:49:52', '2023-08-05 02:49:52'),
(6404, 'Giriak', '5', '2023-08-05 02:49:52', '2023-08-05 02:49:52'),
(6405, 'Belchi', '5', '2023-08-05 02:49:52', '2023-08-05 02:49:52'),
(6406, 'Bakhtiarpur', '5', '2023-08-05 02:49:52', '2023-08-05 02:49:52'),
(6407, 'Harnaut', '5', '2023-08-05 02:49:52', '2023-08-05 02:49:52'),
(6408, 'Silao', '5', '2023-08-05 02:49:52', '2023-08-05 02:49:52'),
(6409, 'Noorsaran', '5', '2023-08-05 02:49:52', '2023-08-05 02:49:52'),
(6410, 'Ben', '5', '2023-08-05 02:49:52', '2023-08-05 02:49:52'),
(6411, 'Noorsarai', '5', '2023-08-05 02:49:52', '2023-08-05 02:49:52'),
(6412, 'Nursarai', '5', '2023-08-05 02:49:52', '2023-08-05 02:49:52'),
(6413, 'Nusarai', '5', '2023-08-05 02:49:52', '2023-08-05 02:49:52'),
(6414, 'Rajgir', '5', '2023-08-05 02:49:52', '2023-08-05 02:49:52'),
(6415, 'Bathani', '5', '2023-08-05 02:49:52', '2023-08-05 02:49:52'),
(6416, 'Sohsarai', '5', '2023-08-05 02:49:52', '2023-08-05 02:49:52'),
(6417, 'Fatwah', '5', '2023-08-05 02:49:52', '2023-08-05 02:49:52'),
(6418, 'Patna City', '5', '2023-08-05 02:49:52', '2023-08-05 02:49:52'),
(6419, 'Dhanarua', '5', '2023-08-05 02:49:52', '2023-08-05 02:49:52'),
(6420, 'Khusrupur', '5', '2023-08-05 02:49:52', '2023-08-05 02:49:52'),
(6421, 'Athmalgola', '5', '2023-08-05 02:49:52', '2023-08-05 02:49:52'),
(6422, 'Barh', '5', '2023-08-05 02:49:52', '2023-08-05 02:49:52'),
(6423, 'Bakhtiarpurj', '5', '2023-08-05 02:49:52', '2023-08-05 02:49:52'),
(6424, 'Bah', '5', '2023-08-05 02:49:52', '2023-08-05 02:49:52'),
(6425, 'Pandarak', '5', '2023-08-05 02:49:52', '2023-08-05 02:49:52'),
(6426, 'Bihar Sharif', '5', '2023-08-05 02:49:52', '2023-08-05 02:49:52'),
(6427, 'Mokama', '5', '2023-08-05 02:49:52', '2023-08-05 02:49:52'),
(6428, 'Ghoshwari', '5', '2023-08-05 02:49:52', '2023-08-05 02:49:52'),
(6429, 'Ghoswari', '5', '2023-08-05 02:49:52', '2023-08-05 02:49:52'),
(6430, 'Pandaak', '5', '2023-08-05 02:49:52', '2023-08-05 02:49:52'),
(6431, 'Arwal', '5', '2023-08-05 02:49:52', '2023-08-05 02:49:52'),
(6432, 'Kaler', '5', '2023-08-05 02:49:52', '2023-08-05 02:49:52'),
(6433, 'Belaganj', '5', '2023-08-05 02:49:52', '2023-08-05 02:49:52'),
(6434, 'Makhdumpur', '5', '2023-08-05 02:49:52', '2023-08-05 02:49:52'),
(6435, 'Town Block Gaya', '5', '2023-08-05 02:49:52', '2023-08-05 02:49:52'),
(6436, 'Gaya', '5', '2023-08-05 02:49:52', '2023-08-05 02:49:52'),
(6437, 'Jehanabad', '5', '2023-08-05 02:49:52', '2023-08-05 02:49:52'),
(6438, 'Ghoshi', '5', '2023-08-05 02:49:52', '2023-08-05 02:49:52'),
(6439, 'Hulasganj', '5', '2023-08-05 02:49:52', '2023-08-05 02:49:52'),
(6440, 'Kako', '5', '2023-08-05 02:49:52', '2023-08-05 02:49:52'),
(6441, 'Karpi', '5', '2023-08-05 02:49:52', '2023-08-05 02:49:52'),
(6442, 'Banshisurajpura', '5', '2023-08-05 02:49:52', '2023-08-05 02:49:52'),
(6443, 'Banshi Surajpura', '5', '2023-08-05 02:49:52', '2023-08-05 02:49:52'),
(6444, 'Kurtha', '5', '2023-08-05 02:49:52', '2023-08-05 02:49:52'),
(6445, 'Banshi Surajpur', '5', '2023-08-05 02:49:52', '2023-08-05 02:49:52'),
(6446, 'Sakurabad', '5', '2023-08-05 02:49:52', '2023-08-05 02:49:52'),
(6447, 'Ratnifaridpur', '5', '2023-08-05 02:49:52', '2023-08-05 02:49:52'),
(6448, 'Tekari', '5', '2023-08-05 02:49:52', '2023-08-05 02:49:52'),
(6449, 'Masaurhi', '5', '2023-08-05 02:49:52', '2023-08-05 02:49:52'),
(6450, 'Punpun', '5', '2023-08-05 02:49:52', '2023-08-05 02:49:52'),
(6451, 'Pakribarawan', '5', '2023-08-05 02:49:52', '2023-08-05 02:49:52'),
(6452, 'Akbarpur', '5', '2023-08-05 02:49:52', '2023-08-05 02:49:52'),
(6453, 'Nawadha', '5', '2023-08-05 02:49:52', '2023-08-05 02:49:52'),
(6454, 'Hisua', '5', '2023-08-05 02:49:52', '2023-08-05 02:49:52'),
(6455, 'Roh', '5', '2023-08-05 02:49:52', '2023-08-05 02:49:52'),
(6456, 'Kawakol', '5', '2023-08-05 02:49:52', '2023-08-05 02:49:52'),
(6457, 'Kashi Chak', '5', '2023-08-05 02:49:52', '2023-08-05 02:49:52'),
(6458, 'Gobindpur', '5', '2023-08-05 02:49:52', '2023-08-05 02:49:52'),
(6459, 'Narhat', '5', '2023-08-05 02:49:52', '2023-08-05 02:49:52'),
(6460, 'Meskaur', '5', '2023-08-05 02:49:52', '2023-08-05 02:49:52'),
(6461, 'Nardiganj', '5', '2023-08-05 02:49:52', '2023-08-05 02:49:52'),
(6462, 'Rajauli', '5', '2023-08-05 02:49:52', '2023-08-05 02:49:52'),
(6463, 'Sirdala', '5', '2023-08-05 02:49:52', '2023-08-05 02:49:52'),
(6464, 'Pakribrawana', '5', '2023-08-05 02:49:52', '2023-08-05 02:49:52'),
(6465, 'Atri', '5', '2023-08-05 02:49:52', '2023-08-05 02:49:52'),
(6466, 'Sheopursarai', '5', '2023-08-05 02:49:52', '2023-08-05 02:49:52'),
(6467, 'Barbigha', '5', '2023-08-05 02:49:52', '2023-08-05 02:49:52'),
(6468, 'Shekhopur', '5', '2023-08-05 02:49:52', '2023-08-05 02:49:52'),
(6469, 'Sarmera', '5', '2023-08-05 02:49:52', '2023-08-05 02:49:52'),
(6470, 'Shekhopur Sarai', '5', '2023-08-05 02:49:52', '2023-08-05 02:49:52'),
(6471, 'Ashtawan', '5', '2023-08-05 02:49:52', '2023-08-05 02:49:52'),
(6472, 'Shekhopursarai', '5', '2023-08-05 02:49:52', '2023-08-05 02:49:52'),
(6473, 'Ghat Kushambha', '5', '2023-08-05 02:49:52', '2023-08-05 02:49:52'),
(6474, 'Sheikhpura', '5', '2023-08-05 02:49:52', '2023-08-05 02:49:52'),
(6475, 'Sermera', '5', '2023-08-05 02:49:52', '2023-08-05 02:49:52'),
(6476, 'Shekhosarai', '5', '2023-08-05 02:49:52', '2023-08-05 02:49:52'),
(6477, 'Shekhpur Sarai', '5', '2023-08-05 02:49:52', '2023-08-05 02:49:52'),
(6478, 'Shekhopura Sarai', '5', '2023-08-05 02:49:52', '2023-08-05 02:49:52'),
(6479, 'Ashthwan', '5', '2023-08-05 02:49:52', '2023-08-05 02:49:52'),
(6480, 'Srmera', '5', '2023-08-05 02:49:52', '2023-08-05 02:49:52'),
(6481, 'Ariyari', '5', '2023-08-05 02:49:52', '2023-08-05 02:49:52'),
(6482, 'Aiary', '5', '2023-08-05 02:49:52', '2023-08-05 02:49:52'),
(6483, 'Hathiyawan', '5', '2023-08-05 02:49:52', '2023-08-05 02:49:52'),
(6484, 'Mehus', '5', '2023-08-05 02:49:52', '2023-08-05 02:49:52'),
(6485, 'Samho', '5', '2023-08-05 02:49:52', '2023-08-05 02:49:52'),
(6486, 'Shamho', '5', '2023-08-05 02:49:52', '2023-08-05 02:49:52'),
(6487, 'Surajgarha', '5', '2023-08-05 02:49:52', '2023-08-05 02:49:52'),
(6488, 'Surajgaraha', '5', '2023-08-05 02:49:52', '2023-08-05 02:49:52'),
(6489, 'Ramgarh Chowk', '5', '2023-08-05 02:49:52', '2023-08-05 02:49:52'),
(6490, 'Ghatkeshambha', '5', '2023-08-05 02:49:52', '2023-08-05 02:49:52'),
(6491, 'Ghatkusumbha', '5', '2023-08-05 02:49:52', '2023-08-05 02:49:52'),
(6492, 'Ghat Koshamba', '5', '2023-08-05 02:49:52', '2023-08-05 02:49:52'),
(6493, 'Lakhisarai', '5', '2023-08-05 02:49:52', '2023-08-05 02:49:52'),
(6494, 'Halsi', '5', '2023-08-05 02:49:52', '2023-08-05 02:49:52'),
(6495, 'Munger', '5', '2023-08-05 02:49:52', '2023-08-05 02:49:52'),
(6496, 'Jamalpur', '5', '2023-08-05 02:49:52', '2023-08-05 02:49:52'),
(6497, 'Dharhara', '5', '2023-08-05 02:49:52', '2023-08-05 02:49:52'),
(6498, 'Khagaria', '5', '2023-08-05 02:49:52', '2023-08-05 02:49:52'),
(6499, 'Bariarpur', '5', '2023-08-05 02:49:52', '2023-08-05 02:49:52'),
(6500, 'Sultanganj', '5', '2023-08-05 02:49:52', '2023-08-05 02:49:52'),
(6501, 'Haweli Kharagpur', '5', '2023-08-05 02:49:52', '2023-08-05 02:49:52'),
(6502, 'Sadar Munger', '5', '2023-08-05 02:49:52', '2023-08-05 02:49:52'),
(6503, 'Dahrhara', '5', '2023-08-05 02:49:52', '2023-08-05 02:49:52'),
(6504, 'Tetia', '5', '2023-08-05 02:49:52', '2023-08-05 02:49:52'),
(6505, 'Tetiabambar', '5', '2023-08-05 02:49:52', '2023-08-05 02:49:52'),
(6506, 'Hawelikhragpur', '5', '2023-08-05 02:49:52', '2023-08-05 02:49:52'),
(6507, 'H Kharagpur', '5', '2023-08-05 02:49:52', '2023-08-05 02:49:52'),
(6508, 'Tetiya Bambar', '5', '2023-08-05 02:49:52', '2023-08-05 02:49:52'),
(6509, 'Hawelikharagpur', '5', '2023-08-05 02:49:52', '2023-08-05 02:49:52'),
(6510, 'Tarapur', '5', '2023-08-05 02:49:52', '2023-08-05 02:49:52'),
(6511, 'Tetia Bambar', '5', '2023-08-05 02:49:52', '2023-08-05 02:49:52'),
(6512, 'Sangrampur', '5', '2023-08-05 02:49:52', '2023-08-05 02:49:52'),
(6513, 'Islamnagar', '5', '2023-08-05 02:49:52', '2023-08-05 02:49:52'),
(6514, 'Aliganj', '5', '2023-08-05 02:49:52', '2023-08-05 02:49:52'),
(6515, 'Islam Nagar', '5', '2023-08-05 02:49:52', '2023-08-05 02:49:52'),
(6516, 'Barhiya', '5', '2023-08-05 02:49:52', '2023-08-05 02:49:52'),
(6517, 'Piparia', '5', '2023-08-05 02:49:52', '2023-08-05 02:49:52'),
(6518, 'Mokamah', '5', '2023-08-05 02:49:52', '2023-08-05 02:49:52'),
(6519, 'Chakai', '5', '2023-08-05 02:49:52', '2023-08-05 02:49:52'),
(6520, 'Chakai So', '5', '2023-08-05 02:49:52', '2023-08-05 02:49:52'),
(6521, 'Chewara', '5', '2023-08-05 02:49:52', '2023-08-05 02:49:52'),
(6522, 'Sheikhpur', '5', '2023-08-05 02:49:52', '2023-08-05 02:49:52'),
(6523, 'Khaira', '5', '2023-08-05 02:49:52', '2023-08-05 02:49:52'),
(6524, 'Khira', '5', '2023-08-05 02:49:52', '2023-08-05 02:49:52'),
(6525, 'Jamui', '5', '2023-08-05 02:49:52', '2023-08-05 02:49:52'),
(6526, 'Gidhaur', '5', '2023-08-05 02:49:52', '2023-08-05 02:49:52'),
(6527, 'Barhat', '5', '2023-08-05 02:49:52', '2023-08-05 02:49:52'),
(6528, 'Jhajha', '5', '2023-08-05 02:49:52', '2023-08-05 02:49:52'),
(6529, 'Khiara', '5', '2023-08-05 02:49:52', '2023-08-05 02:49:52'),
(6530, 'Sono', '5', '2023-08-05 02:49:52', '2023-08-05 02:49:52'),
(6531, 'Chandan', '5', '2023-08-05 02:49:52', '2023-08-05 02:49:52'),
(6532, 'Jhajah', '5', '2023-08-05 02:49:52', '2023-08-05 02:49:52'),
(6533, 'Bandhu Bagicha', '5', '2023-08-05 02:49:52', '2023-08-05 02:49:52'),
(6534, 'Bannu Bagicha', '5', '2023-08-05 02:49:52', '2023-08-05 02:49:52'),
(6535, 'Chanan (Bannu Bagicha)', '5', '2023-08-05 02:49:52', '2023-08-05 02:49:52'),
(6536, 'Chanan(Bannu Bagicha)', '5', '2023-08-05 02:49:52', '2023-08-05 02:49:52'),
(6537, 'Monghyr', '5', '2023-08-05 02:49:52', '2023-08-05 02:49:52'),
(6538, 'Ramgarh Chowkq', '5', '2023-08-05 02:49:52', '2023-08-05 02:49:52'),
(6539, 'Bannubagicha (Chanan)', '5', '2023-08-05 02:49:52', '2023-08-05 02:49:52'),
(6540, 'Pipariya', '5', '2023-08-05 02:49:52', '2023-08-05 02:49:52'),
(6541, 'Pipaia', '5', '2023-08-05 02:49:52', '2023-08-05 02:49:52'),
(6542, 'Laxmipur', '5', '2023-08-05 02:49:52', '2023-08-05 02:49:52'),
(6543, 'Barahat', '5', '2023-08-05 02:49:52', '2023-08-05 02:49:52'),
(6544, 'Sonoi', '5', '2023-08-05 02:49:52', '2023-08-05 02:49:52'),
(6545, 'Sikandra', '5', '2023-08-05 02:49:52', '2023-08-05 02:49:52'),
(6546, 'Khaira Bo', '5', '2023-08-05 02:49:52', '2023-08-05 02:49:52'),
(6547, 'Bhagalpur', '5', '2023-08-05 02:49:52', '2023-08-05 02:49:52'),
(6548, 'Nathnagar', '5', '2023-08-05 02:49:52', '2023-08-05 02:49:52'),
(6549, 'Nathnager', '5', '2023-08-05 02:49:52', '2023-08-05 02:49:52'),
(6550, 'Colgong', '5', '2023-08-05 02:49:52', '2023-08-05 02:49:52'),
(6551, 'Amarpur', '5', '2023-08-05 02:49:52', '2023-08-05 02:49:52'),
(6552, 'Banka', '5', '2023-08-05 02:49:52', '2023-08-05 02:49:52'),
(6553, 'Bausi', '5', '2023-08-05 02:49:52', '2023-08-05 02:49:52'),
(6554, 'Katoria', '5', '2023-08-05 02:49:52', '2023-08-05 02:49:52'),
(6555, 'Bounsi', '5', '2023-08-05 02:49:52', '2023-08-05 02:49:52'),
(6556, 'Rajaun', '5', '2023-08-05 02:49:52', '2023-08-05 02:49:52'),
(6557, 'Dhuraiya', '5', '2023-08-05 02:49:52', '2023-08-05 02:49:52'),
(6558, 'Goradih', '5', '2023-08-05 02:49:52', '2023-08-05 02:49:52'),
(6559, 'Chanan', '5', '2023-08-05 02:49:52', '2023-08-05 02:49:52'),
(6560, 'Rajoun', '5', '2023-08-05 02:49:52', '2023-08-05 02:49:52'),
(6561, 'Sahkund', '5', '2023-08-05 02:49:52', '2023-08-05 02:49:52'),
(6562, 'Shahkund', '5', '2023-08-05 02:49:52', '2023-08-05 02:49:52'),
(6563, 'Barahiya', '5', '2023-08-05 02:49:52', '2023-08-05 02:49:52'),
(6564, 'Asarganj', '5', '2023-08-05 02:49:52', '2023-08-05 02:49:52'),
(6565, 'Shambhuganj', '5', '2023-08-05 02:49:52', '2023-08-05 02:49:52'),
(6566, 'Belhar', '5', '2023-08-05 02:49:52', '2023-08-05 02:49:52'),
(6567, 'Kahalgoan', '5', '2023-08-05 02:49:52', '2023-08-05 02:49:52'),
(6568, 'Kahalgaon', '5', '2023-08-05 02:49:52', '2023-08-05 02:49:52'),
(6569, 'Bihariganj', '5', '2023-08-05 02:49:52', '2023-08-05 02:49:52'),
(6570, 'Sonhaula', '5', '2023-08-05 02:49:52', '2023-08-05 02:49:52'),
(6571, 'Sanhoula', '5', '2023-08-05 02:49:52', '2023-08-05 02:49:52'),
(6572, 'Dharia', '5', '2023-08-05 02:49:52', '2023-08-05 02:49:52'),
(6573, 'Pripainti', '5', '2023-08-05 02:49:52', '2023-08-05 02:49:52'),
(6574, 'Pirpainti', '5', '2023-08-05 02:49:52', '2023-08-05 02:49:52'),
(6575, 'Fullidumar', '5', '2023-08-05 02:49:52', '2023-08-05 02:49:52'),
(6576, 'Phulidumar', '5', '2023-08-05 02:49:52', '2023-08-05 02:49:52'),
(6577, 'Fulldumar', '5', '2023-08-05 02:49:52', '2023-08-05 02:49:52'),
(6578, 'Sabour', '5', '2023-08-05 02:49:52', '2023-08-05 02:49:52'),
(6579, 'Kharagpur', '5', '2023-08-05 02:49:52', '2023-08-05 02:49:52'),
(6580, 'Narayanpur', '5', '2023-08-05 02:49:52', '2023-08-05 02:49:52'),
(6581, 'Bhabua', '5', '2023-08-05 02:49:52', '2023-08-05 02:49:52'),
(6582, 'Rohtas', '5', '2023-08-05 02:49:52', '2023-08-05 02:49:52'),
(6583, 'Adhaura', '5', '2023-08-05 02:49:52', '2023-08-05 02:49:52'),
(6584, 'Bhagwanpur', '5', '2023-08-05 02:49:52', '2023-08-05 02:49:52'),
(6585, 'Chand', '5', '2023-08-05 02:49:52', '2023-08-05 02:49:52'),
(6586, 'Bhabuaa', '5', '2023-08-05 02:49:52', '2023-08-05 02:49:52'),
(6587, 'Chenari', '5', '2023-08-05 02:49:52', '2023-08-05 02:49:52'),
(6588, 'Sheosagar', '5', '2023-08-05 02:49:52', '2023-08-05 02:49:52'),
(6589, 'Rampur', '5', '2023-08-05 02:49:52', '2023-08-05 02:49:52'),
(6590, 'Durgawati', '5', '2023-08-05 02:49:52', '2023-08-05 02:49:52'),
(6591, 'Kargahar', '5', '2023-08-05 02:49:52', '2023-08-05 02:49:52'),
(6592, 'Kudra', '5', '2023-08-05 02:49:52', '2023-08-05 02:49:52'),
(6593, 'Koura', '5', '2023-08-05 02:49:52', '2023-08-05 02:49:52'),
(6594, 'Kochas', '5', '2023-08-05 02:49:52', '2023-08-05 02:49:52'),
(6595, 'Akorhi', '5', '2023-08-05 02:49:52', '2023-08-05 02:49:52'),
(6596, 'Akorhi Gola', '5', '2023-08-05 02:49:52', '2023-08-05 02:49:52'),
(6597, 'Akorhi Bazar', '5', '2023-08-05 02:49:52', '2023-08-05 02:49:52'),
(6598, 'Tilouthu', '5', '2023-08-05 02:49:52', '2023-08-05 02:49:52'),
(6599, 'Nasriganj', '5', '2023-08-05 02:49:52', '2023-08-05 02:49:52'),
(6600, 'Manpur', '5', '2023-08-05 02:49:52', '2023-08-05 02:49:52'),
(6601, 'Bodhgaya', '5', '2023-08-05 02:49:52', '2023-08-05 02:49:52'),
(6602, 'Aurangabad', '5', '2023-08-05 02:49:52', '2023-08-05 02:49:52'),
(6603, 'Madanpur', '5', '2023-08-05 02:49:52', '2023-08-05 02:49:52'),
(6604, 'Amba', '5', '2023-08-05 02:49:52', '2023-08-05 02:49:52'),
(6605, 'Barun', '5', '2023-08-05 02:49:52', '2023-08-05 02:49:52'),
(6606, 'Daudnagar', '5', '2023-08-05 02:49:52', '2023-08-05 02:49:52'),
(6607, 'Daunagar', '5', '2023-08-05 02:49:52', '2023-08-05 02:49:52'),
(6608, 'Goh', '5', '2023-08-05 02:49:52', '2023-08-05 02:49:52'),
(6609, 'Haspura', '5', '2023-08-05 02:49:52', '2023-08-05 02:49:52'),
(6610, 'Rafiganj', '5', '2023-08-05 02:49:52', '2023-08-05 02:49:52'),
(6611, 'Konch', '5', '2023-08-05 02:49:52', '2023-08-05 02:49:52'),
(6612, 'Guraru', '5', '2023-08-05 02:49:52', '2023-08-05 02:49:52'),
(6613, 'G.Mills', '5', '2023-08-05 02:49:52', '2023-08-05 02:49:52'),
(6614, 'Jamhor', '5', '2023-08-05 02:49:52', '2023-08-05 02:49:52'),
(6615, 'Rafigang', '5', '2023-08-05 02:49:52', '2023-08-05 02:49:52'),
(6616, 'Kutumba', '5', '2023-08-05 02:49:52', '2023-08-05 02:49:52'),
(6617, 'Obra', '5', '2023-08-05 02:49:52', '2023-08-05 02:49:52'),
(6618, 'Barachatti', '5', '2023-08-05 02:49:52', '2023-08-05 02:49:52'),
(6619, 'Barahcatti', '5', '2023-08-05 02:49:52', '2023-08-05 02:49:52'),
(6620, 'Barahchatti', '5', '2023-08-05 02:49:52', '2023-08-05 02:49:52'),
(6621, 'Brachatti', '5', '2023-08-05 02:49:52', '2023-08-05 02:49:52'),
(6622, 'Deo', '5', '2023-08-05 02:49:52', '2023-08-05 02:49:52'),
(6623, 'Gurua', '5', '2023-08-05 02:49:52', '2023-08-05 02:49:52'),
(6624, 'Imamganj', '5', '2023-08-05 02:49:52', '2023-08-05 02:49:52'),
(6625, 'Imamgnaj', '5', '2023-08-05 02:49:52', '2023-08-05 02:49:52'),
(6626, 'Ko0Nch', '5', '2023-08-05 02:49:52', '2023-08-05 02:49:52'),
(6627, 'Paraiya', '5', '2023-08-05 02:49:52', '2023-08-05 02:49:52'),
(6628, 'Raniganj', '5', '2023-08-05 02:49:52', '2023-08-05 02:49:52'),
(6629, 'Shergahati', '5', '2023-08-05 02:49:52', '2023-08-05 02:49:52'),
(6630, 'Sherghati', '5', '2023-08-05 02:49:52', '2023-08-05 02:49:52'),
(6631, 'Shergahti', '5', '2023-08-05 02:49:52', '2023-08-05 02:49:52'),
(6632, 'Bankey Bazar', '5', '2023-08-05 02:49:52', '2023-08-05 02:49:52'),
(6633, 'Bankey Bajar', '5', '2023-08-05 02:49:52', '2023-08-05 02:49:52'),
(6634, 'Amas', '5', '2023-08-05 02:49:52', '2023-08-05 02:49:52'),
(6635, 'Dobhi', '5', '2023-08-05 02:49:52', '2023-08-05 02:49:52'),
(6636, 'Fatehpur Block', '5', '2023-08-05 02:49:52', '2023-08-05 02:49:52'),
(6637, 'Fatehpur', '5', '2023-08-05 02:49:52', '2023-08-05 02:49:52'),
(6638, 'Mohanpur', '5', '2023-08-05 02:49:52', '2023-08-05 02:49:52'),
(6639, 'Khizirsarai', '5', '2023-08-05 02:49:52', '2023-08-05 02:49:52'),
(6640, 'Khijersarai', '5', '2023-08-05 02:49:52', '2023-08-05 02:49:52'),
(6641, 'Bodh Gaya', '5', '2023-08-05 02:49:52', '2023-08-05 02:49:52'),
(6642, 'Tikari', '5', '2023-08-05 02:49:52', '2023-08-05 02:49:52'),
(6643, 'Guruwa', '5', '2023-08-05 02:49:52', '2023-08-05 02:49:52'),
(6644, 'Nabinagar', '5', '2023-08-05 02:49:52', '2023-08-05 02:49:52'),
(6645, 'Nabi Nagar', '5', '2023-08-05 02:49:52', '2023-08-05 02:49:52'),
(6646, 'Chapra', '5', '2023-08-05 02:49:52', '2023-08-05 02:49:52'),
(6647, 'Dariapur', '5', '2023-08-05 02:49:52', '2023-08-05 02:49:52'),
(6648, 'Sonepur', '5', '2023-08-05 02:49:52', '2023-08-05 02:49:52'),
(6649, 'Dighwara', '5', '2023-08-05 02:49:52', '2023-08-05 02:49:52'),
(6650, 'Saran', '5', '2023-08-05 02:49:52', '2023-08-05 02:49:52'),
(6651, 'Manjhi', '5', '2023-08-05 02:49:52', '2023-08-05 02:49:52'),
(6652, 'Garkha', '5', '2023-08-05 02:49:52', '2023-08-05 02:49:52'),
(6653, 'Siwan', '5', '2023-08-05 02:49:52', '2023-08-05 02:49:52'),
(6654, 'Ekma', '5', '2023-08-05 02:49:52', '2023-08-05 02:49:52'),
(6655, 'Jalalpur', '5', '2023-08-05 02:49:52', '2023-08-05 02:49:52'),
(6656, 'Lahladpur', '5', '2023-08-05 02:49:52', '2023-08-05 02:49:52'),
(6657, 'Siswan', '5', '2023-08-05 02:49:52', '2023-08-05 02:49:52'),
(6658, 'Revelganj', '5', '2023-08-05 02:49:52', '2023-08-05 02:49:52'),
(6659, 'Parsa', '5', '2023-08-05 02:49:52', '2023-08-05 02:49:52'),
(6660, 'Pachrukhi', '5', '2023-08-05 02:49:52', '2023-08-05 02:49:52'),
(6661, 'Andar', '5', '2023-08-05 02:49:52', '2023-08-05 02:49:52'),
(6662, 'Maharajganj', '5', '2023-08-05 02:49:52', '2023-08-05 02:49:52'),
(6663, 'Mairwa', '5', '2023-08-05 02:49:52', '2023-08-05 02:49:52'),
(6664, 'Siwn', '5', '2023-08-05 02:49:52', '2023-08-05 02:49:52'),
(6665, 'Ziradei', '5', '2023-08-05 02:49:52', '2023-08-05 02:49:52'),
(6666, 'Hasanpura', '5', '2023-08-05 02:49:52', '2023-08-05 02:49:52'),
(6667, 'Amnour', '5', '2023-08-05 02:49:52', '2023-08-05 02:49:52'),
(6668, 'Marhaura', '5', '2023-08-05 02:49:52', '2023-08-05 02:49:52'),
(6669, 'Taraiya', '5', '2023-08-05 02:49:52', '2023-08-05 02:49:52'),
(6670, 'Baniapur', '5', '2023-08-05 02:49:52', '2023-08-05 02:49:52'),
(6671, 'Daraundha', '5', '2023-08-05 02:49:52', '2023-08-05 02:49:52'),
(6672, 'Gopalganj', '5', '2023-08-05 02:49:52', '2023-08-05 02:49:52'),
(6673, 'Bhagwanpur Hat', '5', '2023-08-05 02:49:52', '2023-08-05 02:49:52'),
(6674, 'Panapur', '5', '2023-08-05 02:49:52', '2023-08-05 02:49:52'),
(6675, 'Ishupur', '5', '2023-08-05 02:49:52', '2023-08-05 02:49:52'),
(6676, 'Nagra', '5', '2023-08-05 02:49:52', '2023-08-05 02:49:52'),
(6677, 'Lakri Nabiganj', '5', '2023-08-05 02:49:52', '2023-08-05 02:49:52'),
(6678, 'Mashrakh', '5', '2023-08-05 02:49:52', '2023-08-05 02:49:52'),
(6679, 'Guthani', '5', '2023-08-05 02:49:52', '2023-08-05 02:49:52'),
(6680, 'Hathua', '5', '2023-08-05 02:49:52', '2023-08-05 02:49:52'),
(6681, 'Gopalgan J', '5', '2023-08-05 02:49:52', '2023-08-05 02:49:52'),
(6682, 'Gopal;Ganj', '5', '2023-08-05 02:49:52', '2023-08-05 02:49:52'),
(6683, 'Maker', '5', '2023-08-05 02:49:52', '2023-08-05 02:49:52'),
(6684, 'Mushahari', '5', '2023-08-05 02:49:52', '2023-08-05 02:49:52'),
(6685, 'Muzaffarpur', '5', '2023-08-05 02:49:52', '2023-08-05 02:49:52'),
(6686, 'Mushahri', '5', '2023-08-05 02:49:52', '2023-08-05 02:49:52'),
(6687, 'Bochaha', '5', '2023-08-05 02:49:52', '2023-08-05 02:49:52'),
(6688, 'Saraiya', '5', '2023-08-05 02:49:52', '2023-08-05 02:49:52'),
(6689, 'Sakra', '5', '2023-08-05 02:49:52', '2023-08-05 02:49:52'),
(6690, 'Sakara', '5', '2023-08-05 02:49:52', '2023-08-05 02:49:52'),
(6691, 'Paroo', '5', '2023-08-05 02:49:52', '2023-08-05 02:49:52'),
(6692, 'Kurhani', '5', '2023-08-05 02:49:52', '2023-08-05 02:49:52'),
(6693, 'Kanti', '5', '2023-08-05 02:49:52', '2023-08-05 02:49:52'),
(6694, 'Patepur', '5', '2023-08-05 02:49:52', '2023-08-05 02:49:52'),
(6695, 'Motipur', '5', '2023-08-05 02:49:52', '2023-08-05 02:49:52'),
(6696, 'Bandra', '5', '2023-08-05 02:49:52', '2023-08-05 02:49:52'),
(6697, 'Minapur', '5', '2023-08-05 02:49:52', '2023-08-05 02:49:52'),
(6698, 'Maniari', '5', '2023-08-05 02:49:52', '2023-08-05 02:49:52'),
(6699, 'Muraul', '5', '2023-08-05 02:49:52', '2023-08-05 02:49:52'),
(6700, 'Sahebganj', '5', '2023-08-05 02:49:52', '2023-08-05 02:49:52'),
(6701, 'Marwan', '5', '2023-08-05 02:49:52', '2023-08-05 02:49:52'),
(6702, 'Dumra', '5', '2023-08-05 02:49:52', '2023-08-05 02:49:52'),
(6703, 'Riga', '5', '2023-08-05 02:49:52', '2023-08-05 02:49:52'),
(6704, 'Bathnaha', '5', '2023-08-05 02:49:52', '2023-08-05 02:49:52'),
(6705, 'Runisaidpur', '5', '2023-08-05 02:49:52', '2023-08-05 02:49:52'),
(6706, 'Runnisaidpur', '5', '2023-08-05 02:49:52', '2023-08-05 02:49:52'),
(6707, 'R.Saidpur', '5', '2023-08-05 02:49:52', '2023-08-05 02:49:52'),
(6708, 'Aurai', '5', '2023-08-05 02:49:52', '2023-08-05 02:49:52'),
(6709, 'Bairgania', '5', '2023-08-05 02:49:52', '2023-08-05 02:49:52'),
(6710, 'Sitamarhi', '5', '2023-08-05 02:49:52', '2023-08-05 02:49:52'),
(6711, 'Bajpatti', '5', '2023-08-05 02:49:52', '2023-08-05 02:49:52'),
(6712, 'Majorganj', '5', '2023-08-05 02:49:52', '2023-08-05 02:49:52'),
(6713, 'M. Ganj', '5', '2023-08-05 02:49:52', '2023-08-05 02:49:52'),
(6714, 'Belsand', '5', '2023-08-05 02:49:52', '2023-08-05 02:49:52'),
(6715, 'Sonbarsa', '5', '2023-08-05 02:49:52', '2023-08-05 02:49:52'),
(6716, 'Sonbersa', '5', '2023-08-05 02:49:52', '2023-08-05 02:49:52'),
(6717, 'Bokhra', '5', '2023-08-05 02:49:52', '2023-08-05 02:49:52'),
(6718, 'Bokhara', '5', '2023-08-05 02:49:52', '2023-08-05 02:49:52'),
(6719, 'Choraut', '5', '2023-08-05 02:49:52', '2023-08-05 02:49:52'),
(6720, 'Pupri', '5', '2023-08-05 02:49:52', '2023-08-05 02:49:52'),
(6721, 'Pupari', '5', '2023-08-05 02:49:52', '2023-08-05 02:49:52'),
(6722, 'Katra', '5', '2023-08-05 02:49:52', '2023-08-05 02:49:52'),
(6723, 'R. Saidpur', '5', '2023-08-05 02:49:52', '2023-08-05 02:49:52'),
(6724, 'Parihar', '5', '2023-08-05 02:49:52', '2023-08-05 02:49:52'),
(6725, 'Parsauni', '5', '2023-08-05 02:49:52', '2023-08-05 02:49:52'),
(6726, 'Nanpur', '5', '2023-08-05 02:49:52', '2023-08-05 02:49:52'),
(6727, 'Sheohar', '5', '2023-08-05 02:49:52', '2023-08-05 02:49:52'),
(6728, 'Sursand', '5', '2023-08-05 02:49:52', '2023-08-05 02:49:52'),
(6729, 'Piprahi', '5', '2023-08-05 02:49:52', '2023-08-05 02:49:52'),
(6730, 'Purnahiya', '5', '2023-08-05 02:49:52', '2023-08-05 02:49:52'),
(6731, 'Piprarhi', '5', '2023-08-05 02:49:52', '2023-08-05 02:49:52'),
(6732, 'Hajipur', '5', '2023-08-05 02:49:52', '2023-08-05 02:49:52'),
(6733, 'Raghopur', '5', '2023-08-05 02:49:52', '2023-08-05 02:49:52'),
(6734, 'Bidupur', '5', '2023-08-05 02:49:52', '2023-08-05 02:49:52'),
(6735, 'P. Belsar', '5', '2023-08-05 02:49:52', '2023-08-05 02:49:52'),
(6736, 'P.Belsar', '5', '2023-08-05 02:49:52', '2023-08-05 02:49:52'),
(6737, 'Belsar', '5', '2023-08-05 02:49:52', '2023-08-05 02:49:52'),
(6738, 'Paedhi Belsar', '5', '2023-08-05 02:49:52', '2023-08-05 02:49:52'),
(6739, 'Vaishali', '5', '2023-08-05 02:49:52', '2023-08-05 02:49:52'),
(6740, 'Chehra Kalan', '5', '2023-08-05 02:49:52', '2023-08-05 02:49:52'),
(6741, 'Bhaghwanpur', '5', '2023-08-05 02:49:52', '2023-08-05 02:49:52'),
(6742, 'Rajapakar', '5', '2023-08-05 02:49:52', '2023-08-05 02:49:52'),
(6743, 'Jhandaha', '5', '2023-08-05 02:49:52', '2023-08-05 02:49:52'),
(6744, 'Goraul', '5', '2023-08-05 02:49:52', '2023-08-05 02:49:52'),
(6745, 'Lalgang', '5', '2023-08-05 02:49:52', '2023-08-05 02:49:52'),
(6746, 'Lalganj', '5', '2023-08-05 02:49:52', '2023-08-05 02:49:52'),
(6747, 'Paterhi Belsar', '5', '2023-08-05 02:49:52', '2023-08-05 02:49:52'),
(6748, 'Goroul', '5', '2023-08-05 02:49:52', '2023-08-05 02:49:52'),
(6749, 'Kurhanni', '5', '2023-08-05 02:49:52', '2023-08-05 02:49:52'),
(6750, 'Chehrakala', '5', '2023-08-05 02:49:52', '2023-08-05 02:49:52'),
(6751, 'Mahuwa', '5', '2023-08-05 02:49:52', '2023-08-05 02:49:52'),
(6752, 'Mahua', '5', '2023-08-05 02:49:52', '2023-08-05 02:49:52'),
(6753, 'Mahnar', '5', '2023-08-05 02:49:52', '2023-08-05 02:49:52'),
(6754, 'Patori', '5', '2023-08-05 02:49:52', '2023-08-05 02:49:52'),
(6755, 'Desari', '5', '2023-08-05 02:49:52', '2023-08-05 02:49:52'),
(6756, 'Sahdei Buzurg', '5', '2023-08-05 02:49:52', '2023-08-05 02:49:52'),
(6757, 'Sahdei Bujurg', '5', '2023-08-05 02:49:52', '2023-08-05 02:49:52'),
(6758, 'Jandaha', '5', '2023-08-05 02:49:52', '2023-08-05 02:49:52'),
(6759, 'Jhanda', '5', '2023-08-05 02:49:52', '2023-08-05 02:49:52'),
(6760, 'S Buzurg', '5', '2023-08-05 02:49:52', '2023-08-05 02:49:52'),
(6761, 'Sahdai Buzurg', '5', '2023-08-05 02:49:52', '2023-08-05 02:49:52'),
(6762, 'Bettiah', '5', '2023-08-05 02:49:52', '2023-08-05 02:49:52'),
(6763, 'Bagaha-1', '5', '2023-08-05 02:49:52', '2023-08-05 02:49:52'),
(6764, 'West Champaran', '5', '2023-08-05 02:49:52', '2023-08-05 02:49:52'),
(6765, 'Motihari', '5', '2023-08-05 02:49:52', '2023-08-05 02:49:52'),
(6766, 'Raxaul', '5', '2023-08-05 02:49:52', '2023-08-05 02:49:52'),
(6767, 'Chauradano', '5', '2023-08-05 02:49:52', '2023-08-05 02:49:52'),
(6768, 'Chaurdano', '5', '2023-08-05 02:49:52', '2023-08-05 02:49:52'),
(6769, 'Bankatwa', '5', '2023-08-05 02:49:52', '2023-08-05 02:49:52'),
(6770, 'Adapur', '5', '2023-08-05 02:49:52', '2023-08-05 02:49:52'),
(6771, 'Ghorasahan', '5', '2023-08-05 02:49:52', '2023-08-05 02:49:52'),
(6772, 'Dhaka', '5', '2023-08-05 02:49:52', '2023-08-05 02:49:52'),
(6773, 'Sikarahana', '5', '2023-08-05 02:49:52', '2023-08-05 02:49:52'),
(6774, 'Areraj', '5', '2023-08-05 02:49:52', '2023-08-05 02:49:52'),
(6775, 'Chiraia', '5', '2023-08-05 02:49:52', '2023-08-05 02:49:52'),
(6776, 'Motihari H.O.', '5', '2023-08-05 02:49:52', '2023-08-05 02:49:52'),
(6777, 'Tetaria', '5', '2023-08-05 02:49:52', '2023-08-05 02:49:52'),
(6778, 'Chakia', '5', '2023-08-05 02:49:52', '2023-08-05 02:49:52'),
(6779, 'Chakia(Pipra)', '5', '2023-08-05 02:49:52', '2023-08-05 02:49:52'),
(6780, 'East Champaran', '5', '2023-08-05 02:49:52', '2023-08-05 02:49:52'),
(6781, 'P.Dayal', '5', '2023-08-05 02:49:52', '2023-08-05 02:49:52'),
(6782, 'Kalyanpur', '5', '2023-08-05 02:49:52', '2023-08-05 02:49:52'),
(6783, 'Pakri Dayal', '5', '2023-08-05 02:49:52', '2023-08-05 02:49:52'),
(6784, 'Sikrahana', '5', '2023-08-05 02:49:52', '2023-08-05 02:49:52'),
(6785, 'Paharpur', '5', '2023-08-05 02:49:52', '2023-08-05 02:49:52'),
(6786, 'Madhuban', '5', '2023-08-05 02:49:52', '2023-08-05 02:49:52'),
(6787, 'Harsidhi', '5', '2023-08-05 02:49:52', '2023-08-05 02:49:52'),
(6788, 'Kotwa', '5', '2023-08-05 02:49:52', '2023-08-05 02:49:52'),
(6789, 'Kesaria', '5', '2023-08-05 02:49:52', '2023-08-05 02:49:52'),
(6790, 'Mehsi', '5', '2023-08-05 02:49:52', '2023-08-05 02:49:52'),
(6791, 'Pakari Dayal', '5', '2023-08-05 02:49:52', '2023-08-05 02:49:52'),
(6792, 'Piprakothi', '5', '2023-08-05 02:49:52', '2023-08-05 02:49:52'),
(6793, 'Phenhara', '5', '2023-08-05 02:49:52', '2023-08-05 02:49:52'),
(6794, 'Ramgarhwa', '5', '2023-08-05 02:49:52', '2023-08-05 02:49:52'),
(6795, 'Klyanpur', '5', '2023-08-05 02:49:52', '2023-08-05 02:49:52'),
(6796, 'Banjaria', '5', '2023-08-05 02:49:52', '2023-08-05 02:49:52'),
(6797, 'Turkaulia', '5', '2023-08-05 02:49:52', '2023-08-05 02:49:52'),
(6798, 'Bettiah H.O.', '5', '2023-08-05 02:49:52', '2023-08-05 02:49:52'),
(6799, 'Sugauli', '5', '2023-08-05 02:49:52', '2023-08-05 02:49:52'),
(6800, 'Patahi', '5', '2023-08-05 02:49:52', '2023-08-05 02:49:52'),
(6801, 'Darbhanga', '5', '2023-08-05 02:49:52', '2023-08-05 02:49:52'),
(6802, 'Hanumannagar', '5', '2023-08-05 02:49:52', '2023-08-05 02:49:52'),
(6803, 'Benipatti', '5', '2023-08-05 02:49:52', '2023-08-05 02:49:52'),
(6804, 'Jale', '5', '2023-08-05 02:49:52', '2023-08-05 02:49:52'),
(6805, 'Benipur', '5', '2023-08-05 02:49:52', '2023-08-05 02:49:52'),
(6806, 'Benipur]', '5', '2023-08-05 02:49:52', '2023-08-05 02:49:52'),
(6807, 'Samastipur', '5', '2023-08-05 02:49:52', '2023-08-05 02:49:52'),
(6808, 'Darbhnaga', '5', '2023-08-05 02:49:52', '2023-08-05 02:49:52'),
(6809, 'Laukahi', '5', '2023-08-05 02:49:52', '2023-08-05 02:49:52'),
(6810, 'Phulparas', '5', '2023-08-05 02:49:52', '2023-08-05 02:49:52'),
(6811, 'Laukaha', '5', '2023-08-05 02:49:52', '2023-08-05 02:49:52'),
(6812, 'Jhanjharpur', '5', '2023-08-05 02:49:52', '2023-08-05 02:49:52'),
(6813, 'Jhanjhapur', '5', '2023-08-05 02:49:52', '2023-08-05 02:49:52'),
(6814, 'Madhubani', '5', '2023-08-05 02:49:52', '2023-08-05 02:49:52'),
(6815, 'Singhwara', '5', '2023-08-05 02:49:52', '2023-08-05 02:49:52'),
(6816, 'Beniipur]', '5', '2023-08-05 02:49:52', '2023-08-05 02:49:52'),
(6817, 'Biraul', '5', '2023-08-05 02:49:52', '2023-08-05 02:49:52'),
(6818, 'Sadar Madhubani', '5', '2023-08-05 02:49:52', '2023-08-05 02:49:52'),
(6819, 'Rajnagar', '5', '2023-08-05 02:49:52', '2023-08-05 02:49:52'),
(6820, 'Babubarhi', '5', '2023-08-05 02:49:52', '2023-08-05 02:49:52'),
(6821, 'Basopatti', '5', '2023-08-05 02:49:52', '2023-08-05 02:49:52'),
(6822, 'Jaynagar', '5', '2023-08-05 02:49:52', '2023-08-05 02:49:52'),
(6823, 'Jainagar', '5', '2023-08-05 02:49:52', '2023-08-05 02:49:52'),
(6824, 'Ladania', '5', '2023-08-05 02:49:52', '2023-08-05 02:49:52'),
(6825, 'Khajauli', '5', '2023-08-05 02:49:52', '2023-08-05 02:49:52'),
(6826, 'Kaluahi', '5', '2023-08-05 02:49:52', '2023-08-05 02:49:52'),
(6827, 'Harlakhi', '5', '2023-08-05 02:49:52', '2023-08-05 02:49:52'),
(6828, 'Pandaul', '5', '2023-08-05 02:49:52', '2023-08-05 02:49:52'),
(6829, 'Madhubnai', '5', '2023-08-05 02:49:52', '2023-08-05 02:49:52'),
(6830, 'Andhratharhi', '5', '2023-08-05 02:49:52', '2023-08-05 02:49:52'),
(6831, 'Beniptti', '5', '2023-08-05 02:49:52', '2023-08-05 02:49:52'),
(6832, 'Ghoghardiha', '5', '2023-08-05 02:49:52', '2023-08-05 02:49:52'),
(6833, 'Madhepur', '5', '2023-08-05 02:49:52', '2023-08-05 02:49:52'),
(6834, 'Nirmali', '5', '2023-08-05 02:49:52', '2023-08-05 02:49:52'),
(6835, 'Phulaparas', '5', '2023-08-05 02:49:52', '2023-08-05 02:49:52'),
(6836, 'Supaul', '5', '2023-08-05 02:49:52', '2023-08-05 02:49:52'),
(6837, 'Basantpur', '5', '2023-08-05 02:49:52', '2023-08-05 02:49:52'),
(6838, 'Marauna', '5', '2023-08-05 02:49:52', '2023-08-05 02:49:52'),
(6839, 'Chhatapur', '5', '2023-08-05 02:49:52', '2023-08-05 02:49:52'),
(6840, 'Pusa', '5', '2023-08-05 02:49:52', '2023-08-05 02:49:52'),
(6841, 'Dalsinghsarai', '5', '2023-08-05 02:49:52', '2023-08-05 02:49:52'),
(6842, 'Bibhutpur', '5', '2023-08-05 02:49:52', '2023-08-05 02:49:52'),
(6843, 'Mohiuddinagar', '5', '2023-08-05 02:49:52', '2023-08-05 02:49:52'),
(6844, 'Begusarai', '5', '2023-08-05 02:49:52', '2023-08-05 02:49:52'),
(6845, 'Hasanpur', '5', '2023-08-05 02:49:52', '2023-08-05 02:49:52'),
(6846, 'Rosera', '5', '2023-08-05 02:49:52', '2023-08-05 02:49:52'),
(6847, 'Teghra', '5', '2023-08-05 02:49:52', '2023-08-05 02:49:52'),
(6848, 'Barauni', '5', '2023-08-05 02:49:52', '2023-08-05 02:49:52'),
(6849, 'Begusarai H.O', '5', '2023-08-05 02:49:52', '2023-08-05 02:49:52'),
(6850, 'Balia', '5', '2023-08-05 02:49:52', '2023-08-05 02:49:52'),
(6851, 'Mansi', '5', '2023-08-05 02:49:52', '2023-08-05 02:49:52'),
(6852, 'Udakishanganj', '5', '2023-08-05 02:49:52', '2023-08-05 02:49:52'),
(6853, 'Uda Kishanganj', '5', '2023-08-05 02:49:52', '2023-08-05 02:49:52'),
(6854, 'Udakisanganj', '5', '2023-08-05 02:49:52', '2023-08-05 02:49:52'),
(6855, 'Saharsa', '5', '2023-08-05 02:49:52', '2023-08-05 02:49:52'),
(6856, 'Saraigarh', '5', '2023-08-05 02:49:52', '2023-08-05 02:49:52'),
(6857, 'Saraigarh Bhaptiyahi', '5', '2023-08-05 02:49:52', '2023-08-05 02:49:52'),
(6858, 'Simri Bakhtiarpur', '5', '2023-08-05 02:49:52', '2023-08-05 02:49:52'),
(6859, 'Simri Bakhtiapur', '5', '2023-08-05 02:49:52', '2023-08-05 02:49:52'),
(6860, 'Patarghat', '5', '2023-08-05 02:49:52', '2023-08-05 02:49:52'),
(6861, 'Pataghat', '5', '2023-08-05 02:49:52', '2023-08-05 02:49:52'),
(6862, 'Gamharia', '5', '2023-08-05 02:49:52', '2023-08-05 02:49:52'),
(6863, 'Gamaharia', '5', '2023-08-05 02:49:52', '2023-08-05 02:49:52'),
(6864, 'Pipra', '5', '2023-08-05 02:49:52', '2023-08-05 02:49:52'),
(6865, 'Gamahria', '5', '2023-08-05 02:49:52', '2023-08-05 02:49:52'),
(6866, 'Pipra Bazar', '5', '2023-08-05 02:49:52', '2023-08-05 02:49:52'),
(6867, 'Kumarkhan', '5', '2023-08-05 02:49:52', '2023-08-05 02:49:52'),
(6868, 'Kumarkhand', '5', '2023-08-05 02:49:52', '2023-08-05 02:49:52'),
(6869, 'Madhepura', '5', '2023-08-05 02:49:52', '2023-08-05 02:49:52'),
(6870, 'Madhepura Mdg', '5', '2023-08-05 02:49:52', '2023-08-05 02:49:52'),
(6871, 'Gwalapara', '5', '2023-08-05 02:49:52', '2023-08-05 02:49:52'),
(6872, 'Puraini', '5', '2023-08-05 02:49:52', '2023-08-05 02:49:52'),
(6873, 'Chousa', '5', '2023-08-05 02:49:52', '2023-08-05 02:49:52'),
(6874, 'Sour Bazar', '5', '2023-08-05 02:49:52', '2023-08-05 02:49:52'),
(6875, 'Murliganj', '5', '2023-08-05 02:49:52', '2023-08-05 02:49:52'),
(6876, 'Nauhatta', '5', '2023-08-05 02:49:52', '2023-08-05 02:49:52'),
(6877, 'Satar Kataiya', '5', '2023-08-05 02:49:52', '2023-08-05 02:49:52'),
(6878, 'Sattar', '5', '2023-08-05 02:49:52', '2023-08-05 02:49:52'),
(6879, 'Pratapganj', '5', '2023-08-05 02:49:52', '2023-08-05 02:49:52'),
(6880, 'Salkhua', '5', '2023-08-05 02:49:52', '2023-08-05 02:49:52'),
(6881, 'Banma', '5', '2023-08-05 02:49:52', '2023-08-05 02:49:52'),
(6882, 'Singheshwar', '5', '2023-08-05 02:49:52', '2023-08-05 02:49:52'),
(6883, 'Singheshwar\\', '5', '2023-08-05 02:49:52', '2023-08-05 02:49:52'),
(6884, 'Singheswar', '5', '2023-08-05 02:49:52', '2023-08-05 02:49:52'),
(6885, 'Sonbersa Raj', '5', '2023-08-05 02:49:52', '2023-08-05 02:49:52'),
(6886, 'Sbraj', '5', '2023-08-05 02:49:52', '2023-08-05 02:49:52'),
(6887, 'Shankarpur', '5', '2023-08-05 02:49:52', '2023-08-05 02:49:52'),
(6888, 'Chhata Pur', '5', '2023-08-05 02:49:52', '2023-08-05 02:49:52'),
(6889, 'Kishanpur', '5', '2023-08-05 02:49:52', '2023-08-05 02:49:52'),
(6890, 'Triveniganj', '5', '2023-08-05 02:49:52', '2023-08-05 02:49:52'),
(6891, 'Tribeniganj', '5', '2023-08-05 02:49:52', '2023-08-05 02:49:52'),
(6892, 'Triveniganj\\', '5', '2023-08-05 02:49:52', '2023-08-05 02:49:52'),
(6893, 'Beldaur', '5', '2023-08-05 02:49:52', '2023-08-05 02:49:52'),
(6894, 'Kahara', '5', '2023-08-05 02:49:52', '2023-08-05 02:49:52'),
(6895, 'Kahra', '5', '2023-08-05 02:49:52', '2023-08-05 02:49:52'),
(6896, 'Sour Bazar \\', '5', '2023-08-05 02:49:52', '2023-08-05 02:49:52'),
(6897, 'Chattapur', '5', '2023-08-05 02:49:52', '2023-08-05 02:49:52'),
(6898, 'Ragahopur', '5', '2023-08-05 02:49:52', '2023-08-05 02:49:52'),
(6899, 'Mahishi', '5', '2023-08-05 02:49:52', '2023-08-05 02:49:52'),
(6900, 'S.B.Raj', '5', '2023-08-05 02:49:52', '2023-08-05 02:49:52'),
(6901, 'Piprabazar', '5', '2023-08-05 02:49:52', '2023-08-05 02:49:52'),
(6902, 'Alamnagar', '5', '2023-08-05 02:49:52', '2023-08-05 02:49:52'),
(6903, 'Sanagar', '5', '2023-08-05 02:49:52', '2023-08-05 02:49:52'),
(6904, 'S.A.Nagar', '5', '2023-08-05 02:49:52', '2023-08-05 02:49:52'),
(6905, 'Shah Alam Nagar', '5', '2023-08-05 02:49:52', '2023-08-05 02:49:52'),
(6906, 'Kishanganj', '5', '2023-08-05 02:49:52', '2023-08-05 02:49:52'),
(6907, 'Udakishunganj', '5', '2023-08-05 02:49:52', '2023-08-05 02:49:52'),
(6908, 'Saur Bazar', '5', '2023-08-05 02:49:52', '2023-08-05 02:49:52'),
(6909, 'Bihpur', '5', '2023-08-05 02:49:52', '2023-08-05 02:49:52'),
(6910, 'Bhipur', '5', '2023-08-05 02:49:52', '2023-08-05 02:49:52'),
(6911, 'Kharik', '5', '2023-08-05 02:49:52', '2023-08-05 02:49:52'),
(6912, 'Kharik Bazar', '5', '2023-08-05 02:49:52', '2023-08-05 02:49:52'),
(6913, 'Kharikbazar', '5', '2023-08-05 02:49:52', '2023-08-05 02:49:52'),
(6914, 'Parbatta', '5', '2023-08-05 02:49:52', '2023-08-05 02:49:52'),
(6915, 'Gopalpur', '5', '2023-08-05 02:49:52', '2023-08-05 02:49:52'),
(6916, 'Rangra Chowk', '5', '2023-08-05 02:49:52', '2023-08-05 02:49:52'),
(6917, 'Rupauli', '5', '2023-08-05 02:49:52', '2023-08-05 02:49:52'),
(6918, 'Kursela', '5', '2023-08-05 02:49:52', '2023-08-05 02:49:52'),
(6919, 'Naugachia', '5', '2023-08-05 02:49:52', '2023-08-05 02:49:52'),
(6920, 'Naugachhia', '5', '2023-08-05 02:49:52', '2023-08-05 02:49:52'),
(6921, 'Ismailpur', '5', '2023-08-05 02:49:52', '2023-08-05 02:49:52'),
(6922, 'Purnia', '5', '2023-08-05 02:49:52', '2023-08-05 02:49:52'),
(6923, 'Katihar', '5', '2023-08-05 02:49:52', '2023-08-05 02:49:52'),
(6924, 'Purnea', '5', '2023-08-05 02:49:52', '2023-08-05 02:49:52'),
(6925, 'Bamankhi', '5', '2023-08-05 02:49:52', '2023-08-05 02:49:52'),
(6926, 'Araria', '5', '2023-08-05 02:49:52', '2023-08-05 02:49:52'),
(6927, 'Araria Rs', '5', '2023-08-05 02:49:52', '2023-08-05 02:49:52'),
(6928, 'Araraia', '5', '2023-08-05 02:49:52', '2023-08-05 02:49:52'),
(6929, 'Baisi', '5', '2023-08-05 02:49:52', '2023-08-05 02:49:52'),
(6930, 'Arraia', '5', '2023-08-05 02:49:52', '2023-08-05 02:49:52'),
(6931, 'Araira', '5', '2023-08-05 02:49:52', '2023-08-05 02:49:52'),
(6932, 'Birpur', '5', '2023-08-05 02:49:52', '2023-08-05 02:49:52'),
(6933, 'Chatapur', '5', '2023-08-05 02:49:52', '2023-08-05 02:49:52'),
(6934, 'Kishaganj', '5', '2023-08-05 02:49:52', '2023-08-05 02:49:52'),
(6935, 'Kishagnaj', '5', '2023-08-05 02:49:52', '2023-08-05 02:49:52'),
(6936, 'Kishanaganj', '5', '2023-08-05 02:49:52', '2023-08-05 02:49:52'),
(6937, 'Kaihar', '5', '2023-08-05 02:49:52', '2023-08-05 02:49:52'),
(6938, 'Kishanagnj', '5', '2023-08-05 02:49:52', '2023-08-05 02:49:52'),
(6939, 'Kishangnj', '5', '2023-08-05 02:49:52', '2023-08-05 02:49:52'),
(6940, 'Kishanganhj', '5', '2023-08-05 02:49:52', '2023-08-05 02:49:52'),
(6941, 'Kishangaj', '5', '2023-08-05 02:49:52', '2023-08-05 02:49:52'),
(6942, 'Boarijor', '16', '2023-08-05 02:49:52', '2023-08-05 02:49:52'),
(6943, 'Meharma', '16', '2023-08-05 02:49:52', '2023-08-05 02:49:52'),
(6944, 'Borio', '16', '2023-08-05 02:49:52', '2023-08-05 02:49:52'),
(6945, 'Mandro', '16', '2023-08-05 02:49:52', '2023-08-05 02:49:52'),
(6946, 'Boarijore', '16', '2023-08-05 02:49:52', '2023-08-05 02:49:52'),
(6947, 'Dumka', '16', '2023-08-05 02:49:52', '2023-08-05 02:49:52'),
(6948, 'Poriyahat', '16', '2023-08-05 02:49:52', '2023-08-05 02:49:52'),
(6949, 'Ramgarah', '16', '2023-08-05 02:49:52', '2023-08-05 02:49:52'),
(6950, 'Ramgarh', '16', '2023-08-05 02:49:52', '2023-08-05 02:49:52'),
(6951, 'Poraiyahat', '16', '2023-08-05 02:49:52', '2023-08-05 02:49:52'),
(6952, 'Kathikund', '16', '2023-08-05 02:49:52', '2023-08-05 02:49:52'),
(6953, 'Gopikandar', '16', '2023-08-05 02:49:52', '2023-08-05 02:49:52'),
(6954, 'Kathikiund', '16', '2023-08-05 02:49:52', '2023-08-05 02:49:52'),
(6955, 'Jama', '16', '2023-08-05 02:49:52', '2023-08-05 02:49:52'),
(6956, 'Masalia', '16', '2023-08-05 02:49:52', '2023-08-05 02:49:52'),
(6957, 'Amrapara', '16', '2023-08-05 02:49:52', '2023-08-05 02:49:52'),
(6958, 'Mahesapur', '16', '2023-08-05 02:49:52', '2023-08-05 02:49:52'),
(6959, 'Maheshpur', '16', '2023-08-05 02:49:52', '2023-08-05 02:49:52'),
(6960, 'Deoghar', '16', '2023-08-05 02:49:52', '2023-08-05 02:49:52'),
(6961, 'Mohanpur', '16', '2023-08-05 02:49:52', '2023-08-05 02:49:52'),
(6962, 'Debipur', '16', '2023-08-05 02:49:52', '2023-08-05 02:49:52'),
(6963, 'Jarmundi', '16', '2023-08-05 02:49:52', '2023-08-05 02:49:52'),
(6964, 'Sikaripara', '16', '2023-08-05 02:49:52', '2023-08-05 02:49:52'),
(6965, 'Masaliya', '16', '2023-08-05 02:49:52', '2023-08-05 02:49:52'),
(6966, 'Jarmudi', '16', '2023-08-05 02:49:52', '2023-08-05 02:49:52'),
(6967, 'Godda', '16', '2023-08-05 02:49:52', '2023-08-05 02:49:52'),
(6968, 'Pathargama', '16', '2023-08-05 02:49:52', '2023-08-05 02:49:52'),
(6969, 'Pahargama', '16', '2023-08-05 02:49:52', '2023-08-05 02:49:52'),
(6970, 'Pakur', '16', '2023-08-05 02:49:52', '2023-08-05 02:49:52'),
(6971, 'Doghar', '16', '2023-08-05 02:49:52', '2023-08-05 02:49:52'),
(6972, 'Sarwan', '16', '2023-08-05 02:49:52', '2023-08-05 02:49:52'),
(6973, 'Raneshwar', '16', '2023-08-05 02:49:52', '2023-08-05 02:49:52'),
(6974, 'Raneswar', '16', '2023-08-05 02:49:52', '2023-08-05 02:49:52'),
(6975, 'Sariyahat', '16', '2023-08-05 02:49:52', '2023-08-05 02:49:52'),
(6976, 'Saraiyahat', '16', '2023-08-05 02:49:52', '2023-08-05 02:49:52'),
(6977, 'Saraiyhat', '16', '2023-08-05 02:49:52', '2023-08-05 02:49:52'),
(6978, 'Palojori', '16', '2023-08-05 02:49:52', '2023-08-05 02:49:52'),
(6979, 'Mahagama', '16', '2023-08-05 02:49:52', '2023-08-05 02:49:52'),
(6980, 'Pathergama', '16', '2023-08-05 02:49:52', '2023-08-05 02:49:52'),
(6981, 'Gouraijore', '16', '2023-08-05 02:49:52', '2023-08-05 02:49:52'),
(6982, 'Raniswar', '16', '2023-08-05 02:49:52', '2023-08-05 02:49:52'),
(6983, 'Sarath', '16', '2023-08-05 02:49:52', '2023-08-05 02:49:52'),
(6984, 'Sarayahat', '16', '2023-08-05 02:49:52', '2023-08-05 02:49:52'),
(6985, 'Sarayaha', '16', '2023-08-05 02:49:52', '2023-08-05 02:49:52'),
(6986, 'Devipur', '16', '2023-08-05 02:49:52', '2023-08-05 02:49:52'),
(6987, 'Dibipur', '16', '2023-08-05 02:49:52', '2023-08-05 02:49:52'),
(6988, 'Debuipur', '16', '2023-08-05 02:49:52', '2023-08-05 02:49:52'),
(6989, 'Rohni', '16', '2023-08-05 02:49:52', '2023-08-05 02:49:52'),
(6990, 'Sunderpahari', '16', '2023-08-05 02:49:52', '2023-08-05 02:49:52'),
(6991, 'Mahagam', '16', '2023-08-05 02:49:52', '2023-08-05 02:49:52'),
(6992, 'Mahagama.', '16', '2023-08-05 02:49:52', '2023-08-05 02:49:52'),
(6993, 'Mahgama', '16', '2023-08-05 02:49:52', '2023-08-05 02:49:52'),
(6994, 'Sunder Pahari', '16', '2023-08-05 02:49:52', '2023-08-05 02:49:52'),
(6995, 'Bokaro', '16', '2023-08-05 02:49:52', '2023-08-05 02:49:52'),
(6996, 'Sundar Pahari', '16', '2023-08-05 02:49:52', '2023-08-05 02:49:52'),
(6997, 'Sundarpahari', '16', '2023-08-05 02:49:52', '2023-08-05 02:49:52'),
(6998, 'Sunadar Pahari', '16', '2023-08-05 02:49:52', '2023-08-05 02:49:52'),
(6999, 'Rmagarh', '16', '2023-08-05 02:49:52', '2023-08-05 02:49:52'),
(7000, 'Kundahit', '16', '2023-08-05 02:49:52', '2023-08-05 02:49:52'),
(7001, 'Kundahir', '16', '2023-08-05 02:49:52', '2023-08-05 02:49:52'),
(7002, 'Kundhahit', '16', '2023-08-05 02:49:52', '2023-08-05 02:49:52'),
(7003, 'Giridih', '16', '2023-08-05 02:49:52', '2023-08-05 02:49:52'),
(7004, 'Bengabad', '16', '2023-08-05 02:49:52', '2023-08-05 02:49:52'),
(7005, 'Bengabd', '16', '2023-08-05 02:49:52', '2023-08-05 02:49:52'),
(7006, 'Ganwan', '16', '2023-08-05 02:49:52', '2023-08-05 02:49:52'),
(7007, 'Deori', '16', '2023-08-05 02:49:52', '2023-08-05 02:49:52'),
(7008, 'Jamua', '16', '2023-08-05 02:49:52', '2023-08-05 02:49:52'),
(7009, 'Beniadih', '16', '2023-08-05 02:49:52', '2023-08-05 02:49:52'),
(7010, 'Jmua', '16', '2023-08-05 02:49:52', '2023-08-05 02:49:52'),
(7011, 'Tisri', '16', '2023-08-05 02:49:52', '2023-08-05 02:49:52'),
(7012, 'Jamuagiridih', '16', '2023-08-05 02:49:52', '2023-08-05 02:49:52'),
(7013, 'Jamtara', '16', '2023-08-05 02:49:52', '2023-08-05 02:49:52'),
(7014, 'Nala', '16', '2023-08-05 02:49:52', '2023-08-05 02:49:52'),
(7015, 'Narayanpur', '16', '2023-08-05 02:49:52', '2023-08-05 02:49:52'),
(7016, 'Sarth', '16', '2023-08-05 02:49:52', '2023-08-05 02:49:52'),
(7017, 'Bnarayanpur', '16', '2023-08-05 02:49:52', '2023-08-05 02:49:52'),
(7018, 'Narayapur', '16', '2023-08-05 02:49:52', '2023-08-05 02:49:52'),
(7019, 'Madhupur', '16', '2023-08-05 02:49:52', '2023-08-05 02:49:52'),
(7020, 'Satath', '16', '2023-08-05 02:49:52', '2023-08-05 02:49:52'),
(7021, 'Karon', '16', '2023-08-05 02:49:52', '2023-08-05 02:49:52'),
(7022, 'Koron', '16', '2023-08-05 02:49:52', '2023-08-05 02:49:52'),
(7023, 'Rajmahal', '16', '2023-08-05 02:49:52', '2023-08-05 02:49:52'),
(7024, 'Taljhari', '16', '2023-08-05 02:49:52', '2023-08-05 02:49:52'),
(7025, 'Pathna', '16', '2023-08-05 02:49:52', '2023-08-05 02:49:52'),
(7026, 'Barharwa', '16', '2023-08-05 02:49:52', '2023-08-05 02:49:52'),
(7027, 'Udhua', '16', '2023-08-05 02:49:52', '2023-08-05 02:49:52'),
(7028, 'Uedhwa', '16', '2023-08-05 02:49:52', '2023-08-05 02:49:52'),
(7029, 'Uedhua', '16', '2023-08-05 02:49:52', '2023-08-05 02:49:52'),
(7030, 'Littipara', '16', '2023-08-05 02:49:52', '2023-08-05 02:49:52'),
(7031, 'Barhait', '16', '2023-08-05 02:49:52', '2023-08-05 02:49:52'),
(7032, 'Sahibganj', '16', '2023-08-05 02:49:52', '2023-08-05 02:49:52'),
(7033, 'Barhit', '16', '2023-08-05 02:49:52', '2023-08-05 02:49:52'),
(7034, 'Pakuria', '16', '2023-08-05 02:49:52', '2023-08-05 02:49:52'),
(7035, 'Shikaripara', '16', '2023-08-05 02:49:52', '2023-08-05 02:49:52'),
(7036, 'Shikripara', '16', '2023-08-05 02:49:52', '2023-08-05 02:49:52'),
(7037, 'Litipara', '16', '2023-08-05 02:49:52', '2023-08-05 02:49:52'),
(7038, 'Hiranpur', '16', '2023-08-05 02:49:52', '2023-08-05 02:49:52'),
(7039, 'Maheshpru', '16', '2023-08-05 02:49:52', '2023-08-05 02:49:52'),
(7040, 'Pakaur', '16', '2023-08-05 02:49:52', '2023-08-05 02:49:52'),
(7041, 'Udhwa', '16', '2023-08-05 02:49:52', '2023-08-05 02:49:52'),
(7042, 'Rahmahal', '16', '2023-08-05 02:49:52', '2023-08-05 02:49:52'),
(7043, 'Gopikander', '16', '2023-08-05 02:49:52', '2023-08-05 02:49:52'),
(7044, 'Daltonganj', '16', '2023-08-05 02:49:52', '2023-08-05 02:49:52'),
(7045, 'Palamau', '16', '2023-08-05 02:49:52', '2023-08-05 02:49:52'),
(7046, 'Patan', '16', '2023-08-05 02:49:52', '2023-08-05 02:49:52'),
(7047, 'Rehala', '16', '2023-08-05 02:49:52', '2023-08-05 02:49:52'),
(7048, 'Chainpur', '16', '2023-08-05 02:49:52', '2023-08-05 02:49:52'),
(7049, 'Chinpur', '16', '2023-08-05 02:49:52', '2023-08-05 02:49:52'),
(7050, 'Barwadih', '16', '2023-08-05 02:49:52', '2023-08-05 02:49:52'),
(7051, 'Garhwa', '16', '2023-08-05 02:49:52', '2023-08-05 02:49:52'),
(7052, 'Balumath', '16', '2023-08-05 02:49:52', '2023-08-05 02:49:52'),
(7053, 'Chhatarpur', '16', '2023-08-05 02:49:52', '2023-08-05 02:49:52'),
(7054, 'Chhatarpru', '16', '2023-08-05 02:49:52', '2023-08-05 02:49:52'),
(7055, 'Chhtarpur', '16', '2023-08-05 02:49:52', '2023-08-05 02:49:52'),
(7056, 'Chhatapru', '16', '2023-08-05 02:49:52', '2023-08-05 02:49:52'),
(7057, 'Japla', '16', '2023-08-05 02:49:52', '2023-08-05 02:49:52'),
(7058, 'Lesliganj', '16', '2023-08-05 02:49:52', '2023-08-05 02:49:52'),
(7059, 'Leshliganj', '16', '2023-08-05 02:49:52', '2023-08-05 02:49:52');
INSERT INTO `cities` (`id`, `name`, `state_id`, `created_at`, `updated_at`) VALUES
(7060, 'Mahuwadand', '16', '2023-08-05 02:49:52', '2023-08-05 02:49:52'),
(7061, 'Mahuwdand', '16', '2023-08-05 02:49:52', '2023-08-05 02:49:52'),
(7062, 'Lapla', '16', '2023-08-05 02:49:52', '2023-08-05 02:49:52'),
(7063, 'Nagar Utari', '16', '2023-08-05 02:49:52', '2023-08-05 02:49:52'),
(7064, 'Panki', '16', '2023-08-05 02:49:52', '2023-08-05 02:49:52'),
(7065, 'Bisrampur', '16', '2023-08-05 02:49:52', '2023-08-05 02:49:52'),
(7066, 'Bishrampur', '16', '2023-08-05 02:49:52', '2023-08-05 02:49:52'),
(7067, 'Ranka Raj', '16', '2023-08-05 02:49:52', '2023-08-05 02:49:52'),
(7068, 'Satbarwa', '16', '2023-08-05 02:49:52', '2023-08-05 02:49:52'),
(7069, 'Meral', '16', '2023-08-05 02:49:52', '2023-08-05 02:49:52'),
(7070, 'Bhawanathpur', '16', '2023-08-05 02:49:52', '2023-08-05 02:49:52'),
(7071, 'Harihar Ganj', '16', '2023-08-05 02:49:52', '2023-08-05 02:49:52'),
(7072, 'Hariharganj', '16', '2023-08-05 02:49:52', '2023-08-05 02:49:52'),
(7073, 'Daltoganj', '16', '2023-08-05 02:49:52', '2023-08-05 02:49:52'),
(7074, 'Chitarpur', '16', '2023-08-05 02:49:52', '2023-08-05 02:49:52'),
(7075, 'Gola', '16', '2023-08-05 02:49:52', '2023-08-05 02:49:52'),
(7076, 'Bermo', '16', '2023-08-05 02:49:52', '2023-08-05 02:49:52'),
(7077, 'Simaria', '16', '2023-08-05 02:49:52', '2023-08-05 02:49:52'),
(7078, 'Dumri', '16', '2023-08-05 02:49:52', '2023-08-05 02:49:52'),
(7079, 'Pirtand', '16', '2023-08-05 02:49:52', '2023-08-05 02:49:52'),
(7080, 'Jainagar', '16', '2023-08-05 02:49:52', '2023-08-05 02:49:52'),
(7081, 'Koderma', '16', '2023-08-05 02:49:52', '2023-08-05 02:49:52'),
(7082, 'Hazaribagh', '16', '2023-08-05 02:49:52', '2023-08-05 02:49:52'),
(7083, 'Katkamsandi', '16', '2023-08-05 02:49:52', '2023-08-05 02:49:52'),
(7084, 'Sadar', '16', '2023-08-05 02:49:52', '2023-08-05 02:49:52'),
(7085, 'Churchu', '16', '2023-08-05 02:49:52', '2023-08-05 02:49:52'),
(7086, 'Ichak', '16', '2023-08-05 02:49:52', '2023-08-05 02:49:52'),
(7087, 'Hazaribag', '16', '2023-08-05 02:49:52', '2023-08-05 02:49:52'),
(7088, 'Barkagaon', '16', '2023-08-05 02:49:52', '2023-08-05 02:49:52'),
(7089, 'Bishungarh', '16', '2023-08-05 02:49:52', '2023-08-05 02:49:52'),
(7090, 'Bishnugarh', '16', '2023-08-05 02:49:52', '2023-08-05 02:49:52'),
(7091, 'Mandu', '16', '2023-08-05 02:49:52', '2023-08-05 02:49:52'),
(7092, 'Konardam', '16', '2023-08-05 02:49:52', '2023-08-05 02:49:52'),
(7093, 'Sdar', '16', '2023-08-05 02:49:52', '2023-08-05 02:49:52'),
(7094, 'Markach', '16', '2023-08-05 02:49:52', '2023-08-05 02:49:52'),
(7095, 'Markacho', '16', '2023-08-05 02:49:52', '2023-08-05 02:49:52'),
(7096, 'Katakamsandi', '16', '2023-08-05 02:49:52', '2023-08-05 02:49:52'),
(7097, 'Bagodar', '16', '2023-08-05 02:49:52', '2023-08-05 02:49:52'),
(7098, 'Tandwa', '16', '2023-08-05 02:49:52', '2023-08-05 02:49:52'),
(7099, 'Barkatha', '16', '2023-08-05 02:49:52', '2023-08-05 02:49:52'),
(7100, 'Barkhatha', '16', '2023-08-05 02:49:52', '2023-08-05 02:49:52'),
(7101, 'Birni', '16', '2023-08-05 02:49:52', '2023-08-05 02:49:52'),
(7102, 'Chauparan', '16', '2023-08-05 02:49:52', '2023-08-05 02:49:52'),
(7103, 'Chatra', '16', '2023-08-05 02:49:52', '2023-08-05 02:49:52'),
(7104, 'Hunterganj', '16', '2023-08-05 02:49:52', '2023-08-05 02:49:52'),
(7105, 'Karma', '16', '2023-08-05 02:49:52', '2023-08-05 02:49:52'),
(7106, 'Jori', '16', '2023-08-05 02:49:52', '2023-08-05 02:49:52'),
(7107, 'Pratappur', '16', '2023-08-05 02:49:52', '2023-08-05 02:49:52'),
(7108, 'Patratu', '16', '2023-08-05 02:49:52', '2023-08-05 02:49:52'),
(7109, 'Barhi', '16', '2023-08-05 02:49:52', '2023-08-05 02:49:52'),
(7110, 'Chouparan', '16', '2023-08-05 02:49:52', '2023-08-05 02:49:52'),
(7111, 'Kodarma', '16', '2023-08-05 02:49:52', '2023-08-05 02:49:52'),
(7112, 'Itkhori', '16', '2023-08-05 02:49:52', '2023-08-05 02:49:52'),
(7113, 'Gidhaur', '16', '2023-08-05 02:49:52', '2023-08-05 02:49:52'),
(7114, 'Chandwara', '16', '2023-08-05 02:49:52', '2023-08-05 02:49:52'),
(7115, 'Padma', '16', '2023-08-05 02:49:52', '2023-08-05 02:49:52'),
(7116, 'Dhanwar', '16', '2023-08-05 02:49:52', '2023-08-05 02:49:52'),
(7117, 'Dhanwatr', '16', '2023-08-05 02:49:52', '2023-08-05 02:49:52'),
(7118, 'Djanwar', '16', '2023-08-05 02:49:52', '2023-08-05 02:49:52'),
(7119, 'Ddhanwan', '16', '2023-08-05 02:49:52', '2023-08-05 02:49:52'),
(7120, 'Dhanbad', '16', '2023-08-05 02:49:52', '2023-08-05 02:49:52'),
(7121, 'Chas', '16', '2023-08-05 02:49:52', '2023-08-05 02:49:52'),
(7122, 'Kasmar', '16', '2023-08-05 02:49:52', '2023-08-05 02:49:52'),
(7123, 'Tisra', '16', '2023-08-05 02:49:52', '2023-08-05 02:49:52'),
(7124, 'Mugma', '16', '2023-08-05 02:49:52', '2023-08-05 02:49:52'),
(7125, 'Gomia', '16', '2023-08-05 02:49:52', '2023-08-05 02:49:52'),
(7126, 'Peterbar', '16', '2023-08-05 02:49:52', '2023-08-05 02:49:52'),
(7127, 'Ramgarh Cantt', '16', '2023-08-05 02:49:52', '2023-08-05 02:49:52'),
(7128, 'Tenughat', '16', '2023-08-05 02:49:52', '2023-08-05 02:49:52'),
(7129, 'Nawadih', '16', '2023-08-05 02:49:52', '2023-08-05 02:49:52'),
(7130, 'Bachra', '16', '2023-08-05 02:49:52', '2023-08-05 02:49:52'),
(7131, 'Malumath', '16', '2023-08-05 02:49:52', '2023-08-05 02:49:52'),
(7132, 'Chandwa', '16', '2023-08-05 02:49:52', '2023-08-05 02:49:52'),
(7133, 'Latehar', '16', '2023-08-05 02:49:52', '2023-08-05 02:49:52'),
(7134, 'Mander', '16', '2023-08-05 02:49:52', '2023-08-05 02:49:52'),
(7135, 'Bundu', '16', '2023-08-05 02:49:52', '2023-08-05 02:49:52'),
(7136, 'Burmu', '16', '2023-08-05 02:49:52', '2023-08-05 02:49:52'),
(7137, 'Dakra', '16', '2023-08-05 02:49:52', '2023-08-05 02:49:52'),
(7138, 'Jamshedpur', '16', '2023-08-05 02:49:52', '2023-08-05 02:49:52'),
(7139, 'Sakchi', '16', '2023-08-05 02:49:52', '2023-08-05 02:49:52'),
(7140, 'Mango', '16', '2023-08-05 02:49:52', '2023-08-05 02:49:52'),
(7141, 'Bistupur Bazar', '16', '2023-08-05 02:49:52', '2023-08-05 02:49:52'),
(7142, 'Bistupur Gate', '16', '2023-08-05 02:49:52', '2023-08-05 02:49:52'),
(7143, 'Rajnagar', '16', '2023-08-05 02:49:52', '2023-08-05 02:49:52'),
(7144, 'Singhbhum', '16', '2023-08-05 02:49:52', '2023-08-05 02:49:52'),
(7145, 'Dhalbhum', '16', '2023-08-05 02:49:52', '2023-08-05 02:49:52'),
(7146, 'Dhalbhum, Jamshedpur', '16', '2023-08-05 02:49:52', '2023-08-05 02:49:52'),
(7147, 'Golmuri', '16', '2023-08-05 02:49:52', '2023-08-05 02:49:52'),
(7148, 'Indranagar', '16', '2023-08-05 02:49:52', '2023-08-05 02:49:52'),
(7149, 'Dhalbhum Jamshedpur', '16', '2023-08-05 02:49:52', '2023-08-05 02:49:52'),
(7150, 'Kadma', '16', '2023-08-05 02:49:52', '2023-08-05 02:49:52'),
(7151, 'Jugsalai', '16', '2023-08-05 02:49:52', '2023-08-05 02:49:52'),
(7152, 'Burma Mines', '16', '2023-08-05 02:49:52', '2023-08-05 02:49:52'),
(7153, 'Agrico', '16', '2023-08-05 02:49:52', '2023-08-05 02:49:52'),
(7154, 'East Singhbhum', '16', '2023-08-05 02:49:52', '2023-08-05 02:49:52'),
(7155, 'Gobindpur', '16', '2023-08-05 02:49:52', '2023-08-05 02:49:52'),
(7156, 'Rahargora', '16', '2023-08-05 02:49:52', '2023-08-05 02:49:52'),
(7157, 'Baridih Colony', '16', '2023-08-05 02:49:52', '2023-08-05 02:49:52'),
(7158, 'Mango Notified Area', '16', '2023-08-05 02:49:52', '2023-08-05 02:49:52'),
(7159, 'Baharagora', '16', '2023-08-05 02:49:52', '2023-08-05 02:49:52'),
(7160, 'Ghatshila', '16', '2023-08-05 02:49:52', '2023-08-05 02:49:52'),
(7161, 'Ghatsila', '16', '2023-08-05 02:49:52', '2023-08-05 02:49:52'),
(7162, 'Jadugoda', '16', '2023-08-05 02:49:52', '2023-08-05 02:49:52'),
(7163, 'Moubhandar', '16', '2023-08-05 02:49:52', '2023-08-05 02:49:52'),
(7164, 'Dumaria', '16', '2023-08-05 02:49:52', '2023-08-05 02:49:52'),
(7165, 'Mosabani', '16', '2023-08-05 02:49:52', '2023-08-05 02:49:52'),
(7166, 'Patamda', '16', '2023-08-05 02:49:52', '2023-08-05 02:49:52'),
(7167, 'R.C.Project', '16', '2023-08-05 02:49:52', '2023-08-05 02:49:52'),
(7168, 'Sundarnagar', '16', '2023-08-05 02:49:52', '2023-08-05 02:49:52'),
(7169, 'Tatanagar', '16', '2023-08-05 02:49:52', '2023-08-05 02:49:52'),
(7170, 'Gamharia', '16', '2023-08-05 02:49:52', '2023-08-05 02:49:52'),
(7171, 'Seraikella Kharsawan', '16', '2023-08-05 02:49:52', '2023-08-05 02:49:52'),
(7172, 'A.I .Area', '16', '2023-08-05 02:49:52', '2023-08-05 02:49:52'),
(7173, 'Azadnagar', '16', '2023-08-05 02:49:52', '2023-08-05 02:49:52'),
(7174, 'Chakulia', '16', '2023-08-05 02:49:52', '2023-08-05 02:49:52'),
(7175, 'Dhalbhumgarh', '16', '2023-08-05 02:49:52', '2023-08-05 02:49:52'),
(7176, 'Mahulia', '16', '2023-08-05 02:49:52', '2023-08-05 02:49:52'),
(7177, 'Chandil', '16', '2023-08-05 02:49:52', '2023-08-05 02:49:52'),
(7178, 'Seraikella Kharsawanq', '16', '2023-08-05 02:49:52', '2023-08-05 02:49:52'),
(7179, 'Kandra', '16', '2023-08-05 02:49:52', '2023-08-05 02:49:52'),
(7180, 'Tiruldih', '16', '2023-08-05 02:49:52', '2023-08-05 02:49:52'),
(7181, 'Chowka', '16', '2023-08-05 02:49:52', '2023-08-05 02:49:52'),
(7182, 'Seraikalla Kharsawan', '16', '2023-08-05 02:49:52', '2023-08-05 02:49:52'),
(7183, 'Amda', '16', '2023-08-05 02:49:52', '2023-08-05 02:49:52'),
(7184, 'West Singhbhum', '16', '2023-08-05 02:49:52', '2023-08-05 02:49:52'),
(7185, 'Chakradharpur', '16', '2023-08-05 02:49:52', '2023-08-05 02:49:52'),
(7186, 'Chakdradharpur', '16', '2023-08-05 02:49:52', '2023-08-05 02:49:52'),
(7187, 'Goilkera', '16', '2023-08-05 02:49:52', '2023-08-05 02:49:52'),
(7188, 'Manoharpur', '16', '2023-08-05 02:49:52', '2023-08-05 02:49:52'),
(7189, 'Jagannathpur', '16', '2023-08-05 02:49:52', '2023-08-05 02:49:52'),
(7190, 'Sonua', '16', '2023-08-05 02:49:52', '2023-08-05 02:49:52'),
(7191, 'Chakrdharpur', '16', '2023-08-05 02:49:52', '2023-08-05 02:49:52'),
(7192, 'Seraikela', '16', '2023-08-05 02:49:52', '2023-08-05 02:49:52'),
(7193, 'Chiria', '16', '2023-08-05 02:49:52', '2023-08-05 02:49:52'),
(7194, 'Chaibasa', '16', '2023-08-05 02:49:52', '2023-08-05 02:49:52'),
(7195, 'Jagganathpur', '16', '2023-08-05 02:49:52', '2023-08-05 02:49:52'),
(7196, 'Danguaposi', '16', '2023-08-05 02:49:52', '2023-08-05 02:49:52'),
(7197, 'Gua', '16', '2023-08-05 02:49:52', '2023-08-05 02:49:52'),
(7198, 'Hatgamaria', '16', '2023-08-05 02:49:52', '2023-08-05 02:49:52'),
(7199, 'Jhinkpani', '16', '2023-08-05 02:49:52', '2023-08-05 02:49:52'),
(7200, 'Kharsawangarh', '16', '2023-08-05 02:49:52', '2023-08-05 02:49:52'),
(7201, 'Seraikera', '16', '2023-08-05 02:49:52', '2023-08-05 02:49:52'),
(7202, 'Seraikella', '16', '2023-08-05 02:49:52', '2023-08-05 02:49:52'),
(7203, 'Noamundi', '16', '2023-08-05 02:49:52', '2023-08-05 02:49:52'),
(7204, 'Sini', '16', '2023-08-05 02:49:52', '2023-08-05 02:49:52'),
(7205, 'Barajamda', '16', '2023-08-05 02:49:52', '2023-08-05 02:49:52'),
(7206, 'Kiriburu', '16', '2023-08-05 02:49:52', '2023-08-05 02:49:52'),
(7207, 'Megahatuburu', '16', '2023-08-05 02:49:52', '2023-08-05 02:49:52'),
(7208, 'Ranchi', '16', '2023-08-05 02:49:52', '2023-08-05 02:49:52'),
(7209, 'Kanke', '16', '2023-08-05 02:49:52', '2023-08-05 02:49:52'),
(7210, 'Namkum', '16', '2023-08-05 02:49:52', '2023-08-05 02:49:52'),
(7211, 'Silli', '16', '2023-08-05 02:49:52', '2023-08-05 02:49:52'),
(7212, 'Angara', '16', '2023-08-05 02:49:52', '2023-08-05 02:49:52'),
(7213, 'Bano', '16', '2023-08-05 02:49:52', '2023-08-05 02:49:52'),
(7214, 'Bero', '16', '2023-08-05 02:49:52', '2023-08-05 02:49:52'),
(7215, 'Bharno', '16', '2023-08-05 02:49:52', '2023-08-05 02:49:52'),
(7216, 'Gumla', '16', '2023-08-05 02:49:52', '2023-08-05 02:49:52'),
(7217, 'Mandar', '16', '2023-08-05 02:49:52', '2023-08-05 02:49:52'),
(7218, 'Karra', '16', '2023-08-05 02:49:52', '2023-08-05 02:49:52'),
(7219, 'Khunti', '16', '2023-08-05 02:49:52', '2023-08-05 02:49:52'),
(7220, 'Kolibira', '16', '2023-08-05 02:49:52', '2023-08-05 02:49:52'),
(7221, 'Kolibera', '16', '2023-08-05 02:49:52', '2023-08-05 02:49:52'),
(7222, 'Kolebira', '16', '2023-08-05 02:49:52', '2023-08-05 02:49:52'),
(7223, 'Kurdeg', '16', '2023-08-05 02:49:52', '2023-08-05 02:49:52'),
(7224, 'Simdega', '16', '2023-08-05 02:49:52', '2023-08-05 02:49:52'),
(7225, 'Kuru', '16', '2023-08-05 02:49:52', '2023-08-05 02:49:52'),
(7226, 'Chanho', '16', '2023-08-05 02:49:52', '2023-08-05 02:49:52'),
(7227, 'Bandgaon', '16', '2023-08-05 02:49:52', '2023-08-05 02:49:52'),
(7228, 'Murhu', '16', '2023-08-05 02:49:52', '2023-08-05 02:49:52'),
(7229, 'Lohardaga', '16', '2023-08-05 02:49:52', '2023-08-05 02:49:52'),
(7230, 'Ormanjhi', '16', '2023-08-05 02:49:52', '2023-08-05 02:49:52'),
(7231, 'Ormanhji', '16', '2023-08-05 02:49:52', '2023-08-05 02:49:52'),
(7232, 'Ormanchi', '16', '2023-08-05 02:49:52', '2023-08-05 02:49:52'),
(7233, 'Palkot', '16', '2023-08-05 02:49:52', '2023-08-05 02:49:52'),
(7234, 'Ratu', '16', '2023-08-05 02:49:52', '2023-08-05 02:49:52'),
(7235, 'Tamar', '16', '2023-08-05 02:49:52', '2023-08-05 02:49:52'),
(7236, 'Thethaitangar', '16', '2023-08-05 02:49:52', '2023-08-05 02:49:52'),
(7237, 'Bolba', '16', '2023-08-05 02:49:52', '2023-08-05 02:49:52'),
(7238, 'Torpa', '16', '2023-08-05 02:49:52', '2023-08-05 02:49:52'),
(7239, 'Kamdara', '16', '2023-08-05 02:49:52', '2023-08-05 02:49:52'),
(7240, 'Rania', '16', '2023-08-05 02:49:52', '2023-08-05 02:49:52'),
(7241, 'Basia', '16', '2023-08-05 02:49:52', '2023-08-05 02:49:52'),
(7242, 'Nodih', '16', '2023-08-05 02:49:52', '2023-08-05 02:49:52'),
(7243, 'Noadih', '16', '2023-08-05 02:49:52', '2023-08-05 02:49:52'),
(7244, 'Bishunpur', '16', '2023-08-05 02:49:52', '2023-08-05 02:49:52'),
(7245, 'Nawagarh', '16', '2023-08-05 02:49:52', '2023-08-05 02:49:52'),
(7246, 'Gomla', '16', '2023-08-05 02:49:52', '2023-08-05 02:49:52'),
(7247, 'Nwagarh', '16', '2023-08-05 02:49:52', '2023-08-05 02:49:52'),
(7248, 'Toto', '16', '2023-08-05 02:49:52', '2023-08-05 02:49:52'),
(7249, 'Lapung', '16', '2023-08-05 02:49:52', '2023-08-05 02:49:52'),
(7250, 'Itki', '16', '2023-08-05 02:49:52', '2023-08-05 02:49:52'),
(7251, 'Ohardaga', '16', '2023-08-05 02:49:52', '2023-08-05 02:49:52'),
(7252, 'Bhandra', '16', '2023-08-05 02:49:52', '2023-08-05 02:49:52'),
(7253, 'Lohardags', '16', '2023-08-05 02:49:52', '2023-08-05 02:49:52'),
(7254, 'Sisai', '16', '2023-08-05 02:49:52', '2023-08-05 02:49:52'),
(7255, 'Bhandara', '16', '2023-08-05 02:49:52', '2023-08-05 02:49:52'),
(7256, 'Gorakpur', '38', '2023-08-05 02:49:52', '2023-08-05 02:49:52'),
(7257, 'West Vinod Nagar', '2', '2023-08-05 02:49:52', '2023-08-05 02:49:52'),
(7258, 'Faridabad', '2', '2023-08-05 02:49:52', '2023-08-05 02:49:52'),
(7259, 'Central Delhi', '10', '2023-08-05 02:49:52', '2023-08-05 02:49:52'),
(7260, 'New Delhi', '10', '2023-08-05 02:49:52', '2023-08-05 02:49:52'),
(7261, 'South Delhi', '10', '2023-08-05 02:49:52', '2023-08-05 02:49:52'),
(7262, 'North Delhi', '10', '2023-08-05 02:49:52', '2023-08-05 02:49:52'),
(7263, 'North West Delhi', '10', '2023-08-05 02:49:52', '2023-08-05 02:49:52'),
(7264, 'South West Delhi', '10', '2023-08-05 02:49:52', '2023-08-05 02:49:52'),
(7265, 'West Delhi', '10', '2023-08-05 02:49:52', '2023-08-05 02:49:52'),
(7266, 'East Delhi', '10', '2023-08-05 02:49:52', '2023-08-05 02:49:52'),
(7267, 'North East Delhi', '10', '2023-08-05 02:49:52', '2023-08-05 02:49:52'),
(7268, 'Gurgaon', '10', '2023-08-05 02:49:52', '2023-08-05 02:49:52'),
(7269, 'Faridabad', '10', '2023-08-05 02:49:52', '2023-08-05 02:49:52'),
(7270, 'Ghaziabad', '10', '2023-08-05 02:49:52', '2023-08-05 02:49:52'),
(7271, 'Noida', '10', '2023-08-05 02:49:52', '2023-08-05 02:49:52'),
(7272, 'Agra', '39', '2023-08-05 02:49:52', '2023-08-05 02:49:52'),
(7273, 'Aligarh', '39', '2023-08-05 02:49:52', '2023-08-05 02:49:52'),
(7274, 'Bulandshahar', '39', '2023-08-05 02:49:52', '2023-08-05 02:49:52'),
(7275, 'Dehradun', '39', '2023-08-05 02:49:52', '2023-08-05 02:49:52'),
(7276, 'Firozabad', '39', '2023-08-05 02:49:52', '2023-08-05 02:49:52'),
(7277, 'Haldwani', '39', '2023-08-05 02:49:52', '2023-08-05 02:49:52'),
(7278, 'Hardwar', '39', '2023-08-05 02:49:52', '2023-08-05 02:49:52'),
(7279, 'Mathura', '39', '2023-08-05 02:49:52', '2023-08-05 02:49:52'),
(7280, 'Meerut', '39', '2023-08-05 02:49:52', '2023-08-05 02:49:52'),
(7281, 'Moradabad', '39', '2023-08-05 02:49:52', '2023-08-05 02:49:52'),
(7282, 'Muzaffarnagar', '39', '2023-08-05 02:49:52', '2023-08-05 02:49:52'),
(7283, 'Rampur', '39', '2023-08-05 02:49:52', '2023-08-05 02:49:52'),
(7284, 'Saharanpur', '39', '2023-08-05 02:49:52', '2023-08-05 02:49:52'),
(7285, 'Allahabad', '42', '2023-08-05 02:49:52', '2023-08-05 02:49:52'),
(7286, 'Ballia', '42', '2023-08-05 02:49:52', '2023-08-05 02:49:52'),
(7287, 'Barabanki', '42', '2023-08-05 02:49:52', '2023-08-05 02:49:52'),
(7288, 'Bareilly', '42', '2023-08-05 02:49:52', '2023-08-05 02:49:52'),
(7289, 'Basti', '42', '2023-08-05 02:49:52', '2023-08-05 02:49:52'),
(7290, 'Chitrakoot', '42', '2023-08-05 02:49:52', '2023-08-05 02:49:52'),
(7291, 'Faizabad', '42', '2023-08-05 02:49:52', '2023-08-05 02:49:52'),
(7292, 'Farukhabad', '42', '2023-08-05 02:49:52', '2023-08-05 02:49:52'),
(7293, 'Fatehpur', '42', '2023-08-05 02:49:52', '2023-08-05 02:49:52'),
(7294, 'Ghazipur', '42', '2023-08-05 02:49:52', '2023-08-05 02:49:52'),
(7295, 'Hardoi', '42', '2023-08-05 02:49:52', '2023-08-05 02:49:52'),
(7296, 'Kanpur', '42', '2023-08-05 02:49:52', '2023-08-05 02:49:52'),
(7297, 'Khalilabad', '42', '2023-08-05 02:49:52', '2023-08-05 02:49:52'),
(7298, 'Kushinagar', '42', '2023-08-05 02:49:52', '2023-08-05 02:49:52'),
(7299, 'Lalitpur', '42', '2023-08-05 02:49:52', '2023-08-05 02:49:52'),
(7300, 'Lucknow', '42', '2023-08-05 02:49:52', '2023-08-05 02:49:52'),
(7301, 'Mirzapur', '42', '2023-08-05 02:49:52', '2023-08-05 02:49:52'),
(7302, 'Pilibhit', '42', '2023-08-05 02:49:52', '2023-08-05 02:49:52'),
(7303, 'Raibareilly', '42', '2023-08-05 02:49:52', '2023-08-05 02:49:52'),
(7304, 'Sitapur', '42', '2023-08-05 02:49:52', '2023-08-05 02:49:52'),
(7305, 'Unnao', '42', '2023-08-05 02:49:52', '2023-08-05 02:49:52'),
(7306, 'Varanasi', '42', '2023-08-05 02:49:52', '2023-08-05 02:49:52'),
(7307, 'Sonbhadra', '42', '2023-08-05 02:49:52', '2023-08-05 02:49:52'),
(7308, 'Chandigarh', '6', '2023-08-05 02:49:52', '2023-08-05 02:49:52'),
(7309, '6', '0', '2023-08-05 02:49:52', '2023-08-05 02:49:52'),
(7310, 'Panchkula', '6', '2023-08-05 02:49:52', '2023-08-05 02:49:52'),
(7311, 'Ropar', '6', '2023-08-05 02:49:52', '2023-08-05 02:49:52'),
(7312, 'Rupnagar', '6', '2023-08-05 02:49:52', '2023-08-05 02:49:52'),
(7313, 'Mohali', '6', '2023-08-05 02:49:52', '2023-08-05 02:49:52'),
(7314, 'Patiala', '6', '2023-08-05 02:49:52', '2023-08-05 02:49:52'),
(7315, 'Sangrur', '6', '2023-08-05 02:49:52', '2023-08-05 02:49:52'),
(7316, 'Barnala', '6', '2023-08-05 02:49:52', '2023-08-05 02:49:52'),
(7317, 'Bathinda', '6', '2023-08-05 02:49:52', '2023-08-05 02:49:52'),
(7318, 'Shimla', '6', '2023-08-05 02:49:52', '2023-08-05 02:49:52'),
(7319, 'Solan', '6', '2023-08-05 02:49:52', '2023-08-05 02:49:52'),
(7320, 'Kullu', '6', '2023-08-05 02:49:52', '2023-08-05 02:49:52'),
(7321, 'Kinnaur', '6', '2023-08-05 02:49:52', '2023-08-05 02:49:52'),
(7322, 'Lahul & Spiti', '6', '2023-08-05 02:49:52', '2023-08-05 02:49:52'),
(7323, 'Sirmaur', '6', '2023-08-05 02:49:52', '2023-08-05 02:49:52'),
(7324, 'Bilaspur (HP)', '6', '2023-08-05 02:49:52', '2023-08-05 02:49:52'),
(7325, 'Una', '6', '2023-08-05 02:49:52', '2023-08-05 02:49:52'),
(7326, 'Hamirpur(HP)', '6', '2023-08-05 02:49:52', '2023-08-05 02:49:52'),
(7327, 'Mandi', '6', '2023-08-05 02:49:52', '2023-08-05 02:49:52'),
(7328, 'Kangra', '6', '2023-08-05 02:49:52', '2023-08-05 02:49:52'),
(7329, 'Chamba', '6', '2023-08-05 02:49:52', '2023-08-05 02:49:52'),
(7330, 'Jaunpur', '42', '2023-08-05 02:49:52', '2023-08-05 02:49:52'),
(7331, 'Shahjahanpur', '42', '2023-08-05 02:49:52', '2023-08-05 02:49:52'),
(7332, 'Gorakhpur', '42', '2023-08-05 02:49:52', '2023-08-05 02:49:52'),
(7333, 'Mahrajganj', '42', '2023-08-05 02:49:52', '2023-08-05 02:49:52'),
(7334, 'Hyderabad', '36', '2023-08-05 02:49:52', '2023-08-05 02:49:52'),
(7335, 'visakhapatnum', '2', '2023-08-05 02:49:52', '2023-08-05 02:49:52');

-- --------------------------------------------------------

--
-- Table structure for table `companies`
--

CREATE TABLE `companies` (
  `id` bigint(20) UNSIGNED NOT NULL,
  `company_code` varchar(255) DEFAULT NULL,
  `company_name` varchar(255) DEFAULT NULL,
  `address1` varchar(255) DEFAULT NULL,
  `address2` varchar(255) DEFAULT NULL,
  `city` varchar(255) DEFAULT NULL,
  `state` varchar(255) DEFAULT NULL,
  `country` varchar(255) DEFAULT NULL,
  `pincode` varchar(255) DEFAULT NULL,
  `contact_person` varchar(255) DEFAULT NULL,
  `contact_mobile` varchar(255) DEFAULT NULL,
  `phone_no` varchar(50) DEFAULT NULL,
  `licence_valid_till` date DEFAULT NULL,
  `blocked` int(11) NOT NULL DEFAULT 1,
  `created_at` timestamp NULL DEFAULT NULL,
  `updated_at` timestamp NULL DEFAULT NULL
) ENGINE=InnoDB DEFAULT CHARSET=utf8mb4 COLLATE=utf8mb4_unicode_ci;

--
-- Dumping data for table `companies`
--

INSERT INTO `companies` (`id`, `company_code`, `company_name`, `address1`, `address2`, `city`, `state`, `country`, `pincode`, `contact_person`, `contact_mobile`, `phone_no`, `licence_valid_till`, `blocked`, `created_at`, `updated_at`) VALUES
(1, 'abc-name1', 'abc1', 'V79X+Q2H Uttar Pradesh 250101 India', 'NULL', '1', '1', '45654', '1', 'sdf', '8945612', 'NULL', '2023-08-26', 1, '2023-08-14 07:53:56', '2023-08-14 07:53:56'),
(2, 'abc-name2', 'abc2', 'V79X+Q2H Uttar Pradesh 250101 India', 'NULL', '1', '1', '45654', '1', 'sdf', '8945612', 'NULL', '2023-08-26', 0, '2023-08-14 07:53:56', '2023-08-14 07:53:56'),
(3, 'abc-name3', 'abc3', 'V79X+Q2H Uttar Pradesh 250101 India', 'sad', '1', '1', '45654', '1', 'sdf', '8945612', '99856', '2023-08-24', 1, '2023-08-14 07:53:56', '2023-08-14 07:53:56');

-- --------------------------------------------------------

--
-- Table structure for table `company_user_mappings`
--

CREATE TABLE `company_user_mappings` (
  `user_id` int(10) UNSIGNED NOT NULL,
  `company_id` int(10) UNSIGNED NOT NULL
) ENGINE=InnoDB DEFAULT CHARSET=utf8mb4 COLLATE=utf8mb4_unicode_ci;

--
-- Dumping data for table `company_user_mappings`
--

INSERT INTO `company_user_mappings` (`user_id`, `company_id`) VALUES
(2, 1),
(3, 2),
(4, 1),
(5, 2),
(6, 1),
(7, 1),
(8, 2),
(9, 1),
(10, 2),
(11, 2);

-- --------------------------------------------------------

--
-- Table structure for table `countries`
--

CREATE TABLE `countries` (
  `id` bigint(20) UNSIGNED NOT NULL,
  `name` varchar(255) NOT NULL,
  `code` varchar(255) NOT NULL,
  `created_at` timestamp NULL DEFAULT NULL,
  `updated_at` timestamp NULL DEFAULT NULL
) ENGINE=InnoDB DEFAULT CHARSET=utf8mb4 COLLATE=utf8mb4_unicode_ci;

--
-- Dumping data for table `countries`
--

INSERT INTO `countries` (`id`, `name`, `code`, `created_at`, `updated_at`) VALUES
(1, 'Afghanistan', 'AF', '2023-08-05 02:49:48', '2023-08-05 02:49:48'),
(2, 'Australia', 'AU', '2023-08-05 02:49:48', '2023-08-05 02:49:48'),
(3, 'Belgium', 'BE', '2023-08-05 02:49:48', '2023-08-05 02:49:48'),
(4, 'Bhutan', 'BT', '2023-08-05 02:49:48', '2023-08-05 02:49:48'),
(5, 'China', 'CN', '2023-08-05 02:49:48', '2023-08-05 02:49:48'),
(6, 'Colombia', 'CO', '2023-08-05 02:49:48', '2023-08-05 02:49:48'),
(7, 'Egypt', 'EG', '2023-08-05 02:49:48', '2023-08-05 02:49:48'),
(8, 'France', 'FR', '2023-08-05 02:49:48', '2023-08-05 02:49:48'),
(9, 'Germany', 'DE', '2023-08-05 02:49:48', '2023-08-05 02:49:48'),
(10, 'Iceland', 'IS', '2023-08-05 02:49:48', '2023-08-05 02:49:48'),
(11, 'India', 'IN', '2023-08-05 02:49:48', '2023-08-05 02:49:48'),
(12, 'Indonesia', 'ID', '2023-08-05 02:49:48', '2023-08-05 02:49:48'),
(13, 'Iran', 'IR', '2023-08-05 02:49:48', '2023-08-05 02:49:48'),
(14, 'Iraq', 'IQ', '2023-08-05 02:49:48', '2023-08-05 02:49:48'),
(15, 'Ireland', 'IE', '2023-08-05 02:49:48', '2023-08-05 02:49:48'),
(16, 'Israel', 'IL', '2023-08-05 02:49:48', '2023-08-05 02:49:48'),
(17, 'Italy', 'IT', '2023-08-05 02:49:48', '2023-08-05 02:49:48'),
(18, 'Japan', 'JP', '2023-08-05 02:49:48', '2023-08-05 02:49:48'),
(19, 'Nepal', 'NP', '2023-08-05 02:49:48', '2023-08-05 02:49:48'),
(20, 'United Kingdom', 'GB', '2023-08-05 02:49:48', '2023-08-05 02:49:48'),
(21, 'United States', 'US', '2023-08-05 02:49:48', '2023-08-05 02:49:48');

-- --------------------------------------------------------

--
-- Table structure for table `failed_jobs`
--

CREATE TABLE `failed_jobs` (
  `id` bigint(20) UNSIGNED NOT NULL,
  `uuid` varchar(255) NOT NULL,
  `connection` text NOT NULL,
  `queue` text NOT NULL,
  `payload` longtext NOT NULL,
  `exception` longtext NOT NULL,
  `failed_at` timestamp NOT NULL DEFAULT current_timestamp()
) ENGINE=InnoDB DEFAULT CHARSET=utf8mb4 COLLATE=utf8mb4_unicode_ci;

-- --------------------------------------------------------

--
-- Table structure for table `migrations`
--

CREATE TABLE `migrations` (
  `id` int(10) UNSIGNED NOT NULL,
  `migration` varchar(255) NOT NULL,
  `batch` int(11) NOT NULL
) ENGINE=InnoDB DEFAULT CHARSET=utf8mb4 COLLATE=utf8mb4_unicode_ci;

--
-- Dumping data for table `migrations`
--

INSERT INTO `migrations` (`id`, `migration`, `batch`) VALUES
(6, '2014_10_12_000000_create_users_table', 1),
(7, '2014_10_12_100000_create_password_resets_table', 1),
(8, '2019_08_19_000000_create_failed_jobs_table', 1),
(9, '2019_12_14_000001_create_personal_access_tokens_table', 1),
(10, '2023_08_03_064123_create_roles_table', 1),
(11, '2023_08_03_073711_create_companies_table', 2),
(12, '2023_08_03_073753_create_buyer_groups_table', 3),
(13, '2023_08_03_073820_create_products_table', 4),
(14, '2023_08_03_073952_create_products_variations_table', 5),
(15, '2023_08_03_080031_create_products_variations_options_table', 6),
(16, '2023_08_05_062302_create_country_table', 7),
(18, '2023_08_05_070954_create_cities_table', 9),
(19, '2023_08_05_070825_create_states_table', 10),
(22, '2023_08_16_062121_create_product_images_models_table', 11);

-- --------------------------------------------------------

--
-- Table structure for table `products`
--

CREATE TABLE `products` (
  `id` bigint(20) UNSIGNED NOT NULL,
  `product_code` varchar(255) NOT NULL,
  `product_name` varchar(255) DEFAULT NULL,
  `product_slug` varchar(255) DEFAULT NULL,
  `description` text DEFAULT NULL,
  `product_catid` int(5) NOT NULL DEFAULT 0,
  `product_subcatid` int(5) NOT NULL DEFAULT 0,
  `foodType` varchar(200) NOT NULL DEFAULT 'veg',
  `blocked` int(11) NOT NULL DEFAULT 1,
  `created_at` timestamp NULL DEFAULT NULL,
  `updated_at` timestamp NULL DEFAULT NULL
) ENGINE=InnoDB DEFAULT CHARSET=utf8mb4 COLLATE=utf8mb4_unicode_ci;

-- --------------------------------------------------------

--
-- Table structure for table `products_variations`
--

CREATE TABLE `products_variations` (
  `id` bigint(20) UNSIGNED NOT NULL,
  `product_id` bigint(20) UNSIGNED NOT NULL,
  `name` varchar(255) NOT NULL,
  `sku` varchar(255) NOT NULL,
  `main_price` decimal(8,2) NOT NULL,
  `offer_price` decimal(8,2) NOT NULL,
  `qunatity` int(10) NOT NULL DEFAULT 1,
  `created_at` timestamp NULL DEFAULT NULL,
  `updated_at` timestamp NULL DEFAULT NULL
) ENGINE=InnoDB DEFAULT CHARSET=utf8mb4 COLLATE=utf8mb4_unicode_ci;

-- --------------------------------------------------------

--
-- Table structure for table `products_variations_options`
--

CREATE TABLE `products_variations_options` (
  `id` bigint(20) UNSIGNED NOT NULL,
  `name` varchar(255) NOT NULL,
  `created_at` timestamp NULL DEFAULT NULL,
  `updated_at` timestamp NULL DEFAULT NULL
) ENGINE=InnoDB DEFAULT CHARSET=utf8mb4 COLLATE=utf8mb4_unicode_ci;

-- --------------------------------------------------------

--
-- Table structure for table `product_images_models`
--

CREATE TABLE `product_images_models` (
  `id` bigint(20) UNSIGNED NOT NULL,
  `product_id` int(11) NOT NULL,
  `image` varchar(255) DEFAULT NULL,
  `image_order` int(11) NOT NULL,
  `created_at` timestamp NULL DEFAULT NULL,
  `updated_at` timestamp NULL DEFAULT NULL
) ENGINE=InnoDB DEFAULT CHARSET=utf8mb4 COLLATE=utf8mb4_unicode_ci;

-- --------------------------------------------------------

--
-- Table structure for table `roles`
--

CREATE TABLE `roles` (
  `id` bigint(20) UNSIGNED NOT NULL,
  `name` varchar(255) NOT NULL,
  `slug` varchar(255) NOT NULL,
  `created_at` timestamp NULL DEFAULT NULL,
  `updated_at` timestamp NULL DEFAULT NULL
) ENGINE=InnoDB DEFAULT CHARSET=utf8mb4 COLLATE=utf8mb4_unicode_ci;

--
-- Dumping data for table `roles`
--

INSERT INTO `roles` (`id`, `name`, `slug`, `created_at`, `updated_at`) VALUES
(1, 'superadmin', 'superadmin', NULL, NULL),
(2, 'company-admin', 'company-admin', NULL, NULL),
(3, 'general', 'general', NULL, NULL),
(4, 'company-user', 'company-user', NULL, NULL);

-- --------------------------------------------------------

--
-- Table structure for table `states`
--

CREATE TABLE `states` (
  `id` bigint(20) UNSIGNED NOT NULL,
  `name` varchar(255) NOT NULL,
  `country_id` varchar(255) NOT NULL,
  `created_at` timestamp NULL DEFAULT NULL,
  `updated_at` timestamp NULL DEFAULT NULL
) ENGINE=InnoDB DEFAULT CHARSET=utf8mb4 COLLATE=utf8mb4_unicode_ci;

--
-- Dumping data for table `states`
--

INSERT INTO `states` (`id`, `name`, `country_id`, `created_at`, `updated_at`) VALUES
(1, 'Andaman and Nicobar Islands', '11', '2023-08-05 02:49:48', '2023-08-05 02:49:48'),
(2, 'Andhra Pradesh', '11', '2023-08-05 02:49:48', '2023-08-05 02:49:48'),
(3, 'Arunachal Pradesh', '11', '2023-08-05 02:49:48', '2023-08-05 02:49:48'),
(4, 'Assam', '11', '2023-08-05 02:49:48', '2023-08-05 02:49:48'),
(5, 'Bihar', '11', '2023-08-05 02:49:48', '2023-08-05 02:49:48'),
(6, 'Chandigarh', '11', '2023-08-05 02:49:48', '2023-08-05 02:49:48'),
(7, 'Chhattisgarh', '11', '2023-08-05 02:49:48', '2023-08-05 02:49:48'),
(8, 'Dadra and Nagar Haveli', '11', '2023-08-05 02:49:48', '2023-08-05 02:49:48'),
(9, 'Daman and Diu', '11', '2023-08-05 02:49:48', '2023-08-05 02:49:48'),
(10, 'Delhi-NCR', '11', '2023-08-05 02:49:48', '2023-08-05 02:49:48'),
(11, 'Goa', '11', '2023-08-05 02:49:48', '2023-08-05 02:49:48'),
(12, 'Gujarat', '11', '2023-08-05 02:49:48', '2023-08-05 02:49:48'),
(13, 'Haryana', '11', '2023-08-05 02:49:48', '2023-08-05 02:49:48'),
(14, 'Himachal Pradesh', '11', '2023-08-05 02:49:48', '2023-08-05 02:49:48'),
(15, 'Jammu and Kashmir', '11', '2023-08-05 02:49:48', '2023-08-05 02:49:48'),
(16, 'Jharkhand', '11', '2023-08-05 02:49:48', '2023-08-05 02:49:48'),
(17, 'Karnataka', '11', '2023-08-05 02:49:48', '2023-08-05 02:49:48'),
(18, 'Kenmore', '11', '2023-08-05 02:49:48', '2023-08-05 02:49:48'),
(19, 'Kerala', '11', '2023-08-05 02:49:48', '2023-08-05 02:49:48'),
(20, 'Lakshadweep', '11', '2023-08-05 02:49:48', '2023-08-05 02:49:48'),
(21, 'Madhya Pradesh', '11', '2023-08-05 02:49:48', '2023-08-05 02:49:48'),
(22, 'Maharashtra', '11', '2023-08-05 02:49:48', '2023-08-05 02:49:48'),
(23, 'Manipur', '11', '2023-08-05 02:49:48', '2023-08-05 02:49:48'),
(24, 'Meghalaya', '11', '2023-08-05 02:49:48', '2023-08-05 02:49:48'),
(25, 'Mizoram', '11', '2023-08-05 02:49:48', '2023-08-05 02:49:48'),
(26, 'Nagaland', '11', '2023-08-05 02:49:48', '2023-08-05 02:49:48'),
(27, 'Narora', '11', '2023-08-05 02:49:48', '2023-08-05 02:49:48'),
(28, 'Natwar', '11', '2023-08-05 02:49:48', '2023-08-05 02:49:48'),
(29, 'Odisha', '11', '2023-08-05 02:49:48', '2023-08-05 02:49:48'),
(30, 'Paschim Medinipur', '11', '2023-08-05 02:49:48', '2023-08-05 02:49:48'),
(31, 'Pondicherry', '11', '2023-08-05 02:49:48', '2023-08-05 02:49:48'),
(32, 'Punjab', '11', '2023-08-05 02:49:48', '2023-08-05 02:49:48'),
(33, 'Rajasthan', '11', '2023-08-05 02:49:48', '2023-08-05 02:49:48'),
(34, 'Sikkim', '11', '2023-08-05 02:49:48', '2023-08-05 02:49:48'),
(35, 'Tamil Nadu', '11', '2023-08-05 02:49:48', '2023-08-05 02:49:48'),
(36, 'Telangana', '11', '2023-08-05 02:49:48', '2023-08-05 02:49:48'),
(37, 'Tripura', '11', '2023-08-05 02:49:48', '2023-08-05 02:49:48'),
(38, 'TEST', '11', '2023-08-05 02:49:48', '2023-08-05 02:49:48'),
(39, 'UP-1', '11', '2023-08-05 02:49:48', '2023-08-05 02:49:48'),
(40, 'xxxxxx', '11', '2023-08-05 02:49:48', '2023-08-05 02:49:48'),
(41, 'West Bengal', '11', '2023-08-05 02:49:48', '2023-08-05 02:49:48'),
(42, 'UP-2', '11', '2023-08-05 02:49:48', '2023-08-05 02:49:48');

-- --------------------------------------------------------

--
-- Table structure for table `users_roles`
--

CREATE TABLE `users_roles` (
  `user_id` int(10) UNSIGNED NOT NULL,
  `role_id` int(10) UNSIGNED NOT NULL
) ENGINE=InnoDB DEFAULT CHARSET=utf8mb4 COLLATE=utf8mb4_unicode_ci;

--
-- Dumping data for table `users_roles`
--

INSERT INTO `users_roles` (`user_id`, `role_id`) VALUES
(1, 1),
(1, 1),
(2, 2),
(3, 2),
(4, 2),
(5, 2),
(6, 2),
(7, 2),
(8, 4),
(9, 4),
(10, 4),
(11, 4);

--
-- Indexes for dumped tables
--

--
-- Indexes for table `buyer_groups`
--
ALTER TABLE `buyer_groups`
  ADD PRIMARY KEY (`id`);

--
-- Indexes for table `cities`
--
ALTER TABLE `cities`
  ADD PRIMARY KEY (`id`);

--
-- Indexes for table `companies`
--
ALTER TABLE `companies`
  ADD PRIMARY KEY (`id`);

--
-- Indexes for table `countries`
--
ALTER TABLE `countries`
  ADD PRIMARY KEY (`id`);

--
-- Indexes for table `failed_jobs`
--
ALTER TABLE `failed_jobs`
  ADD PRIMARY KEY (`id`),
  ADD UNIQUE KEY `failed_jobs_uuid_unique` (`uuid`);

--
-- Indexes for table `migrations`
--
ALTER TABLE `migrations`
  ADD PRIMARY KEY (`id`);

--
-- Indexes for table `products`
--
ALTER TABLE `products`
  ADD PRIMARY KEY (`id`);

--
-- Indexes for table `products_variations`
--
ALTER TABLE `products_variations`
  ADD PRIMARY KEY (`id`),
  ADD KEY `products_variations_product_id_foreign` (`product_id`);

--
-- Indexes for table `products_variations_options`
--
ALTER TABLE `products_variations_options`
  ADD PRIMARY KEY (`id`);

--
-- Indexes for table `product_images_models`
--
ALTER TABLE `product_images_models`
  ADD PRIMARY KEY (`id`);

--
-- Indexes for table `roles`
--
ALTER TABLE `roles`
  ADD PRIMARY KEY (`id`);

--
-- Indexes for table `states`
--
ALTER TABLE `states`
  ADD PRIMARY KEY (`id`);

--
-- AUTO_INCREMENT for dumped tables
--

--
-- AUTO_INCREMENT for table `buyer_groups`
--
ALTER TABLE `buyer_groups`
  MODIFY `id` bigint(20) UNSIGNED NOT NULL AUTO_INCREMENT, AUTO_INCREMENT=27;

--
-- AUTO_INCREMENT for table `cities`
--
ALTER TABLE `cities`
  MODIFY `id` bigint(20) UNSIGNED NOT NULL AUTO_INCREMENT, AUTO_INCREMENT=7336;

--
-- AUTO_INCREMENT for table `companies`
--
ALTER TABLE `companies`
  MODIFY `id` bigint(20) UNSIGNED NOT NULL AUTO_INCREMENT, AUTO_INCREMENT=4;

--
-- AUTO_INCREMENT for table `countries`
--
ALTER TABLE `countries`
  MODIFY `id` bigint(20) UNSIGNED NOT NULL AUTO_INCREMENT, AUTO_INCREMENT=22;

--
-- AUTO_INCREMENT for table `failed_jobs`
--
ALTER TABLE `failed_jobs`
  MODIFY `id` bigint(20) UNSIGNED NOT NULL AUTO_INCREMENT;

--
-- AUTO_INCREMENT for table `migrations`
--
ALTER TABLE `migrations`
  MODIFY `id` int(10) UNSIGNED NOT NULL AUTO_INCREMENT, AUTO_INCREMENT=23;

--
-- AUTO_INCREMENT for table `products`
--
ALTER TABLE `products`
  MODIFY `id` bigint(20) UNSIGNED NOT NULL AUTO_INCREMENT;

--
-- AUTO_INCREMENT for table `products_variations`
--
ALTER TABLE `products_variations`
  MODIFY `id` bigint(20) UNSIGNED NOT NULL AUTO_INCREMENT;

--
-- AUTO_INCREMENT for table `products_variations_options`
--
ALTER TABLE `products_variations_options`
  MODIFY `id` bigint(20) UNSIGNED NOT NULL AUTO_INCREMENT;

--
-- AUTO_INCREMENT for table `product_images_models`
--
ALTER TABLE `product_images_models`
  MODIFY `id` bigint(20) UNSIGNED NOT NULL AUTO_INCREMENT;

--
-- AUTO_INCREMENT for table `roles`
--
ALTER TABLE `roles`
  MODIFY `id` bigint(20) UNSIGNED NOT NULL AUTO_INCREMENT, AUTO_INCREMENT=5;

--
-- AUTO_INCREMENT for table `states`
--
ALTER TABLE `states`
  MODIFY `id` bigint(20) UNSIGNED NOT NULL AUTO_INCREMENT, AUTO_INCREMENT=43;

--
-- Constraints for dumped tables
--

--
-- Constraints for table `products_variations`
--
ALTER TABLE `products_variations`
  ADD CONSTRAINT `products_variations_product_id_foreign` FOREIGN KEY (`product_id`) REFERENCES `products` (`id`) ON DELETE CASCADE;
COMMIT;

